(10426,'Ticket',456,'',0,'Dhenys Lima (9)','2023-03-03 11:22:28',64,'glauciabalbinot@gmail.com (121)','dhenys@cnsystem.com.br (9)'),(10427,'Ticket',456,'ITILFollowup',17,'Dhenys Lima (9)','2023-03-03 11:22:28',0,'','959'),(10428,'Ticket',456,'User',15,'Dhenys Lima (9)','2023-03-03 11:22:33',5,'','Dhenys Lima (9)'),(10429,'Ticket',456,'',0,'Dhenys Lima (9)','2023-03-03 11:22:33',12,'1','2'),(10430,'Ticket',456,'Printer',15,'Dhenys Lima (9)','2023-03-03 11:22:48',0,'','SELB - 949S (18)'),(10431,'Printer',18,'Ticket',15,'Dhenys Lima (9)','2023-03-03 11:22:48',0,'','Sistema g-hosp está fora impressora da emergÊncia não está funcionando (456)'),(10432,'Ticket',456,'Software',15,'Dhenys Lima (9)','2023-03-03 11:23:00',0,'','G - HOSP (1)'),(10433,'Software',1,'Ticket',15,'Dhenys Lima (9)','2023-03-03 11:23:00',0,'','Sistema g-hosp está fora impressora da emergÊncia não está funcionando (456)'),(10434,'Ticket',456,'ITILFollowup',17,'Dhenys Lima (9)','2023-03-03 11:23:19',0,'','960'),(10435,'Ticket',455,'',0,'Dhenys Lima (9)','2023-03-03 11:24:19',12,'4','2'),(10436,'Ticket',455,'ITILFollowup',17,'Dhenys Lima (9)','2023-03-03 11:24:19',0,'','961'),(10437,'Ticket',455,'ITILFollowup',17,'Dhenys Lima (9)','2023-03-03 11:24:40',0,'','962'),(10438,'Ticket',455,'',0,'Dhenys Lima (9)','2023-03-03 11:26:20',12,'2','4'),(10439,'Ticket',456,'',0,'Dhenys Lima (9)','2023-03-03 11:26:32',37,'Primeira Resposta - Alta (7)','Primeira Resposta - Média (9)'),(10440,'Ticket',456,'',0,'Dhenys Lima (9)','2023-03-03 11:26:32',30,'Solução - Alta (8)','Solução - Média (10)'),(10441,'Ticket',456,'',0,'Dhenys Lima (9)','2023-03-03 11:26:32',10,'5','3'),(10442,'Ticket',456,'',0,'Dhenys Lima (9)','2023-03-03 11:26:32',3,'4','3'),(10443,'Ticket',456,'',0,'Dhenys Lima (9)','2023-03-03 11:26:32',18,'2023-03-03 10:21:50','2023-03-03 13:51:50'),(10444,'Ticket',456,'',0,'Dhenys Lima (9)','2023-03-03 11:26:32',155,'2023-03-03 08:31:50','2023-03-03 10:21:50'),(10445,'Ticket',456,'ITILFollowup',17,'Dhenys Lima (9)','2023-03-03 12:42:26',0,'','963'),(10446,'Ticket',456,'',0,'Dhenys Lima (9)','2023-03-03 12:42:31',12,'2','5'),(10447,'Ticket',456,'',0,'Dhenys Lima (9)','2023-03-03 12:42:31',17,'','2023-03-03 09:42:31'),(10448,'Ticket',456,'ITILSolution',17,'Dhenys Lima (9)','2023-03-03 12:42:31',0,'','463 (463)'),(10449,'ITILSolution',463,'0',20,'Dhenys Lima (9)','2023-03-03 12:42:31',0,'',''),(10450,'Ticket',400,'User',15,'Dario Demenech (7)','2023-03-03 12:45:31',5,'','Eberson Muenchen (12)'),(10451,'Ticket',457,'User',15,'Dhenys Lima (9)','2023-03-03 12:54:34',4,'','Dhenys Lima (9)'),(10452,'Ticket',457,'',0,'Dhenys Lima (9)','2023-03-03 12:54:34',150,'0','1'),(10453,'Ticket',457,'User',15,'Dhenys Lima (9)','2023-03-03 12:54:34',5,'','Dhenys Lima (9)'),(10454,'Ticket',457,'0',20,'Dhenys Lima (9)','2023-03-03 12:54:34',0,'',''),(10455,'Ticket',457,'ITILFollowup',17,'Dhenys Lima (9)','2023-03-03 12:55:05',0,'','964'),(10456,'Ticket',457,'',0,'Dhenys Lima (9)','2023-03-03 12:55:11',12,'2','5'),(10457,'Ticket',457,'',0,'Dhenys Lima (9)','2023-03-03 12:55:11',17,'','2023-03-03 10:00:00'),(10458,'Ticket',457,'ITILSolution',17,'Dhenys Lima (9)','2023-03-03 12:55:11',0,'','464 (464)'),(10459,'ITILSolution',464,'0',20,'Dhenys Lima (9)','2023-03-03 12:55:11',0,'',''),(10460,'Ticket',457,'',0,'Dhenys Lima (9)','2023-03-03 12:55:15',12,'5','6'),(10461,'Ticket',457,'ITILFollowup',17,'Dhenys Lima (9)','2023-03-03 12:55:15',0,'','965'),(10462,'Ticket',455,'',0,'Dhenys Lima (9)','2023-03-03 12:55:46',12,'4','2'),(10463,'Ticket',455,'ITILFollowup',17,'Dhenys Lima (9)','2023-03-03 12:55:46',0,'','966'),(10464,'Ticket',455,'',0,'Dhenys Lima (9)','2023-03-03 12:58:47',12,'2','4'),(10465,'Ticket',458,'User',15,'Dhenys Lima (9)','2023-03-03 13:00:30',4,'','Dhenys Lima (9)'),(10466,'Ticket',458,'',0,'Dhenys Lima (9)','2023-03-03 13:00:30',150,'0','30'),(10467,'Ticket',458,'User',15,'Dhenys Lima (9)','2023-03-03 13:00:30',5,'','Dhenys Lima (9)'),(10468,'Ticket',458,'0',20,'Dhenys Lima (9)','2023-03-03 13:00:30',0,'',''),(10469,'Ticket',458,'Software',15,'Dhenys Lima (9)','2023-03-03 13:00:51',0,'','G - HOSP (1)'),(10470,'Software',1,'Ticket',15,'Dhenys Lima (9)','2023-03-03 13:00:51',0,'','sistema fora (458)'),(10471,'Ticket',458,'ITILFollowup',17,'Dhenys Lima (9)','2023-03-03 13:01:04',0,'','967'),(10472,'Ticket',458,'ITILFollowup',17,'Dhenys Lima (9)','2023-03-03 13:01:15',0,'','968'),(10473,'Ticket',458,'',0,'Dhenys Lima (9)','2023-03-03 13:01:18',12,'2','5'),(10474,'Ticket',458,'',0,'Dhenys Lima (9)','2023-03-03 13:01:18',17,'','2023-03-03 10:01:18'),(10475,'Ticket',458,'ITILSolution',17,'Dhenys Lima (9)','2023-03-03 13:01:18',0,'','465 (465)'),(10476,'ITILSolution',465,'0',20,'Dhenys Lima (9)','2023-03-03 13:01:18',0,'',''),(10477,'Ticket',458,'',0,'Dhenys Lima (9)','2023-03-03 13:01:22',12,'5','6'),(10478,'Ticket',458,'ITILFollowup',17,'Dhenys Lima (9)','2023-03-03 13:01:22',0,'','969'),(10479,'Ticket',459,'User',15,'Tatiani Recalcattii (276)','2023-03-03 16:45:51',4,'','Tatiani Recalcattii (276)'),(10480,'Ticket',459,'0',20,'Tatiani Recalcattii (276)','2023-03-03 16:45:51',0,'',''),(10481,'Ticket',459,'',0,'Dhenys Lima (9)','2023-03-03 16:46:18',150,'0','27'),(10482,'Ticket',459,'',0,'Dhenys Lima (9)','2023-03-03 16:46:18',64,'tatianerecalcatti@hotmail.com (276)','dhenys@cnsystem.com.br (9)'),(10483,'Ticket',459,'ITILFollowup',17,'Dhenys Lima (9)','2023-03-03 16:46:18',0,'','970'),(10484,'Ticket',459,'User',15,'Dhenys Lima (9)','2023-03-03 16:46:22',5,'','Dhenys Lima (9)'),(10485,'Ticket',459,'',0,'Dhenys Lima (9)','2023-03-03 16:46:22',12,'1','2'),(10486,'Ticket',459,'Printer',15,'Dhenys Lima (9)','2023-03-03 16:46:31',0,'','SELB - NA33 (5)'),(10487,'Printer',5,'Ticket',15,'Dhenys Lima (9)','2023-03-03 16:46:31',0,'','IMPRESSORA COM PROBLEMA (459)'),(10488,'Ticket',455,'',0,'Dhenys Lima (9)','2023-03-03 18:17:19',12,'4','2'),(10489,'Ticket',455,'ITILFollowup',17,'Dhenys Lima (9)','2023-03-03 18:17:19',0,'','971'),(10490,'Ticket',455,'',0,'Dhenys Lima (9)','2023-03-03 18:17:24',12,'2','5'),(10491,'Ticket',455,'',0,'Dhenys Lima (9)','2023-03-03 18:17:24',17,'','2023-03-03 15:17:24'),(10492,'Ticket',455,'ITILSolution',17,'Dhenys Lima (9)','2023-03-03 18:17:24',0,'','466 (466)'),(10493,'ITILSolution',466,'0',20,'Dhenys Lima (9)','2023-03-03 18:17:24',0,'',''),(10494,'Ticket',455,'',0,'Dhenys Lima (9)','2023-03-03 18:17:26',12,'5','6'),(10495,'Ticket',455,'ITILFollowup',17,'Dhenys Lima (9)','2023-03-03 18:17:26',0,'','972'),(10496,'Ticket',446,'',0,'Dhenys Lima (9)','2023-03-03 18:18:24',12,'4','2'),(10497,'Ticket',446,'ITILFollowup',17,'Dhenys Lima (9)','2023-03-03 18:18:24',0,'','973'),(10498,'Ticket',446,'',0,'Dhenys Lima (9)','2023-03-03 18:21:19',12,'2','4'),(10499,'Ticket',459,'ITILFollowup',17,'Dhenys Lima (9)','2023-03-03 18:21:46',0,'','974'),(10500,'Ticket',459,'ITILFollowup',17,'Dhenys Lima (9)','2023-03-03 18:22:05',0,'','975'),(10501,'Ticket',459,'',0,'Dhenys Lima (9)','2023-03-03 18:22:08',12,'2','5'),(10502,'Ticket',459,'',0,'Dhenys Lima (9)','2023-03-03 18:22:08',17,'','2023-03-03 15:22:08'),(10503,'Ticket',459,'ITILSolution',17,'Dhenys Lima (9)','2023-03-03 18:22:08',0,'','467 (467)'),(10504,'ITILSolution',467,'0',20,'Dhenys Lima (9)','2023-03-03 18:22:08',0,'',''),(10505,'Ticket',371,'',0,'Dhenys Lima (9)','2023-03-03 18:23:03',150,'0','507775'),(10506,'Ticket',371,'',0,'Dhenys Lima (9)','2023-03-03 18:23:03',64,'dario@cnsystem.com.br (7)','dhenys@cnsystem.com.br (9)'),(10507,'Ticket',371,'TicketTask',18,'Dhenys Lima (9)','2023-03-03 18:23:03',0,'','220'),(10508,'Ticket',371,'ITILFollowup',17,'Dhenys Lima (9)','2023-03-03 18:23:56',0,'','976'),(10509,'Ticket',333,'',0,'Dhenys Lima (9)','2023-03-03 18:47:40',12,'4','2'),(10510,'Ticket',333,'ITILFollowup',17,'Dhenys Lima (9)','2023-03-03 18:47:40',0,'','977'),(10511,'Ticket',333,'TicketTask',17,'Dario Demenech (7)','2023-03-03 18:51:14',0,'','249'),(10512,'Ticket',333,'',0,'Dario Demenech (7)','2023-03-03 18:51:29',12,'2','4'),(10513,'Ticket',460,'User',15,'Edinara Amalcaburio (77)','2023-03-04 13:29:22',4,'','Edinara Amalcaburio (77)'),(10514,'Ticket',460,'0',20,'Edinara Amalcaburio (77)','2023-03-04 13:29:22',0,'',''),(10515,'Ticket',436,'',0,'Leonardo Antunes (174)','2023-03-04 19:57:36',12,'5','6'),(10516,'Ticket',436,'',0,'Leonardo Antunes (174)','2023-03-04 19:57:36',16,'','2023-03-04 16:57:36'),(10517,'Ticket',436,'ITILFollowup',17,'Leonardo Antunes (174)','2023-03-04 19:57:36',0,'','978'),(10518,'Ticket',437,'',0,'Leonardo Antunes (174)','2023-03-04 19:57:57',12,'5','6'),(10519,'Ticket',437,'',0,'Leonardo Antunes (174)','2023-03-04 19:57:57',16,'','2023-03-04 16:57:57'),(10520,'Ticket',437,'ITILFollowup',17,'Leonardo Antunes (174)','2023-03-04 19:57:57',0,'','979'),(10521,'Ticket',351,'',0,'Leonardo Antunes (174)','2023-03-04 19:58:25',12,'5','6'),(10522,'Ticket',351,'',0,'Leonardo Antunes (174)','2023-03-04 19:58:25',16,'','2023-03-04 16:58:25'),(10523,'Ticket',351,'ITILFollowup',17,'Leonardo Antunes (174)','2023-03-04 19:58:25',0,'','980'),(10524,'Ticket',352,'',0,'Leonardo Antunes (174)','2023-03-04 19:58:44',12,'5','6'),(10525,'Ticket',352,'',0,'Leonardo Antunes (174)','2023-03-04 19:58:44',16,'','2023-03-04 16:58:44'),(10526,'Ticket',352,'ITILFollowup',17,'Leonardo Antunes (174)','2023-03-04 19:58:44',0,'','981'),(10527,'Ticket',461,'User',15,'Leonardo Antunes (174)','2023-03-04 20:07:11',4,'','Leonardo Antunes (174)'),(10528,'Ticket',461,'0',20,'Leonardo Antunes (174)','2023-03-04 20:07:11',0,'',''),(10529,'Ticket',461,'',0,'Dhenys Lima (9)','2023-03-06 11:24:29',150,'0','1469'),(10530,'Ticket',461,'',0,'Dhenys Lima (9)','2023-03-06 11:24:29',64,'leonardosilvaantunes@gmail.com (174)','dhenys@cnsystem.com.br (9)'),(10531,'Ticket',461,'ITILFollowup',17,'Dhenys Lima (9)','2023-03-06 11:24:29',0,'','982'),(10532,'Ticket',461,'User',15,'Dhenys Lima (9)','2023-03-06 11:24:37',5,'','Dhenys Lima (9)'),(10533,'Ticket',461,'',0,'Dhenys Lima (9)','2023-03-06 11:24:37',12,'1','2'),(10534,'Ticket',461,'',0,'Dhenys Lima (9)','2023-03-06 11:24:56',12,'2','5'),(10535,'Ticket',461,'',0,'Dhenys Lima (9)','2023-03-06 11:24:56',17,'','2023-03-06 08:24:56'),(10536,'Ticket',461,'ITILSolution',17,'Dhenys Lima (9)','2023-03-06 11:24:56',0,'','468 (468)'),(10537,'ITILSolution',468,'0',20,'Dhenys Lima (9)','2023-03-06 11:24:56',0,'',''),(10538,'Ticket',460,'',0,'Dhenys Lima (9)','2023-03-06 11:25:25',150,'0','1525'),(10539,'Ticket',460,'',0,'Dhenys Lima (9)','2023-03-06 11:25:25',64,'e.amalcaburio2109@gmail.com (77)','dhenys@cnsystem.com.br (9)'),(10540,'Ticket',460,'ITILFollowup',17,'Dhenys Lima (9)','2023-03-06 11:25:25',0,'','983'),(10541,'Ticket',460,'User',15,'Dhenys Lima (9)','2023-03-06 11:25:31',5,'','Dhenys Lima (9)'),(10542,'Ticket',460,'',0,'Dhenys Lima (9)','2023-03-06 11:25:31',12,'1','2'),(10543,'Ticket',460,'',0,'Dhenys Lima (9)','2023-03-06 11:27:39',12,'2','5'),(10544,'Ticket',460,'',0,'Dhenys Lima (9)','2023-03-06 11:27:39',17,'','2023-03-06 08:27:39'),(10545,'Ticket',460,'ITILSolution',17,'Dhenys Lima (9)','2023-03-06 11:27:39',0,'','469 (469)'),(10546,'ITILSolution',469,'0',20,'Dhenys Lima (9)','2023-03-06 11:27:39',0,'',''),(10547,'Ticket',462,'User',15,'Sarah Skszypa (258)','2023-03-06 11:44:06',4,'','Sarah Skszypa (258)'),(10548,'Ticket',462,'0',20,'Sarah Skszypa (258)','2023-03-06 11:44:06',0,'',''),(10549,'Ticket',462,'',0,'Dhenys Lima (9)','2023-03-06 11:45:09',150,'0','63'),(10550,'Ticket',462,'',0,'Dhenys Lima (9)','2023-03-06 11:45:09',64,'sarahskszypa@hotmail.com (258)','dhenys@cnsystem.com.br (9)'),(10551,'Ticket',462,'ITILFollowup',17,'Dhenys Lima (9)','2023-03-06 11:45:09',0,'','984'),(10552,'Ticket',462,'ITILFollowup',17,'Dhenys Lima (9)','2023-03-06 12:55:03',0,'','985'),(10553,'Ticket',462,'User',15,'Dhenys Lima (9)','2023-03-06 12:55:07',5,'','Dhenys Lima (9)'),(10554,'Ticket',462,'',0,'Dhenys Lima (9)','2023-03-06 12:55:07',12,'1','2'),(10555,'Ticket',462,'',0,'Dhenys Lima (9)','2023-03-06 12:55:13',12,'2','5'),(10556,'Ticket',462,'',0,'Dhenys Lima (9)','2023-03-06 12:55:13',17,'','2023-03-06 09:55:13'),(10557,'Ticket',462,'ITILSolution',17,'Dhenys Lima (9)','2023-03-06 12:55:13',0,'','470 (470)'),(10558,'ITILSolution',470,'0',20,'Dhenys Lima (9)','2023-03-06 12:55:13',0,'',''),(10559,'Ticket',463,'User',15,'Dhenys Lima (9)','2023-03-06 12:58:50',4,'','Dhenys Lima (9)'),(10560,'Ticket',463,'',0,'Dhenys Lima (9)','2023-03-06 12:58:50',150,'0','1'),(10561,'Ticket',463,'User',15,'Dhenys Lima (9)','2023-03-06 12:58:50',5,'','Dhenys Lima (9)'),(10562,'Ticket',463,'0',20,'Dhenys Lima (9)','2023-03-06 12:58:50',0,'',''),(10563,'Ticket',463,'',0,'Dhenys Lima (9)','2023-03-06 12:59:11',12,'2','5'),(10564,'Ticket',463,'',0,'Dhenys Lima (9)','2023-03-06 12:59:11',17,'','2023-03-06 10:00:00'),(10565,'Ticket',463,'ITILSolution',17,'Dhenys Lima (9)','2023-03-06 12:59:11',0,'','471 (471)'),(10566,'ITILSolution',471,'0',20,'Dhenys Lima (9)','2023-03-06 12:59:11',0,'',''),(10567,'Ticket',463,'',0,'Dhenys Lima (9)','2023-03-06 12:59:15',12,'5','6'),(10568,'Ticket',463,'ITILFollowup',17,'Dhenys Lima (9)','2023-03-06 12:59:15',0,'','986'),(10569,'Ticket',464,'User',15,'Dhenys Lima (9)','2023-03-06 13:23:52',4,'','Dhenys Lima (9)'),(10570,'Ticket',464,'',0,'Dhenys Lima (9)','2023-03-06 13:23:52',150,'0','1'),(10571,'Ticket',464,'User',15,'Dhenys Lima (9)','2023-03-06 13:23:52',5,'','Dhenys Lima (9)'),(10572,'Ticket',464,'0',20,'Dhenys Lima (9)','2023-03-06 13:23:52',0,'',''),(10573,'Ticket',464,'ITILFollowup',17,'Dhenys Lima (9)','2023-03-06 13:25:09',0,'','987'),(10574,'Ticket',464,'',0,'Dhenys Lima (9)','2023-03-06 13:25:13',12,'2','5'),(10575,'Ticket',464,'',0,'Dhenys Lima (9)','2023-03-06 13:25:13',17,'','2023-03-06 10:25:13'),(10576,'Ticket',464,'ITILSolution',17,'Dhenys Lima (9)','2023-03-06 13:25:13',0,'','472 (472)'),(10577,'ITILSolution',472,'0',20,'Dhenys Lima (9)','2023-03-06 13:25:13',0,'',''),(10578,'Ticket',464,'',0,'Dhenys Lima (9)','2023-03-06 13:25:17',12,'5','6'),(10579,'Ticket',464,'ITILFollowup',17,'Dhenys Lima (9)','2023-03-06 13:25:17',0,'','988'),(10580,'Ticket',460,'',0,'Edinara Amalcaburio (77)','2023-03-06 14:21:35',12,'5','6'),(10581,'Ticket',460,'',0,'Edinara Amalcaburio (77)','2023-03-06 14:21:35',16,'','2023-03-06 11:21:35'),(10582,'Ticket',460,'ITILFollowup',17,'Edinara Amalcaburio (77)','2023-03-06 14:21:35',0,'','989'),(10583,'Ticket',465,'User',15,'Dhenys Lima (9)','2023-03-06 18:18:50',4,'','Dhenys Lima (9)'),(10584,'Ticket',465,'',0,'Dhenys Lima (9)','2023-03-06 18:18:50',150,'0','1'),(10585,'Ticket',465,'User',15,'Dhenys Lima (9)','2023-03-06 18:18:50',5,'','Dhenys Lima (9)'),(10586,'Ticket',465,'0',20,'Dhenys Lima (9)','2023-03-06 18:18:50',0,'',''),(10587,'Ticket',465,'ITILFollowup',17,'Dhenys Lima (9)','2023-03-06 18:19:19',0,'','990'),(10588,'Ticket',465,'ITILFollowup',17,'Dhenys Lima (9)','2023-03-06 19:24:59',0,'','991'),(10589,'Ticket',465,'',0,'Dhenys Lima (9)','2023-03-06 19:25:04',12,'2','5'),(10590,'Ticket',465,'',0,'Dhenys Lima (9)','2023-03-06 19:25:04',17,'','2023-03-06 16:25:04'),(10591,'Ticket',465,'ITILSolution',17,'Dhenys Lima (9)','2023-03-06 19:25:04',0,'','473 (473)'),(10592,'ITILSolution',473,'0',20,'Dhenys Lima (9)','2023-03-06 19:25:04',0,'',''),(10593,'Ticket',465,'',0,'Dhenys Lima (9)','2023-03-06 19:25:06',12,'5','6'),(10594,'Ticket',465,'ITILFollowup',17,'Dhenys Lima (9)','2023-03-06 19:25:06',0,'','992'),(10595,'Ticket',446,'',0,'Dhenys Lima (9)','2023-03-06 19:26:08',12,'4','2'),(10596,'Ticket',446,'ITILFollowup',17,'Dhenys Lima (9)','2023-03-06 19:26:08',0,'','993'),(10597,'Ticket',446,'',0,'Dhenys Lima (9)','2023-03-06 19:29:16',12,'2','4'),(10598,'Ticket',466,'User',15,'Eberson Muenchen (12)','2023-03-07 02:56:55',4,'','Eberson Muenchen (12)'),(10599,'Ticket',466,'User',15,'Eberson Muenchen (12)','2023-03-07 02:56:55',66,'','Rafael Manfredi (292)'),(10600,'Ticket',466,'',0,'Eberson Muenchen (12)','2023-03-07 02:56:55',150,'0','16200'),(10601,'Ticket',466,'User',15,'Eberson Muenchen (12)','2023-03-07 02:56:55',5,'','Eberson Muenchen (12)'),(10602,'Ticket',466,'0',20,'Eberson Muenchen (12)','2023-03-07 02:56:55',0,'',''),(10603,'Ticket',466,'',0,'Eberson Muenchen (12)','2023-03-07 03:10:31',52,'1','3'),(10604,'Ticket',466,'',0,'Eberson Muenchen (12)','2023-03-07 03:10:31',51,'0','100'),(10605,'Ticket',466,'',0,'Eberson Muenchen (12)','2023-03-07 03:11:31',52,'3','2'),(10606,'Ticket',466,'TicketValidation',12,'Eberson Muenchen (12)','2023-03-07 03:11:31',0,'','Envio de solicitação de aprovação a Eberson Muenchen'),(10607,'Ticket',466,'',0,'Eberson Muenchen (12)','2023-03-07 03:11:56',52,'2','3'),(10608,'Ticket',466,'TicketValidation',12,'Eberson Muenchen (12)','2023-03-07 03:11:56',0,'','Aprovação concedida por Eberson Muenchen'),(10609,'Ticket',466,'',0,'Eberson Muenchen (12)','2023-03-07 03:12:38',12,'2','5'),(10610,'Ticket',466,'',0,'Eberson Muenchen (12)','2023-03-07 03:12:38',17,'','2023-03-07 00:12:38'),(10611,'Ticket',466,'ITILSolution',17,'Eberson Muenchen (12)','2023-03-07 03:12:38',0,'','474 (474)'),(10612,'ITILSolution',474,'0',20,'Eberson Muenchen (12)','2023-03-07 03:12:38',0,'',''),(10613,'Ticket',466,'',0,'Eberson Muenchen (12)','2023-03-07 03:12:46',12,'5','6'),(10614,'Ticket',466,'ITILFollowup',17,'Eberson Muenchen (12)','2023-03-07 03:12:46',0,'','994'),(10615,'Ticket',467,'User',15,'Elisangela Cordeiro (80)','2023-03-07 06:15:39',4,'','Elisangela Cordeiro (80)'),(10616,'Ticket',467,'0',20,'Elisangela Cordeiro (80)','2023-03-07 06:15:39',0,'',''),(10617,'Ticket',468,'User',15,'Patricia Proença (228)','2023-03-07 06:22:19',4,'','Patricia Proença (228)'),(10618,'Ticket',468,'0',20,'Patricia Proença (228)','2023-03-07 06:22:19',0,'',''),(10619,'Ticket',469,'User',15,'Nayara Anderson (212)','2023-03-07 09:58:55',4,'','Nayara Anderson (212)'),(10620,'Ticket',469,'0',20,'Nayara Anderson (212)','2023-03-07 09:58:55',0,'',''),(10621,'Ticket',427,'',0,'Gabriela Leite (237)','2023-03-07 11:11:51',12,'5','6'),(10622,'Ticket',427,'',0,'Gabriela Leite (237)','2023-03-07 11:11:51',16,'','2023-03-07 08:11:51'),(10623,'Ticket',427,'ITILFollowup',17,'Gabriela Leite (237)','2023-03-07 11:11:51',0,'','995'),(10624,'Ticket',470,'User',15,'Mariane Borges (189)','2023-03-07 11:25:42',4,'','Mariane Borges (189)'),(10625,'Ticket',470,'0',20,'Mariane Borges (189)','2023-03-07 11:25:42',0,'',''),(10626,'Ticket',470,'',0,'Dhenys Lima (9)','2023-03-07 11:27:05',150,'0','83'),(10627,'Ticket',470,'',0,'Dhenys Lima (9)','2023-03-07 11:27:05',64,'mariane_borges@fhja.com.br (189)','dhenys@cnsystem.com.br (9)'),(10628,'Ticket',470,'ITILFollowup',17,'Dhenys Lima (9)','2023-03-07 11:27:05',0,'','996'),(10629,'Ticket',470,'User',15,'Dhenys Lima (9)','2023-03-07 11:27:10',5,'','Dhenys Lima (9)'),(10630,'Ticket',470,'',0,'Dhenys Lima (9)','2023-03-07 11:27:10',12,'1','2'),(10631,'Ticket',471,'User',15,'Tatiani Recalcattii (276)','2023-03-07 11:27:13',4,'','Tatiani Recalcattii (276)'),(10632,'Ticket',471,'0',20,'Tatiani Recalcattii (276)','2023-03-07 11:27:13',0,'',''),(10633,'Ticket',470,'ITILFollowup',17,'Dhenys Lima (9)','2023-03-07 11:27:39',0,'','997'),(10634,'Ticket',468,'',0,'Dhenys Lima (9)','2023-03-07 11:28:56',150,'0','1736'),(10635,'Ticket',468,'',0,'Dhenys Lima (9)','2023-03-07 11:28:56',64,'patymproenca@gmail.com (228)','dhenys@cnsystem.com.br (9)'),(10636,'Ticket',468,'ITILFollowup',17,'Dhenys Lima (9)','2023-03-07 11:28:56',0,'','998'),(10637,'Ticket',468,'User',15,'Dhenys Lima (9)','2023-03-07 11:28:59',5,'','Dhenys Lima (9)'),(10638,'Ticket',468,'',0,'Dhenys Lima (9)','2023-03-07 11:28:59',12,'1','2'),(10639,'Ticket',468,'Computer',15,'Dhenys Lima (9)','2023-03-07 11:29:08',0,'','ET-01-081 (60)'),(10640,'Computer',60,'Ticket',15,'Dhenys Lima (9)','2023-03-07 11:29:08',0,'','Painel não funciona 06/03/2023 plantão noturno (468)'),(10641,'Ticket',462,'',0,'Sarah Skszypa (258)','2023-03-07 11:29:09',12,'5','6'),(10642,'Ticket',462,'',0,'Sarah Skszypa (258)','2023-03-07 11:29:09',16,'','2023-03-07 08:29:09'),(10643,'Ticket',462,'ITILFollowup',17,'Sarah Skszypa (258)','2023-03-07 11:29:09',0,'','999'),(10644,'Ticket',468,'ITILFollowup',17,'Dhenys Lima (9)','2023-03-07 11:29:19',0,'','1000'),(10645,'Ticket',468,'',0,'Dhenys Lima (9)','2023-03-07 11:29:24',12,'2','5'),(10646,'Ticket',468,'',0,'Dhenys Lima (9)','2023-03-07 11:29:24',17,'','2023-03-07 08:29:24'),(10647,'Ticket',468,'ITILSolution',17,'Dhenys Lima (9)','2023-03-07 11:29:24',0,'','475 (475)'),(10648,'ITILSolution',475,'0',20,'Dhenys Lima (9)','2023-03-07 11:29:24',0,'',''),(10649,'Ticket',470,'',0,'Dhenys Lima (9)','2023-03-07 11:30:10',37,'Primeira Resposta - Alta (7)','Primeira Resposta - Média (9)'),(10650,'Ticket',470,'',0,'Dhenys Lima (9)','2023-03-07 11:30:10',30,'Solução - Alta (8)','Solução - Média (10)'),(10651,'Ticket',470,'',0,'Dhenys Lima (9)','2023-03-07 11:30:10',3,'4','3'),(10652,'Ticket',470,'',0,'Dhenys Lima (9)','2023-03-07 11:30:10',18,'2023-03-07 10:25:42','2023-03-07 13:55:42'),(10653,'Ticket',470,'',0,'Dhenys Lima (9)','2023-03-07 11:30:10',155,'2023-03-07 08:35:42','2023-03-07 10:25:42'),(10654,'Ticket',471,'',0,'Dhenys Lima (9)','2023-03-07 11:30:33',64,'tatianerecalcatti@hotmail.com (276)','dhenys@cnsystem.com.br (9)'),(10655,'Ticket',471,'Printer',15,'Dhenys Lima (9)','2023-03-07 11:30:33',0,'','SELB - NA33 (5)'),(10656,'Printer',5,'Ticket',15,'Dhenys Lima (9)','2023-03-07 11:30:33',0,'','IMPRESSORA COM PROBLEMA. (471)'),(10657,'Ticket',471,'',0,'Dhenys Lima (9)','2023-03-07 11:30:39',150,'0','206'),(10658,'Ticket',471,'ITILFollowup',17,'Dhenys Lima (9)','2023-03-07 11:30:39',0,'','1001'),(10659,'Ticket',471,'ITILFollowup',17,'Dhenys Lima (9)','2023-03-07 11:30:59',0,'','1002'),(10660,'Ticket',471,'ITILFollowup',17,'Dhenys Lima (9)','2023-03-07 11:31:20',0,'','1003'),(10661,'Ticket',471,'',0,'Dhenys Lima (9)','2023-03-07 11:31:24',12,'1','5'),(10662,'Ticket',471,'',0,'Dhenys Lima (9)','2023-03-07 11:31:24',17,'','2023-03-07 08:31:24'),(10663,'Ticket',471,'ITILSolution',17,'Dhenys Lima (9)','2023-03-07 11:31:24',0,'','476 (476)'),(10664,'ITILSolution',476,'0',20,'Dhenys Lima (9)','2023-03-07 11:31:24',0,'',''),(10665,'Ticket',469,'',0,'Dhenys Lima (9)','2023-03-07 11:32:49',150,'0','1969'),(10666,'Ticket',469,'',0,'Dhenys Lima (9)','2023-03-07 11:32:49',64,'nayara.anderson0402@gmail.com (212)','dhenys@cnsystem.com.br (9)'),(10667,'Ticket',469,'ITILFollowup',17,'Dhenys Lima (9)','2023-03-07 11:32:49',0,'','1004'),(10668,'Ticket',469,'User',15,'Dhenys Lima (9)','2023-03-07 11:32:56',5,'','Dhenys Lima (9)'),(10669,'Ticket',469,'',0,'Dhenys Lima (9)','2023-03-07 11:32:56',12,'1','2'),(10670,'Ticket',469,'Printer',15,'Dhenys Lima (9)','2023-03-07 11:33:04',0,'','SELB - 89DT (22)'),(10671,'Printer',22,'Ticket',15,'Dhenys Lima (9)','2023-03-07 11:33:04',0,'','problemas na impressora  (469)'),(10672,'Ticket',467,'',0,'Dhenys Lima (9)','2023-03-07 11:33:17',150,'0','1997'),(10673,'Ticket',467,'',0,'Dhenys Lima (9)','2023-03-07 11:33:17',64,'elisangelacordeiro555@gmail.com (80)','dhenys@cnsystem.com.br (9)'),(10674,'Ticket',467,'ITILFollowup',17,'Dhenys Lima (9)','2023-03-07 11:33:17',0,'','1005'),(10675,'Ticket',467,'User',15,'Dhenys Lima (9)','2023-03-07 11:33:19',5,'','Dhenys Lima (9)'),(10676,'Ticket',467,'',0,'Dhenys Lima (9)','2023-03-07 11:33:19',12,'1','2'),(10677,'Ticket',467,'Printer',15,'Dhenys Lima (9)','2023-03-07 11:33:28',0,'','SELB - 89DT (22)'),(10678,'Printer',22,'Ticket',15,'Dhenys Lima (9)','2023-03-07 11:33:28',0,'','IMPRESSORA  (467)'),(10679,'Ticket',467,'',0,'Dhenys Lima (9)','2023-03-07 11:33:33',12,'2','5'),(10680,'Ticket',467,'',0,'Dhenys Lima (9)','2023-03-07 11:33:33',17,'','2023-03-07 08:33:33'),(10681,'Ticket',467,'ITILSolution',17,'Dhenys Lima (9)','2023-03-07 11:33:33',0,'','477 (477)'),(10682,'ITILSolution',477,'0',20,'Dhenys Lima (9)','2023-03-07 11:33:33',0,'',''),(10683,'Ticket',469,'ITILFollowup',17,'Dhenys Lima (9)','2023-03-07 11:41:48',0,'','1006'),(10684,'Ticket',469,'',0,'Dhenys Lima (9)','2023-03-07 11:41:52',12,'2','5'),(10685,'Ticket',469,'',0,'Dhenys Lima (9)','2023-03-07 11:41:52',17,'','2023-03-07 08:41:52'),(10686,'Ticket',469,'ITILSolution',17,'Dhenys Lima (9)','2023-03-07 11:41:52',0,'','478 (478)'),(10687,'ITILSolution',478,'0',20,'Dhenys Lima (9)','2023-03-07 11:41:52',0,'',''),(10688,'Ticket',470,'',0,'Dhenys Lima (9)','2023-03-07 11:42:01',12,'2','5'),(10689,'Ticket',470,'',0,'Dhenys Lima (9)','2023-03-07 11:42:01',17,'','2023-03-07 08:42:01'),(10690,'Ticket',470,'ITILSolution',17,'Dhenys Lima (9)','2023-03-07 11:42:01',0,'','479 (479)'),(10691,'ITILSolution',479,'0',20,'Dhenys Lima (9)','2023-03-07 11:42:01',0,'',''),(10692,'Ticket',469,'',0,'Nayara Anderson (212)','2023-03-07 12:04:40',12,'5','6'),(10693,'Ticket',469,'',0,'Nayara Anderson (212)','2023-03-07 12:04:40',16,'','2023-03-07 09:04:40'),(10694,'Ticket',469,'ITILFollowup',17,'Nayara Anderson (212)','2023-03-07 12:04:40',0,'','1007'),(10695,'Ticket',472,'User',15,'Dhenys Lima (9)','2023-03-07 14:14:27',4,'','Dhenys Lima (9)'),(10696,'Ticket',472,'',0,'Dhenys Lima (9)','2023-03-07 14:14:27',150,'0','267'),(10697,'Ticket',472,'User',15,'Dhenys Lima (9)','2023-03-07 14:14:27',5,'','Dhenys Lima (9)'),(10698,'Ticket',472,'0',20,'Dhenys Lima (9)','2023-03-07 14:14:27',0,'',''),(10699,'Ticket',472,'ITILFollowup',17,'Dhenys Lima (9)','2023-03-07 14:14:48',0,'','1008'),(10700,'Ticket',472,'ITILFollowup',17,'Dhenys Lima (9)','2023-03-07 14:14:55',0,'','1009'),(10701,'Ticket',472,'',0,'Dhenys Lima (9)','2023-03-07 14:15:01',12,'2','5'),(10702,'Ticket',472,'',0,'Dhenys Lima (9)','2023-03-07 14:15:01',17,'','2023-03-07 11:15:01'),(10703,'Ticket',472,'ITILSolution',17,'Dhenys Lima (9)','2023-03-07 14:15:01',0,'','480 (480)'),(10704,'ITILSolution',480,'0',20,'Dhenys Lima (9)','2023-03-07 14:15:01',0,'',''),(10705,'Ticket',472,'',0,'Dhenys Lima (9)','2023-03-07 14:15:04',12,'5','6'),(10706,'Ticket',472,'ITILFollowup',17,'Dhenys Lima (9)','2023-03-07 14:15:04',0,'','1010'),(10707,'Ticket',473,'User',15,'Dario Demenech (7)','2023-03-07 16:41:04',4,'','Larissa Vargas (10)'),(10708,'Ticket',473,'',0,'Dario Demenech (7)','2023-03-07 16:41:04',150,'0','1'),(10709,'Ticket',473,'User',15,'Dario Demenech (7)','2023-03-07 16:41:04',5,'','Dhenys Lima (9)'),(10710,'Ticket',473,'0',20,'Dario Demenech (7)','2023-03-07 16:41:04',0,'',''),(10711,'Ticket',473,'ITILFollowup',17,'Dhenys Lima (9)','2023-03-07 16:41:43',0,'','1011'),(10712,'Ticket',473,'Software',15,'Dhenys Lima (9)','2023-03-07 16:41:59',0,'','G - HOSP (1)'),(10713,'Software',1,'Ticket',15,'Dhenys Lima (9)','2023-03-07 16:41:59',0,'','Usuarios (473)'),(10714,'Ticket',474,'User',15,'Gabriela Leite (237)','2023-03-07 17:51:42',4,'','Gabriela Leite (237)'),(10715,'Ticket',474,'0',20,'Gabriela Leite (237)','2023-03-07 17:51:42',0,'',''),(10716,'Ticket',475,'User',15,'Edilsa Passos (78)','2023-03-08 11:05:04',4,'','Edilsa Passos (78)'),(10717,'Ticket',475,'0',20,'Edilsa Passos (78)','2023-03-08 11:05:04',0,'',''),(10718,'Ticket',475,'',0,'Dhenys Lima (9)','2023-03-08 11:07:34',150,'0','150'),(10719,'Ticket',475,'',0,'Dhenys Lima (9)','2023-03-08 11:07:34',64,'edipassol@gmail.com (78)','dhenys@cnsystem.com.br (9)'),(10720,'Ticket',475,'ITILFollowup',17,'Dhenys Lima (9)','2023-03-08 11:07:34',0,'','1012'),(10721,'Ticket',475,'User',15,'Dhenys Lima (9)','2023-03-08 11:07:49',5,'','Dhenys Lima (9)'),(10722,'Ticket',475,'',0,'Dhenys Lima (9)','2023-03-08 11:07:49',12,'1','2'),(10723,'Ticket',475,'Printer',15,'Dhenys Lima (9)','2023-03-08 11:08:03',0,'','SELB - RX50 (19)'),(10724,'Printer',19,'Ticket',15,'Dhenys Lima (9)','2023-03-08 11:08:03',0,'','impressors (475)'),(10725,'Ticket',474,'',0,'Dhenys Lima (9)','2023-03-08 11:41:31',150,'0','11989'),(10726,'Ticket',474,'',0,'Dhenys Lima (9)','2023-03-08 11:41:31',64,'rambogabriela11@gmail.com (237)','dhenys@cnsystem.com.br (9)'),(10727,'Ticket',474,'ITILFollowup',17,'Dhenys Lima (9)','2023-03-08 11:41:31',0,'','1013'),(10728,'Ticket',474,'User',15,'Dhenys Lima (9)','2023-03-08 11:41:39',5,'','Dhenys Lima (9)'),(10729,'Ticket',474,'',0,'Dhenys Lima (9)','2023-03-08 11:41:39',12,'1','2'),(10730,'Ticket',474,'Printer',15,'Dhenys Lima (9)','2023-03-08 11:41:48',0,'','SELB - RX50 (19)'),(10731,'Printer',19,'Ticket',15,'Dhenys Lima (9)','2023-03-08 11:41:48',0,'','erro no toner (474)'),(10732,'Ticket',473,'',0,'Dhenys Lima (9)','2023-03-08 11:42:22',12,'2','4'),(10733,'Ticket',475,'ITILFollowup',17,'Dhenys Lima (9)','2023-03-08 12:11:55',0,'','1014'),(10734,'Ticket',475,'',0,'Dhenys Lima (9)','2023-03-08 12:12:01',12,'2','4'),(10735,'Ticket',474,'ITILFollowup',17,'Dhenys Lima (9)','2023-03-08 12:12:41',0,'','1015'),(10736,'Ticket',474,'',0,'Dhenys Lima (9)','2023-03-08 12:12:45',12,'2','5'),(10737,'Ticket',474,'',0,'Dhenys Lima (9)','2023-03-08 12:12:45',17,'','2023-03-08 09:12:45'),(10738,'Ticket',474,'ITILSolution',17,'Dhenys Lima (9)','2023-03-08 12:12:45',0,'','481 (481)'),(10739,'ITILSolution',481,'0',20,'Dhenys Lima (9)','2023-03-08 12:12:45',0,'',''),(10740,'Ticket',473,'ITILFollowup',17,'Dhenys Lima (9)','2023-03-08 14:28:30',0,'','1016'),(10741,'Ticket',475,'ITILFollowup',17,'Dhenys Lima (9)','2023-03-08 16:28:38',0,'','1017'),(10742,'Ticket',475,'',0,'Dhenys Lima (9)','2023-03-08 16:28:43',12,'4','5'),(10743,'Ticket',475,'',0,'Dhenys Lima (9)','2023-03-08 16:28:43',17,'','2023-03-08 13:28:43'),(10744,'Ticket',475,'ITILSolution',17,'Dhenys Lima (9)','2023-03-08 16:28:43',0,'','482 (482)'),(10745,'ITILSolution',482,'0',20,'Dhenys Lima (9)','2023-03-08 16:28:43',0,'',''),(10746,'Ticket',446,'',0,'Dhenys Lima (9)','2023-03-08 16:29:44',12,'4','2'),(10747,'Ticket',446,'ITILFollowup',17,'Dhenys Lima (9)','2023-03-08 16:29:44',0,'','1018'),(10748,'Ticket',90,'ITILFollowup',17,'Dhenys Lima (9)','2023-03-08 16:30:27',0,'','1019'),(10749,'Ticket',366,'ITILFollowup',17,'Dhenys Lima (9)','2023-03-08 16:30:48',0,'','1020'),(10750,'Ticket',366,'ITILFollowup',17,'Dhenys Lima (9)','2023-03-08 16:31:57',0,'','1021'),(10751,'Ticket',366,'',0,'Dhenys Lima (9)','2023-03-08 16:32:13',12,'4','5'),(10752,'Ticket',366,'',0,'Dhenys Lima (9)','2023-03-08 16:32:13',17,'','2023-03-08 13:32:13'),(10753,'Ticket',366,'ITILSolution',17,'Dhenys Lima (9)','2023-03-08 16:32:13',0,'','483 (483)'),(10754,'ITILSolution',483,'0',20,'Dhenys Lima (9)','2023-03-08 16:32:13',0,'',''),(10755,'Ticket',371,'ITILFollowup',17,'Dhenys Lima (9)','2023-03-08 16:33:00',0,'','1022'),(10756,'Ticket',371,'',0,'Dhenys Lima (9)','2023-03-08 16:33:08',12,'4','5'),(10757,'Ticket',371,'',0,'Dhenys Lima (9)','2023-03-08 16:33:08',17,'','2023-03-08 13:33:08'),(10758,'Ticket',371,'ITILSolution',17,'Dhenys Lima (9)','2023-03-08 16:33:08',0,'','484 (484)'),(10759,'ITILSolution',484,'0',20,'Dhenys Lima (9)','2023-03-08 16:33:08',0,'',''),(10760,'Ticket',446,'',0,'Dhenys Lima (9)','2023-03-08 16:33:25',12,'2','4'),(10761,'Ticket',476,'User',15,'Dhenys Lima (9)','2023-03-08 16:54:56',4,'','Dhenys Lima (9)'),(10762,'Ticket',476,'',0,'Dhenys Lima (9)','2023-03-08 16:54:56',150,'0','1'),(10763,'Ticket',476,'User',15,'Dhenys Lima (9)','2023-03-08 16:54:56',5,'','Dhenys Lima (9)'),(10764,'Ticket',476,'0',20,'Dhenys Lima (9)','2023-03-08 16:54:56',0,'',''),(10765,'Ticket',476,'ITILFollowup',17,'Dhenys Lima (9)','2023-03-08 16:55:51',0,'','1023'),(10766,'Ticket',476,'Computer',15,'Dhenys Lima (9)','2023-03-08 16:56:05',0,'','ET-01-008 (72)'),(10767,'Computer',72,'Ticket',15,'Dhenys Lima (9)','2023-03-08 16:56:05',0,'','Certificado digital no not (476)'),(10768,'Ticket',476,'ITILFollowup',17,'Dhenys Lima (9)','2023-03-08 17:50:06',0,'','1024'),(10769,'Ticket',476,'',0,'Dhenys Lima (9)','2023-03-09 12:43:42',12,'2','4'),(10770,'Ticket',477,'User',15,'Dhenys Lima (9)','2023-03-09 12:56:16',4,'','Dhenys Lima (9)'),(10771,'Ticket',477,'',0,'Dhenys Lima (9)','2023-03-09 12:56:16',150,'0','1'),(10772,'Ticket',477,'User',15,'Dhenys Lima (9)','2023-03-09 12:56:16',5,'','Dhenys Lima (9)'),(10773,'Ticket',477,'0',20,'Dhenys Lima (9)','2023-03-09 12:56:16',0,'',''),(10774,'Ticket',477,'Computer',15,'Dhenys Lima (9)','2023-03-09 12:56:49',0,'','ET-01-030 (4)'),(10775,'Computer',4,'Ticket',15,'Dhenys Lima (9)','2023-03-09 12:56:49',0,'','relatorio rodrigo (477)'),(10776,'Ticket',477,'ITILFollowup',17,'Dhenys Lima (9)','2023-03-09 12:57:07',0,'','1025'),(10777,'Ticket',478,'User',15,'Dhenys Lima (9)','2023-03-09 13:15:24',4,'','Dhenys Lima (9)'),(10778,'Ticket',478,'',0,'Dhenys Lima (9)','2023-03-09 13:15:24',150,'0','1'),(10779,'Ticket',478,'User',15,'Dhenys Lima (9)','2023-03-09 13:15:24',5,'','Dhenys Lima (9)'),(10780,'Ticket',478,'0',20,'Dhenys Lima (9)','2023-03-09 13:15:24',0,'',''),(10781,'Ticket',478,'Software',15,'Dhenys Lima (9)','2023-03-09 13:15:51',0,'','G - HOSP (1)'),(10782,'Software',1,'Ticket',15,'Dhenys Lima (9)','2023-03-09 13:15:51',0,'','criar nova aba na prescrição (478)'),(10783,'Ticket',478,'ITILFollowup',17,'Dhenys Lima (9)','2023-03-09 13:16:01',0,'','1026'),(10784,'Ticket',479,'User',15,'Claudia Melo (51)','2023-03-09 13:36:13',4,'','Claudia Melo (51)'),(10785,'Ticket',479,'0',20,'Claudia Melo (51)','2023-03-09 13:36:13',0,'',''),(10786,'Ticket',474,'',0,'Gabriela Leite (237)','2023-03-09 13:40:20',12,'5','6'),(10787,'Ticket',474,'',0,'Gabriela Leite (237)','2023-03-09 13:40:20',16,'','2023-03-09 10:40:20'),(10788,'Ticket',474,'ITILFollowup',17,'Gabriela Leite (237)','2023-03-09 13:40:20',0,'','1027'),(10789,'Ticket',477,'ITILFollowup',17,'Dhenys Lima (9)','2023-03-09 14:07:42',0,'','1028'),(10790,'Ticket',479,'',0,'Dhenys Lima (9)','2023-03-09 14:08:07',150,'0','1914'),(10791,'Ticket',479,'',0,'Dhenys Lima (9)','2023-03-09 14:08:07',64,'claudiacmml32@gmail.com (51)','dhenys@cnsystem.com.br (9)'),(10792,'Ticket',479,'ITILFollowup',17,'Dhenys Lima (9)','2023-03-09 14:08:07',0,'','1029'),(10793,'Ticket',479,'User',15,'Dhenys Lima (9)','2023-03-09 14:08:11',5,'','Dhenys Lima (9)'),(10794,'Ticket',479,'',0,'Dhenys Lima (9)','2023-03-09 14:08:11',12,'1','2'),(10795,'Ticket',479,'Printer',15,'Dhenys Lima (9)','2023-03-09 14:08:21',0,'','SELB - 679R (17)'),(10796,'Printer',17,'Ticket',15,'Dhenys Lima (9)','2023-03-09 14:08:21',0,'','Conserto da impressora (479)'),(10797,'Ticket',478,'ITILFollowup',17,'Dhenys Lima (9)','2023-03-09 14:09:36',0,'','1030'),(10798,'Ticket',478,'ITILFollowup',17,'Dhenys Lima (9)','2023-03-09 14:09:47',0,'','1031'),(10799,'Ticket',478,'',0,'Dhenys Lima (9)','2023-03-09 14:10:01',12,'2','4'),(10800,'Ticket',477,'ITILFollowup',17,'Dhenys Lima (9)','2023-03-09 14:17:49',0,'','1032'),(10801,'Ticket',477,'ITILFollowup',17,'Dhenys Lima (9)','2023-03-09 16:52:31',0,'','1033'),(10802,'Ticket',477,'',0,'Dhenys Lima (9)','2023-03-09 16:52:35',12,'2','5'),(10803,'Ticket',477,'',0,'Dhenys Lima (9)','2023-03-09 16:52:35',17,'','2023-03-09 13:52:35'),(10804,'Ticket',477,'ITILSolution',17,'Dhenys Lima (9)','2023-03-09 16:52:35',0,'','485 (485)'),(10805,'ITILSolution',485,'0',20,'Dhenys Lima (9)','2023-03-09 16:52:35',0,'',''),(10806,'Ticket',477,'',0,'Dhenys Lima (9)','2023-03-09 16:52:43',12,'5','6'),(10807,'Ticket',477,'ITILFollowup',17,'Dhenys Lima (9)','2023-03-09 16:52:43',0,'','1034'),(10808,'Ticket',479,'ITILFollowup',17,'Dhenys Lima (9)','2023-03-09 16:53:02',0,'','1035'),(10809,'Ticket',479,'ITILFollowup',17,'Dhenys Lima (9)','2023-03-09 16:53:11',0,'','1036'),(10810,'Ticket',479,'',0,'Dhenys Lima (9)','2023-03-09 16:53:15',12,'2','5'),(10811,'Ticket',479,'',0,'Dhenys Lima (9)','2023-03-09 16:53:15',17,'','2023-03-09 13:53:15'),(10812,'Ticket',479,'ITILSolution',17,'Dhenys Lima (9)','2023-03-09 16:53:15',0,'','486 (486)'),(10813,'ITILSolution',486,'0',20,'Dhenys Lima (9)','2023-03-09 16:53:15',0,'',''),(10814,'Ticket',446,'',0,'Dhenys Lima (9)','2023-03-09 17:06:21',12,'4','5'),(10815,'Ticket',446,'',0,'Dhenys Lima (9)','2023-03-09 17:06:21',17,'','2023-03-09 14:06:21'),(10816,'Ticket',446,'ITILSolution',17,'Dhenys Lima (9)','2023-03-09 17:06:21',0,'','487 (487)'),(10817,'ITILSolution',487,'0',20,'Dhenys Lima (9)','2023-03-09 17:06:21',0,'',''),(10818,'Ticket',446,'',0,'Dhenys Lima (9)','2023-03-09 17:06:25',12,'5','6'),(10819,'Ticket',446,'ITILFollowup',17,'Dhenys Lima (9)','2023-03-09 17:06:25',0,'','1037'),(10820,'Ticket',476,'',0,'Dhenys Lima (9)','2023-03-09 18:16:38',12,'4','2'),(10821,'Ticket',476,'ITILFollowup',17,'Dhenys Lima (9)','2023-03-09 18:16:38',0,'','1038'),(10822,'Ticket',476,'',0,'Dhenys Lima (9)','2023-03-09 18:16:42',12,'2','5'),(10823,'Ticket',476,'',0,'Dhenys Lima (9)','2023-03-09 18:16:42',17,'','2023-03-09 15:16:42'),(10824,'Ticket',476,'ITILSolution',17,'Dhenys Lima (9)','2023-03-09 18:16:42',0,'','488 (488)'),(10825,'ITILSolution',488,'0',20,'Dhenys Lima (9)','2023-03-09 18:16:42',0,'',''),(10826,'Ticket',476,'',0,'Dhenys Lima (9)','2023-03-09 18:16:46',12,'5','6'),(10827,'Ticket',476,'ITILFollowup',17,'Dhenys Lima (9)','2023-03-09 18:16:46',0,'','1039'),(10828,'Ticket',480,'User',15,'Edilsa Passos (78)','2023-03-10 10:43:03',4,'','Edilsa Passos (78)'),(10829,'Ticket',480,'0',20,'Edilsa Passos (78)','2023-03-10 10:43:03',0,'',''),(10830,'Ticket',480,'',0,'Dhenys Lima (9)','2023-03-10 11:44:01',150,'0','2641'),(10831,'Ticket',480,'',0,'Dhenys Lima (9)','2023-03-10 11:44:01',64,'edipassol@gmail.com (78)','dhenys@cnsystem.com.br (9)'),(10832,'Ticket',480,'ITILFollowup',17,'Dhenys Lima (9)','2023-03-10 11:44:01',0,'','1040'),(10833,'Ticket',480,'User',15,'Dhenys Lima (9)','2023-03-10 11:44:05',5,'','Dhenys Lima (9)'),(10834,'Ticket',480,'',0,'Dhenys Lima (9)','2023-03-10 11:44:05',12,'1','2'),(10835,'Ticket',480,'Printer',15,'Dhenys Lima (9)','2023-03-10 11:44:13',0,'','SELB - RX50 (19)'),(10836,'Printer',19,'Ticket',15,'Dhenys Lima (9)','2023-03-10 11:44:13',0,'','impressora (480)'),(10837,'Ticket',480,'ITILFollowup',17,'Dhenys Lima (9)','2023-03-10 11:44:32',0,'','1041'),(10838,'Ticket',480,'',0,'Dhenys Lima (9)','2023-03-10 11:44:37',12,'2','5'),(10839,'Ticket',480,'',0,'Dhenys Lima (9)','2023-03-10 11:44:37',17,'','2023-03-10 08:44:37'),(10840,'Ticket',480,'ITILSolution',17,'Dhenys Lima (9)','2023-03-10 11:44:37',0,'','489 (489)'),(10841,'ITILSolution',489,'0',20,'Dhenys Lima (9)','2023-03-10 11:44:37',0,'',''),(10842,'Ticket',481,'User',15,'Dhenys Lima (9)','2023-03-10 14:02:31',4,'','Dhenys Lima (9)'),(10843,'Ticket',481,'',0,'Dhenys Lima (9)','2023-03-10 14:02:31',150,'0','151'),(10844,'Ticket',481,'User',15,'Dhenys Lima (9)','2023-03-10 14:02:31',5,'','Dhenys Lima (9)'),(10845,'Ticket',481,'0',20,'Dhenys Lima (9)','2023-03-10 14:02:31',0,'',''),(10846,'Ticket',481,'Software',15,'Dhenys Lima (9)','2023-03-10 14:02:50',0,'','G - HOSP (1)'),(10847,'Software',1,'Ticket',15,'Dhenys Lima (9)','2023-03-10 14:02:50',0,'','excluir cadastro da porta lavanderia (481)'),(10848,'Ticket',481,'ITILFollowup',17,'Dhenys Lima (9)','2023-03-10 14:03:00',0,'','1042'),(10849,'Ticket',481,'',0,'Dhenys Lima (9)','2023-03-10 14:03:05',12,'2','5'),(10850,'Ticket',481,'',0,'Dhenys Lima (9)','2023-03-10 14:03:05',17,'','2023-03-10 11:03:05'),(10851,'Ticket',481,'ITILSolution',17,'Dhenys Lima (9)','2023-03-10 14:03:05',0,'','490 (490)'),(10852,'ITILSolution',490,'0',20,'Dhenys Lima (9)','2023-03-10 14:03:05',0,'',''),(10853,'Ticket',481,'',0,'Dhenys Lima (9)','2023-03-10 14:03:10',12,'5','6'),(10854,'Ticket',481,'ITILFollowup',17,'Dhenys Lima (9)','2023-03-10 14:03:10',0,'','1043'),(10855,'Ticket',482,'User',15,'Sarah Skszypa (258)','2023-03-10 18:17:48',4,'','Sarah Skszypa (258)'),(10856,'Ticket',482,'0',20,'Sarah Skszypa (258)','2023-03-10 18:17:48',0,'',''),(10857,'Ticket',482,'',0,'Dhenys Lima (9)','2023-03-10 18:18:37',150,'0','49'),(10858,'Ticket',482,'',0,'Dhenys Lima (9)','2023-03-10 18:18:37',64,'sarahskszypa@hotmail.com (258)','dhenys@cnsystem.com.br (9)'),(10859,'Ticket',482,'ITILFollowup',17,'Dhenys Lima (9)','2023-03-10 18:18:37',0,'','1044'),(10860,'Ticket',482,'User',15,'Dhenys Lima (9)','2023-03-10 18:18:41',5,'','Dhenys Lima (9)'),(10861,'Ticket',482,'',0,'Dhenys Lima (9)','2023-03-10 18:18:41',12,'1','2'),(10862,'Ticket',482,'Software',15,'Dhenys Lima (9)','2023-03-10 18:18:56',0,'','G - HOSP (1)'),(10863,'Software',1,'Ticket',15,'Dhenys Lima (9)','2023-03-10 18:18:56',0,'','ABERTURA DE AGENDA - GHOSP -  (482)'),(10864,'Ticket',482,'ITILFollowup',17,'Dhenys Lima (9)','2023-03-10 18:19:10',0,'','1045'),(10865,'Ticket',482,'ITILFollowup',17,'Dhenys Lima (9)','2023-03-10 18:58:09',0,'','1046'),(10866,'Ticket',482,'',0,'Dhenys Lima (9)','2023-03-10 18:58:13',12,'2','5'),(10867,'Ticket',482,'',0,'Dhenys Lima (9)','2023-03-10 18:58:13',17,'','2023-03-10 15:58:13'),(10868,'Ticket',482,'ITILSolution',17,'Dhenys Lima (9)','2023-03-10 18:58:13',0,'','491 (491)'),(10869,'ITILSolution',491,'0',20,'Dhenys Lima (9)','2023-03-10 18:58:13',0,'',''),(10870,'Ticket',90,'ITILFollowup',17,'Dhenys Lima (9)','2023-03-10 19:16:44',0,'','1047'),(10871,'Ticket',483,'User',15,'Dhenys Lima (9)','2023-03-11 22:40:39',4,'','Dhenys Lima (9)'),(10872,'Ticket',483,'',0,'Dhenys Lima (9)','2023-03-11 22:40:39',150,'0','1'),(10873,'Ticket',483,'User',15,'Dhenys Lima (9)','2023-03-11 22:40:39',5,'','Dhenys Lima (9)'),(10874,'Ticket',483,'0',20,'Dhenys Lima (9)','2023-03-11 22:40:39',0,'',''),(10875,'Ticket',483,'ITILFollowup',17,'Dhenys Lima (9)','2023-03-11 22:41:55',0,'','1048'),(10876,'Ticket',483,'ITILFollowup',17,'Dhenys Lima (9)','2023-03-11 22:50:10',0,'','1049'),(10877,'Ticket',483,'ITILFollowup',18,'Dhenys Lima (9)','2023-03-11 22:50:31',0,'','1049'),(10878,'Ticket',483,'ITILFollowup',18,'Dhenys Lima (9)','2023-03-11 22:50:46',0,'','1049'),(10879,'Ticket',473,'TicketTask',17,'Dario Demenech (7)','2023-03-13 11:48:01',0,'','250'),(10880,'Ticket',147,'ITILFollowup',17,'Dario Demenech (7)','2023-03-13 11:49:01',0,'','1050'),(10881,'Ticket',484,'User',15,'Jaqueline Camargo (299)','2023-03-13 12:32:43',4,'','Jaqueline Camargo (299)'),(10882,'Ticket',484,'0',20,'Jaqueline Camargo (299)','2023-03-13 12:32:43',0,'',''),(10883,'Ticket',484,'',0,'Dhenys Lima (9)','2023-03-13 12:33:19',150,'0','36'),(10884,'Ticket',484,'',0,'Dhenys Lima (9)','2023-03-13 12:33:19',64,'jaquecamargo9408@gmail.com (299)','dhenys@cnsystem.com.br (9)'),(10885,'Ticket',484,'ITILFollowup',17,'Dhenys Lima (9)','2023-03-13 12:33:19',0,'','1051'),(10886,'Ticket',484,'User',15,'Dhenys Lima (9)','2023-03-13 12:33:47',5,'','Dhenys Lima (9)'),(10887,'Ticket',484,'',0,'Dhenys Lima (9)','2023-03-13 12:33:47',12,'1','2'),(10888,'Ticket',483,'ITILFollowup',17,'Dhenys Lima (9)','2023-03-13 13:21:22',0,'','1052'),(10889,'Ticket',483,'',0,'Dhenys Lima (9)','2023-03-13 13:21:28',12,'2','5'),(10890,'Ticket',483,'',0,'Dhenys Lima (9)','2023-03-13 13:21:28',17,'','2023-03-13 10:21:28'),(10891,'Ticket',483,'ITILSolution',17,'Dhenys Lima (9)','2023-03-13 13:21:28',0,'','492 (492)'),(10892,'ITILSolution',492,'0',20,'Dhenys Lima (9)','2023-03-13 13:21:28',0,'',''),(10893,'Ticket',483,'',0,'Dhenys Lima (9)','2023-03-13 13:21:31',12,'5','6'),(10894,'Ticket',483,'ITILFollowup',17,'Dhenys Lima (9)','2023-03-13 13:21:31',0,'','1053'),(10895,'Ticket',484,'ITILFollowup',17,'Dhenys Lima (9)','2023-03-13 13:22:09',0,'','1054'),(10896,'Ticket',484,'ITILFollowup',17,'Dhenys Lima (9)','2023-03-13 13:22:20',0,'','1055'),(10897,'Ticket',484,'',0,'Dhenys Lima (9)','2023-03-13 13:22:24',12,'2','5'),(10898,'Ticket',484,'',0,'Dhenys Lima (9)','2023-03-13 13:22:24',17,'','2023-03-13 10:22:24'),(10899,'Ticket',484,'ITILSolution',17,'Dhenys Lima (9)','2023-03-13 13:22:24',0,'','493 (493)'),(10900,'ITILSolution',493,'0',20,'Dhenys Lima (9)','2023-03-13 13:22:24',0,'',''),(10901,'Ticket',485,'User',15,'Gabriel Amaral (298)','2023-03-13 13:32:33',4,'','Gabriel Amaral (298)'),(10902,'Ticket',485,'0',20,'Gabriel Amaral (298)','2023-03-13 13:32:33',0,'',''),(10903,'Ticket',485,'',0,'Dhenys Lima (9)','2023-03-13 13:32:56',150,'0','23'),(10904,'Ticket',485,'',0,'Dhenys Lima (9)','2023-03-13 13:32:56',64,'amaral6470@gmail.com (298)','dhenys@cnsystem.com.br (9)'),(10905,'Ticket',485,'ITILFollowup',17,'Dhenys Lima (9)','2023-03-13 13:32:56',0,'','1056'),(10906,'Ticket',485,'User',15,'Dhenys Lima (9)','2023-03-13 13:33:00',5,'','Dhenys Lima (9)'),(10907,'Ticket',485,'',0,'Dhenys Lima (9)','2023-03-13 13:33:00',12,'1','2'),(10908,'Ticket',485,'Computer',15,'Dhenys Lima (9)','2023-03-13 13:33:08',0,'','ET-01-021 (44)'),(10909,'Computer',44,'Ticket',15,'Dhenys Lima (9)','2023-03-13 13:33:08',0,'','Arquivos (485)'),(10910,'Ticket',485,'ITILFollowup',17,'Dhenys Lima (9)','2023-03-13 13:33:47',0,'','1057'),(10911,'Ticket',486,'User',15,'Tatiani Recalcattii (276)','2023-03-13 13:52:17',4,'','Tatiani Recalcattii (276)'),(10912,'Ticket',486,'0',20,'Tatiani Recalcattii (276)','2023-03-13 13:52:17',0,'',''),(10913,'Ticket',486,'',0,'Dhenys Lima (9)','2023-03-13 13:52:44',150,'0','27'),(10914,'Ticket',486,'',0,'Dhenys Lima (9)','2023-03-13 13:52:44',64,'tatianerecalcatti@hotmail.com (276)','dhenys@cnsystem.com.br (9)'),(10915,'Ticket',486,'ITILFollowup',17,'Dhenys Lima (9)','2023-03-13 13:52:44',0,'','1058'),(10916,'Ticket',486,'User',15,'Dhenys Lima (9)','2023-03-13 13:52:59',5,'','Dhenys Lima (9)'),(10917,'Ticket',486,'',0,'Dhenys Lima (9)','2023-03-13 13:52:59',12,'1','2'),(10918,'Ticket',486,'Printer',15,'Dhenys Lima (9)','2023-03-13 13:53:07',0,'','SELB - NA33 (5)'),(10919,'Printer',5,'Ticket',15,'Dhenys Lima (9)','2023-03-13 13:53:07',0,'','IMPRESSORA COM PROBLEMA (486)'),(10920,'Ticket',485,'ITILFollowup',17,'Dhenys Lima (9)','2023-03-13 18:32:54',0,'','1059'),(10921,'Ticket',485,'',0,'Dhenys Lima (9)','2023-03-13 18:32:58',12,'2','5'),(10922,'Ticket',485,'',0,'Dhenys Lima (9)','2023-03-13 18:32:58',17,'','2023-03-13 15:32:58'),(10923,'Ticket',485,'ITILSolution',17,'Dhenys Lima (9)','2023-03-13 18:32:58',0,'','494 (494)'),(10924,'ITILSolution',494,'0',20,'Dhenys Lima (9)','2023-03-13 18:32:58',0,'',''),(10925,'Ticket',486,'ITILFollowup',17,'Dhenys Lima (9)','2023-03-13 18:33:19',0,'','1060'),(10926,'Ticket',486,'',0,'Dhenys Lima (9)','2023-03-13 18:33:24',12,'2','5'),(10927,'Ticket',486,'',0,'Dhenys Lima (9)','2023-03-13 18:33:24',17,'','2023-03-13 15:33:24'),(10928,'Ticket',486,'ITILSolution',17,'Dhenys Lima (9)','2023-03-13 18:33:24',0,'','495 (495)'),(10929,'ITILSolution',495,'0',20,'Dhenys Lima (9)','2023-03-13 18:33:24',0,'',''),(10930,'Ticket',381,'',0,'Fernanda Bauer (102)','2023-03-13 22:21:58',12,'5','6'),(10931,'Ticket',381,'',0,'Fernanda Bauer (102)','2023-03-13 22:21:58',16,'','2023-03-13 19:21:58'),(10932,'Ticket',381,'ITILFollowup',17,'Fernanda Bauer (102)','2023-03-13 22:21:58',0,'','1061'),(10933,'Ticket',487,'User',15,'Rafaela Silva (297)','2023-03-13 22:23:41',4,'','Rafaela Silva (297)'),(10934,'Ticket',487,'0',20,'Rafaela Silva (297)','2023-03-13 22:23:41',0,'',''),(10935,'Ticket',487,'',0,'Dhenys Lima (9)','2023-03-13 22:25:19',150,'0','1'),(10936,'Ticket',487,'',0,'Dhenys Lima (9)','2023-03-13 22:25:19',64,'rafaela121722@gmail.com (297)','dhenys@cnsystem.com.br (9)'),(10937,'Ticket',487,'ITILFollowup',17,'Dhenys Lima (9)','2023-03-13 22:25:19',0,'','1062'),(10938,'Ticket',487,'User',15,'Dhenys Lima (9)','2023-03-13 22:25:28',5,'','Dhenys Lima (9)'),(10939,'Ticket',487,'',0,'Dhenys Lima (9)','2023-03-13 22:25:28',12,'1','2'),(10940,'Ticket',487,'Printer',15,'Dhenys Lima (9)','2023-03-13 22:25:37',0,'','SELB - TO13 (20)'),(10941,'Printer',20,'Ticket',15,'Dhenys Lima (9)','2023-03-13 22:25:37',0,'','impressora com problema. (487)'),(10942,'Ticket',488,'User',15,'Dhenys Lima (9)','2023-03-13 23:14:48',4,'','Dhenys Lima (9)'),(10943,'Ticket',488,'',0,'Dhenys Lima (9)','2023-03-13 23:14:48',150,'0','16200'),(10944,'Ticket',488,'User',15,'Dhenys Lima (9)','2023-03-13 23:14:48',5,'','Dhenys Lima (9)'),(10945,'Ticket',488,'0',20,'Dhenys Lima (9)','2023-03-13 23:14:48',0,'',''),(10946,'Ticket',489,'User',15,'Dhenys Lima (9)','2023-03-13 23:16:11',4,'','Dhenys Lima (9)'),(10947,'Ticket',489,'',0,'Dhenys Lima (9)','2023-03-13 23:16:11',150,'0','16200'),(10948,'Ticket',489,'User',15,'Dhenys Lima (9)','2023-03-13 23:16:11',5,'','Dhenys Lima (9)'),(10949,'Ticket',489,'0',20,'Dhenys Lima (9)','2023-03-13 23:16:11',0,'',''),(10950,'Ticket',489,'',0,'Dhenys Lima (9)','2023-03-13 23:17:00',30,'Solução - Média (10)','&nbsp; (0)'),(10951,'Ticket',489,'',0,'Dhenys Lima (9)','2023-03-13 23:17:00',18,'2023-03-13 17:00:00',NULL),(10952,'Ticket',488,'',0,'Dhenys Lima (9)','2023-03-13 23:17:11',30,'Solução - Média (10)','&nbsp; (0)'),(10953,'Ticket',488,'',0,'Dhenys Lima (9)','2023-03-13 23:17:11',18,'2023-03-13 17:00:00',NULL),(10954,'Ticket',488,'ITILFollowup',17,'Dhenys Lima (9)','2023-03-13 23:17:56',0,'','1063'),(10955,'Ticket',488,'',0,'Dhenys Lima (9)','2023-03-13 23:19:01',12,'2','5'),(10956,'Ticket',488,'',0,'Dhenys Lima (9)','2023-03-13 23:19:01',17,'','2023-03-13 20:19:01'),(10957,'Ticket',488,'ITILSolution',17,'Dhenys Lima (9)','2023-03-13 23:19:01',0,'','496 (496)'),(10958,'ITILSolution',496,'0',20,'Dhenys Lima (9)','2023-03-13 23:19:01',0,'',''),(10959,'Ticket',488,'',0,'Dhenys Lima (9)','2023-03-13 23:19:04',12,'5','6'),(10960,'Ticket',488,'ITILFollowup',17,'Dhenys Lima (9)','2023-03-13 23:19:04',0,'','1064'),(10961,'Ticket',489,'',0,'Dhenys Lima (9)','2023-03-13 23:19:51',37,'Primeira Resposta - Média (9)','&nbsp; (0)'),(10962,'Ticket',489,'',0,'Dhenys Lima (9)','2023-03-13 23:19:51',155,'2023-03-13 15:00:00',NULL),(10963,'Ticket',489,'',0,'Dhenys Lima (9)','2023-03-13 23:19:57',12,'2','4'),(10964,'Ticket',487,'ITILFollowup',17,'Dhenys Lima (9)','2023-03-13 23:20:50',0,'','1065'),(10965,'Ticket',90,'ITILFollowup',17,'Dhenys Lima (9)','2023-03-13 23:21:27',0,'','1066'),(10966,'Ticket',490,'User',15,'Edinara Amalcaburio (77)','2023-03-14 10:33:15',4,'','Edinara Amalcaburio (77)'),(10967,'Ticket',490,'0',20,'Edinara Amalcaburio (77)','2023-03-14 10:33:15',0,'',''),(10968,'Ticket',490,'',0,'Dhenys Lima (9)','2023-03-14 11:47:05',150,'0','2825'),(10969,'Ticket',490,'',0,'Dhenys Lima (9)','2023-03-14 11:47:05',64,'e.amalcaburio2109@gmail.com (77)','dhenys@cnsystem.com.br (9)'),(10970,'Ticket',490,'ITILFollowup',17,'Dhenys Lima (9)','2023-03-14 11:47:05',0,'','1067'),(10971,'Ticket',490,'User',15,'Dhenys Lima (9)','2023-03-14 11:47:10',5,'','Dhenys Lima (9)'),(10972,'Ticket',490,'',0,'Dhenys Lima (9)','2023-03-14 11:47:10',12,'1','2'),(10973,'Ticket',490,'Printer',15,'Dhenys Lima (9)','2023-03-14 11:47:21',0,'','SELB - NA33 (5)'),(10974,'Printer',5,'Ticket',15,'Dhenys Lima (9)','2023-03-14 11:47:21',0,'','IMPRESSORA COM PROBLEMA. (490)'),(10975,'Ticket',490,'ITILFollowup',17,'Dhenys Lima (9)','2023-03-14 11:47:37',0,'','1068'),(10976,'Ticket',490,'',0,'Dhenys Lima (9)','2023-03-14 11:47:43',12,'2','5'),(10977,'Ticket',490,'',0,'Dhenys Lima (9)','2023-03-14 11:47:43',17,'','2023-03-14 08:47:43'),(10978,'Ticket',490,'ITILSolution',17,'Dhenys Lima (9)','2023-03-14 11:47:43',0,'','497 (497)'),(10979,'ITILSolution',497,'0',20,'Dhenys Lima (9)','2023-03-14 11:47:43',0,'',''),(10980,'Ticket',491,'User',15,'Isadora Buzzacao (127)','2023-03-14 13:53:08',4,'','Isadora Buzzacao (127)'),(10981,'Ticket',491,'0',20,'Isadora Buzzacao (127)','2023-03-14 13:53:08',0,'',''),(10982,'Ticket',490,'',0,'Edinara Amalcaburio (77)','2023-03-14 17:14:16',12,'5','6'),(10983,'Ticket',490,'',0,'Edinara Amalcaburio (77)','2023-03-14 17:14:16',16,'','2023-03-14 14:14:16'),(10984,'Ticket',490,'ITILFollowup',17,'Edinara Amalcaburio (77)','2023-03-14 17:14:16',0,'','1069'),(10985,'Ticket',491,'',0,'Dhenys Lima (9)','2023-03-14 17:33:58',150,'0','7850'),(10986,'Ticket',491,'',0,'Dhenys Lima (9)','2023-03-14 17:33:58',64,'ibuzzacaro@hotmail.com (127)','dhenys@cnsystem.com.br (9)'),(10987,'Ticket',491,'ITILFollowup',17,'Dhenys Lima (9)','2023-03-14 17:33:58',0,'','1070'),(10988,'Ticket',491,'User',15,'Dhenys Lima (9)','2023-03-14 17:34:01',5,'','Dhenys Lima (9)'),(10989,'Ticket',491,'',0,'Dhenys Lima (9)','2023-03-14 17:34:01',12,'1','2'),(10990,'Ticket',487,'',0,'Dhenys Lima (9)','2023-03-14 17:34:33',12,'2','5'),(10991,'Ticket',487,'',0,'Dhenys Lima (9)','2023-03-14 17:34:33',17,'','2023-03-14 14:34:33'),(10992,'Ticket',487,'ITILSolution',17,'Dhenys Lima (9)','2023-03-14 17:34:33',0,'','498 (498)'),(10993,'ITILSolution',498,'0',20,'Dhenys Lima (9)','2023-03-14 17:34:33',0,'',''),(10994,'Ticket',491,'ITILFollowup',17,'Dhenys Lima (9)','2023-03-14 17:39:19',0,'','1071'),(10995,'Ticket',491,'',0,'Dhenys Lima (9)','2023-03-14 17:40:10',12,'2','5'),(10996,'Ticket',491,'',0,'Dhenys Lima (9)','2023-03-14 17:40:10',17,'','2023-03-14 14:40:10'),(10997,'Ticket',491,'ITILSolution',17,'Dhenys Lima (9)','2023-03-14 17:40:10',0,'','499 (499)'),(10998,'ITILSolution',499,'0',20,'Dhenys Lima (9)','2023-03-14 17:40:10',0,'',''),(10999,'Ticket',492,'User',15,'Gabriel Amaral (298)','2023-03-14 19:49:23',4,'','Gabriel Amaral (298)'),(11000,'Ticket',492,'0',20,'Gabriel Amaral (298)','2023-03-14 19:49:23',0,'',''),(11001,'Ticket',492,'',0,'Dhenys Lima (9)','2023-03-14 19:51:19',150,'0','116'),(11002,'Ticket',492,'',0,'Dhenys Lima (9)','2023-03-14 19:51:19',64,'amaral6470@gmail.com (298)','dhenys@cnsystem.com.br (9)'),(11003,'Ticket',492,'ITILFollowup',17,'Dhenys Lima (9)','2023-03-14 19:51:19',0,'','1072'),(11004,'Ticket',492,'User',15,'Dhenys Lima (9)','2023-03-14 19:54:05',5,'','Dhenys Lima (9)'),(11005,'Ticket',492,'',0,'Dhenys Lima (9)','2023-03-14 19:54:05',12,'1','2'),(11006,'Ticket',492,'Computer',15,'Dhenys Lima (9)','2023-03-14 19:54:18',0,'','ET-01-021 (44)'),(11007,'Computer',44,'Ticket',15,'Dhenys Lima (9)','2023-03-14 19:54:18',0,'','telefone (492)'),(11008,'Ticket',492,'',0,'Dhenys Lima (9)','2023-03-14 19:54:25',12,'2','5'),(11009,'Ticket',492,'',0,'Dhenys Lima (9)','2023-03-14 19:54:25',17,'','2023-03-14 16:54:25'),(11010,'Ticket',492,'ITILSolution',17,'Dhenys Lima (9)','2023-03-14 19:54:25',0,'','500 (500)'),(11011,'ITILSolution',500,'0',20,'Dhenys Lima (9)','2023-03-14 19:54:25',0,'',''),(11012,'Ticket',493,'User',15,'Dhenys Lima (9)','2023-03-15 11:53:23',4,'','Dhenys Lima (9)'),(11013,'Ticket',493,'',0,'Dhenys Lima (9)','2023-03-15 11:53:23',150,'0','1'),(11014,'Ticket',493,'User',15,'Dhenys Lima (9)','2023-03-15 11:53:23',5,'','Dhenys Lima (9)'),(11015,'Ticket',493,'0',20,'Dhenys Lima (9)','2023-03-15 11:53:23',0,'',''),(11016,'Ticket',493,'ITILFollowup',17,'Dhenys Lima (9)','2023-03-15 11:54:30',0,'','1073'),(11017,'Ticket',493,'',0,'Dhenys Lima (9)','2023-03-15 11:54:40',12,'2','5'),(11018,'Ticket',493,'',0,'Dhenys Lima (9)','2023-03-15 11:54:40',17,'','2023-03-15 09:00:00'),(11019,'Ticket',493,'ITILSolution',17,'Dhenys Lima (9)','2023-03-15 11:54:40',0,'','501 (501)'),(11020,'ITILSolution',501,'0',20,'Dhenys Lima (9)','2023-03-15 11:54:40',0,'',''),(11021,'Ticket',493,'',0,'Dhenys Lima (9)','2023-03-15 11:55:04',12,'5','6'),(11022,'Ticket',493,'ITILFollowup',17,'Dhenys Lima (9)','2023-03-15 11:55:04',0,'','1074'),(11023,'Ticket',494,'User',15,'Dhenys Lima (9)','2023-03-15 12:34:50',4,'','Dhenys Lima (9)'),(11024,'Ticket',494,'',0,'Dhenys Lima (9)','2023-03-15 12:34:50',150,'0','290'),(11025,'Ticket',494,'User',15,'Dhenys Lima (9)','2023-03-15 12:34:50',5,'','Dhenys Lima (9)'),(11026,'Ticket',494,'0',20,'Dhenys Lima (9)','2023-03-15 12:34:50',0,'',''),(11027,'Ticket',494,'ITILFollowup',17,'Dhenys Lima (9)','2023-03-15 12:36:48',0,'','1075'),(11028,'Ticket',494,'ITILFollowup',17,'Dhenys Lima (9)','2023-03-15 12:36:58',0,'','1076'),(11029,'Ticket',494,'ITILFollowup',17,'Dhenys Lima (9)','2023-03-15 12:37:29',0,'','1077'),(11030,'Ticket',494,'ITILFollowup',17,'Dhenys Lima (9)','2023-03-15 12:37:56',0,'','1078'),(11031,'Ticket',494,'',0,'Dhenys Lima (9)','2023-03-15 12:38:00',12,'2','5'),(11032,'Ticket',494,'',0,'Dhenys Lima (9)','2023-03-15 12:38:00',17,'','2023-03-15 09:38:00'),(11033,'Ticket',494,'ITILSolution',17,'Dhenys Lima (9)','2023-03-15 12:38:00',0,'','502 (502)'),(11034,'ITILSolution',502,'0',20,'Dhenys Lima (9)','2023-03-15 12:38:00',0,'',''),(11035,'Ticket',494,'',0,'Dhenys Lima (9)','2023-03-15 12:38:03',12,'5','6'),(11036,'Ticket',494,'ITILFollowup',17,'Dhenys Lima (9)','2023-03-15 12:38:03',0,'','1079'),(11037,'Ticket',90,'ITILFollowup',17,'Dhenys Lima (9)','2023-03-15 17:50:28',0,'','1080'),(11038,'Ticket',495,'User',15,'Dhenys Lima (9)','2023-03-15 17:55:06',4,'','Dhenys Lima (9)'),(11039,'Ticket',495,'',0,'Dhenys Lima (9)','2023-03-15 17:55:06',150,'0','1'),(11040,'Ticket',495,'User',15,'Dhenys Lima (9)','2023-03-15 17:55:06',5,'','Dhenys Lima (9)'),(11041,'Ticket',495,'0',20,'Dhenys Lima (9)','2023-03-15 17:55:06',0,'',''),(11042,'Ticket',495,'ITILFollowup',17,'Dhenys Lima (9)','2023-03-15 17:55:51',0,'','1081'),(11043,'Ticket',495,'ITILFollowup',17,'Dhenys Lima (9)','2023-03-15 18:15:37',0,'','1082'),(11044,'Ticket',496,'User',15,'Dhenys Lima (9)','2023-03-15 18:24:53',4,'','Dhenys Lima (9)'),(11045,'Ticket',496,'',0,'Dhenys Lima (9)','2023-03-15 18:24:53',150,'0','1'),(11046,'Ticket',496,'User',15,'Dhenys Lima (9)','2023-03-15 18:24:53',5,'','Dhenys Lima (9)'),(11047,'Ticket',496,'0',20,'Dhenys Lima (9)','2023-03-15 18:24:53',0,'',''),(11048,'Ticket',496,'ITILFollowup',17,'Dhenys Lima (9)','2023-03-15 18:25:41',0,'','1083'),(11049,'Ticket',496,'',0,'Dhenys Lima (9)','2023-03-15 18:25:52',12,'2','5'),(11050,'Ticket',496,'',0,'Dhenys Lima (9)','2023-03-15 18:25:52',17,'','2023-03-15 15:25:52'),(11051,'Ticket',496,'ITILSolution',17,'Dhenys Lima (9)','2023-03-15 18:25:52',0,'','503 (503)'),(11052,'ITILSolution',503,'0',20,'Dhenys Lima (9)','2023-03-15 18:25:52',0,'',''),(11053,'Ticket',496,'',0,'Dhenys Lima (9)','2023-03-15 18:25:55',12,'5','6'),(11054,'Ticket',496,'ITILFollowup',17,'Dhenys Lima (9)','2023-03-15 18:25:55',0,'','1084'),(11055,'Ticket',497,'User',15,'Dhenys Lima (9)','2023-03-15 18:40:11',4,'','Dhenys Lima (9)'),(11056,'Ticket',497,'',0,'Dhenys Lima (9)','2023-03-15 18:40:11',150,'0','11'),(11057,'Ticket',497,'User',15,'Dhenys Lima (9)','2023-03-15 18:40:11',5,'','Dhenys Lima (9)'),(11058,'Ticket',497,'0',20,'Dhenys Lima (9)','2023-03-15 18:40:11',0,'',''),(11059,'Ticket',497,'ITILFollowup',17,'Dhenys Lima (9)','2023-03-15 18:40:41',0,'','1085'),(11060,'Ticket',497,'ITILFollowup',17,'Dhenys Lima (9)','2023-03-15 18:53:08',0,'','1086'),(11061,'Ticket',497,'',0,'Dhenys Lima (9)','2023-03-15 18:53:13',12,'2','5'),(11062,'Ticket',497,'',0,'Dhenys Lima (9)','2023-03-15 18:53:13',17,'','2023-03-15 15:53:13'),(11063,'Ticket',497,'ITILSolution',17,'Dhenys Lima (9)','2023-03-15 18:53:13',0,'','504 (504)'),(11064,'ITILSolution',504,'0',20,'Dhenys Lima (9)','2023-03-15 18:53:13',0,'',''),(11065,'Ticket',497,'',0,'Dhenys Lima (9)','2023-03-15 18:53:16',12,'5','6'),(11066,'Ticket',497,'ITILFollowup',17,'Dhenys Lima (9)','2023-03-15 18:53:16',0,'','1087'),(11067,'Ticket',498,'User',15,'Dhenys Lima (9)','2023-03-15 19:16:23',4,'','Dhenys Lima (9)'),(11068,'Ticket',498,'',0,'Dhenys Lima (9)','2023-03-15 19:16:23',150,'0','83'),(11069,'Ticket',498,'User',15,'Dhenys Lima (9)','2023-03-15 19:16:23',5,'','Dhenys Lima (9)'),(11070,'Ticket',498,'0',20,'Dhenys Lima (9)','2023-03-15 19:16:23',0,'',''),(11071,'Ticket',498,'ITILFollowup',17,'Dhenys Lima (9)','2023-03-15 19:17:09',0,'','1088'),(11072,'Ticket',498,'Printer',15,'Dhenys Lima (9)','2023-03-15 19:17:20',0,'','SELB - 976V (1)'),(11073,'Printer',1,'Ticket',15,'Dhenys Lima (9)','2023-03-15 19:17:20',0,'','abrir chamado para selbetti impressora adm (498)'),(11074,'Ticket',498,'',0,'Dhenys Lima (9)','2023-03-15 19:17:29',12,'2','5'),(11075,'Ticket',498,'',0,'Dhenys Lima (9)','2023-03-15 19:17:29',17,'','2023-03-15 16:17:29'),(11076,'Ticket',498,'ITILSolution',17,'Dhenys Lima (9)','2023-03-15 19:17:29',0,'','505 (505)'),(11077,'ITILSolution',505,'0',20,'Dhenys Lima (9)','2023-03-15 19:17:29',0,'',''),(11078,'Ticket',498,'',0,'Dhenys Lima (9)','2023-03-15 19:17:32',12,'5','6'),(11079,'Ticket',498,'ITILFollowup',17,'Dhenys Lima (9)','2023-03-15 19:17:32',0,'','1089'),(11080,'Ticket',495,'ITILFollowup',17,'Dhenys Lima (9)','2023-03-15 19:26:46',0,'','1090'),(11081,'Ticket',495,'',0,'Dhenys Lima (9)','2023-03-15 19:26:51',12,'2','5'),(11082,'Ticket',495,'',0,'Dhenys Lima (9)','2023-03-15 19:26:51',17,'','2023-03-15 16:26:51'),(11083,'Ticket',495,'ITILSolution',17,'Dhenys Lima (9)','2023-03-15 19:26:51',0,'','506 (506)'),(11084,'ITILSolution',506,'0',20,'Dhenys Lima (9)','2023-03-15 19:26:51',0,'',''),(11085,'Ticket',495,'',0,'Dhenys Lima (9)','2023-03-15 19:27:00',12,'5','6'),(11086,'Ticket',495,'ITILFollowup',17,'Dhenys Lima (9)','2023-03-15 19:27:00',0,'','1091'),(11087,'Ticket',489,'',0,'Dhenys Lima (9)','2023-03-15 19:27:29',12,'4','2'),(11088,'Ticket',489,'ITILFollowup',17,'Dhenys Lima (9)','2023-03-15 19:27:29',0,'','1092'),(11089,'Ticket',489,'Software',15,'Dhenys Lima (9)','2023-03-15 19:27:37',0,'','G - HOSP (1)'),(11090,'Software',1,'Ticket',15,'Dhenys Lima (9)','2023-03-15 19:27:37',0,'','tirar relatorios para o rafa (489)'),(11091,'Ticket',489,'',0,'Dhenys Lima (9)','2023-03-15 19:27:45',12,'2','5'),(11092,'Ticket',489,'',0,'Dhenys Lima (9)','2023-03-15 19:27:45',17,'','2023-03-15 16:27:45'),(11093,'Ticket',489,'ITILSolution',17,'Dhenys Lima (9)','2023-03-15 19:27:45',0,'','507 (507)'),(11094,'ITILSolution',507,'0',20,'Dhenys Lima (9)','2023-03-15 19:27:45',0,'',''),(11095,'Ticket',489,'',0,'Dhenys Lima (9)','2023-03-15 19:27:47',12,'5','6'),(11096,'Ticket',489,'ITILFollowup',17,'Dhenys Lima (9)','2023-03-15 19:27:47',0,'','1093'),(11097,'Ticket',473,'ITILFollowup',17,'Dhenys Lima (9)','2023-03-15 19:46:57',0,'','1094'),(11098,'Ticket',473,'TicketTask',18,'Dhenys Lima (9)','2023-03-15 19:46:59',0,'','250'),(11099,'Phone',49,'0',20,'Dhenys Lima (9)','2023-03-15 19:49:47',0,'',''),(11100,'Ticket',478,'',0,'Dhenys Lima (9)','2023-03-15 20:06:10',12,'4','2'),(11101,'Ticket',478,'ITILFollowup',17,'Dhenys Lima (9)','2023-03-15 20:06:10',0,'','1095'),(11102,'Ticket',487,'',0,'Rafaela Silva (297)','2023-03-16 05:36:22',12,'5','6'),(11103,'Ticket',487,'',0,'Rafaela Silva (297)','2023-03-16 05:36:22',16,'','2023-03-16 02:36:22'),(11104,'Ticket',487,'ITILFollowup',17,'Rafaela Silva (297)','2023-03-16 05:36:22',0,'','1096'),(11105,'Ticket',478,'',0,'Dhenys Lima (9)','2023-03-16 14:26:16',12,'2','4'),(11106,'Ticket',499,'User',15,'Janaina Amaral (141)','2023-03-17 11:28:27',4,'','Janaina Amaral (141)'),(11107,'Ticket',499,'0',20,'Janaina Amaral (141)','2023-03-17 11:28:27',0,'',''),(11108,'Ticket',499,'',0,'Dhenys Lima (9)','2023-03-17 11:28:44',150,'0','17'),(11109,'Ticket',499,'',0,'Dhenys Lima (9)','2023-03-17 11:28:44',64,'janainaamaral994@gmail.com (141)','dhenys@cnsystem.com.br (9)'),(11110,'Ticket',499,'ITILFollowup',17,'Dhenys Lima (9)','2023-03-17 11:28:44',0,'','1097'),(11111,'Ticket',499,'User',15,'Dhenys Lima (9)','2023-03-17 11:28:48',5,'','Dhenys Lima (9)'),(11112,'Ticket',499,'',0,'Dhenys Lima (9)','2023-03-17 11:28:48',12,'1','2'),(11113,'Ticket',499,'Software',15,'Dhenys Lima (9)','2023-03-17 11:28:55',0,'','G - HOSP (1)'),(11114,'Software',1,'Ticket',15,'Dhenys Lima (9)','2023-03-17 11:28:55',0,'','liberação do campo aih (499)'),(11115,'Ticket',499,'ITILFollowup',17,'Dhenys Lima (9)','2023-03-17 11:30:51',0,'','1098'),(11116,'Ticket',499,'',0,'Dhenys Lima (9)','2023-03-17 11:31:02',12,'2','5'),(11117,'Ticket',499,'',0,'Dhenys Lima (9)','2023-03-17 11:31:02',17,'','2023-03-17 08:31:02'),(11118,'Ticket',499,'ITILSolution',17,'Dhenys Lima (9)','2023-03-17 11:31:02',0,'','508 (508)'),(11119,'ITILSolution',508,'0',20,'Dhenys Lima (9)','2023-03-17 11:31:02',0,'',''),(11120,'Ticket',484,'',0,'Jaqueline Camargo (299)','2023-03-17 11:51:16',12,'5','6'),(11121,'Ticket',484,'',0,'Jaqueline Camargo (299)','2023-03-17 11:51:16',16,'','2023-03-17 08:51:16'),(11122,'Ticket',484,'ITILFollowup',17,'Jaqueline Camargo (299)','2023-03-17 11:51:16',0,'','1099'),(11123,'Ticket',423,'',0,'Jaqueline Camargo (299)','2023-03-17 11:51:37',12,'5','6'),(11124,'Ticket',423,'',0,'Jaqueline Camargo (299)','2023-03-17 11:51:37',16,'','2023-03-17 08:51:37'),(11125,'Ticket',423,'ITILFollowup',17,'Jaqueline Camargo (299)','2023-03-17 11:51:37',0,'','1100'),(11126,'Ticket',425,'',0,'Jaqueline Camargo (299)','2023-03-17 11:51:59',12,'5','6'),(11127,'Ticket',425,'',0,'Jaqueline Camargo (299)','2023-03-17 11:51:59',16,'','2023-03-17 08:51:59'),(11128,'Ticket',425,'ITILFollowup',17,'Jaqueline Camargo (299)','2023-03-17 11:51:59',0,'','1101'),(11129,'Ticket',422,'',0,'Jaqueline Camargo (299)','2023-03-17 11:52:18',12,'5','6'),(11130,'Ticket',422,'',0,'Jaqueline Camargo (299)','2023-03-17 11:52:18',16,'','2023-03-17 08:52:18'),(11131,'Ticket',422,'ITILFollowup',17,'Jaqueline Camargo (299)','2023-03-17 11:52:18',0,'','1102'),(11132,'Ticket',395,'',0,'Jaqueline Camargo (299)','2023-03-17 11:52:34',12,'5','6'),(11133,'Ticket',395,'',0,'Jaqueline Camargo (299)','2023-03-17 11:52:34',16,'','2023-03-17 08:52:34'),(11134,'Ticket',395,'ITILFollowup',17,'Jaqueline Camargo (299)','2023-03-17 11:52:34',0,'','1103'),(11135,'Ticket',391,'',0,'Jaqueline Camargo (299)','2023-03-17 11:53:23',12,'5','6'),(11136,'Ticket',391,'',0,'Jaqueline Camargo (299)','2023-03-17 11:53:23',16,'','2023-03-17 08:53:23'),(11137,'Ticket',391,'ITILFollowup',17,'Jaqueline Camargo (299)','2023-03-17 11:53:23',0,'','1104'),(11138,'Ticket',390,'',0,'Jaqueline Camargo (299)','2023-03-17 11:53:33',12,'5','6'),(11139,'Ticket',390,'',0,'Jaqueline Camargo (299)','2023-03-17 11:53:33',16,'','2023-03-17 08:53:33'),(11140,'Ticket',390,'ITILFollowup',17,'Jaqueline Camargo (299)','2023-03-17 11:53:33',0,'','1105'),(11141,'Ticket',500,'User',15,'Estefani Lopes (94)','2023-03-17 12:04:08',4,'','Estefani Lopes (94)'),(11142,'Ticket',500,'0',20,'Estefani Lopes (94)','2023-03-17 12:04:08',0,'',''),(11143,'Ticket',500,'',0,'Dhenys Lima (9)','2023-03-17 12:04:32',150,'0','24'),(11144,'Ticket',500,'',0,'Dhenys Lima (9)','2023-03-17 12:04:32',64,'estefani.cristina.lopes@hotmail.com (94)','dhenys@cnsystem.com.br (9)'),(11145,'Ticket',500,'ITILFollowup',17,'Dhenys Lima (9)','2023-03-17 12:04:32',0,'','1106'),(11146,'Ticket',500,'Software',15,'Dhenys Lima (9)','2023-03-17 12:05:24',0,'','Betha Sistemas (4)'),(11147,'Software',4,'Ticket',15,'Dhenys Lima (9)','2023-03-17 12:05:24',0,'','Instalação sistema SAPO (antigo Betha) (500)'),(11148,'Ticket',486,'',0,'Tatiani Recalcattii (276)','2023-03-17 12:13:27',12,'5','6'),(11149,'Ticket',486,'',0,'Tatiani Recalcattii (276)','2023-03-17 12:13:27',16,'','2023-03-17 09:13:27'),(11150,'Ticket',486,'ITILFollowup',17,'Tatiani Recalcattii (276)','2023-03-17 12:13:27',0,'','1107'),(11151,'Ticket',471,'',0,'Tatiani Recalcattii (276)','2023-03-17 12:13:44',12,'5','6'),(11152,'Ticket',471,'',0,'Tatiani Recalcattii (276)','2023-03-17 12:13:44',16,'','2023-03-17 09:13:44'),(11153,'Ticket',471,'ITILFollowup',17,'Tatiani Recalcattii (276)','2023-03-17 12:13:44',0,'','1108'),(11154,'Ticket',459,'',0,'Tatiani Recalcattii (276)','2023-03-17 12:14:05',12,'5','6'),(11155,'Ticket',459,'',0,'Tatiani Recalcattii (276)','2023-03-17 12:14:05',16,'','2023-03-17 09:14:05'),(11156,'Ticket',459,'ITILFollowup',17,'Tatiani Recalcattii (276)','2023-03-17 12:14:05',0,'','1109'),(11157,'Ticket',341,'',0,'Tatiani Recalcattii (276)','2023-03-17 12:14:18',12,'5','6'),(11158,'Ticket',341,'',0,'Tatiani Recalcattii (276)','2023-03-17 12:14:18',16,'','2023-03-17 09:14:18'),(11159,'Ticket',341,'ITILFollowup',17,'Tatiani Recalcattii (276)','2023-03-17 12:14:18',0,'','1110'),(11160,'Ticket',501,'User',15,'Janaina Amaral (141)','2023-03-17 12:20:12',4,'','Janaina Amaral (141)'),(11161,'Ticket',501,'0',20,'Janaina Amaral (141)','2023-03-17 12:20:12',0,'',''),(11162,'Ticket',501,'',0,'Dhenys Lima (9)','2023-03-17 12:27:09',150,'0','417'),(11163,'Ticket',501,'',0,'Dhenys Lima (9)','2023-03-17 12:27:09',64,'janainaamaral994@gmail.com (141)','dhenys@cnsystem.com.br (9)'),(11164,'Ticket',501,'ITILFollowup',17,'Dhenys Lima (9)','2023-03-17 12:27:09',0,'','1111'),(11165,'Ticket',501,'User',15,'Dhenys Lima (9)','2023-03-17 12:27:13',5,'','Dhenys Lima (9)'),(11166,'Ticket',501,'',0,'Dhenys Lima (9)','2023-03-17 12:27:13',12,'1','2'),(11167,'Ticket',501,'Software',15,'Dhenys Lima (9)','2023-03-17 12:27:23',0,'','G - HOSP (1)'),(11168,'Software',1,'Ticket',15,'Dhenys Lima (9)','2023-03-17 12:27:23',0,'','ajuste (501)'),(11169,'Ticket',500,'TicketTask',17,'Eberson Muenchen (12)','2023-03-17 12:33:21',0,'','251'),(11170,'Ticket',500,'TicketTask',18,'Eberson Muenchen (12)','2023-03-17 12:40:41',0,'','251'),(11171,'Ticket',500,'TicketTask',17,'Eberson Muenchen (12)','2023-03-17 12:41:19',0,'','252'),(11172,'Ticket',500,'User',15,'Dhenys Lima (9)','2023-03-17 13:46:02',5,'','Dhenys Lima (9)'),(11173,'Ticket',500,'',0,'Dhenys Lima (9)','2023-03-17 13:46:02',12,'1','2'),(11174,'Ticket',501,'ITILFollowup',17,'Dhenys Lima (9)','2023-03-17 14:13:13',0,'','1112'),(11175,'Ticket',502,'User',15,'Glaucia Balbinot (121)','2023-03-17 14:19:10',4,'','Glaucia Balbinot (121)'),(11176,'Ticket',502,'0',20,'Glaucia Balbinot (121)','2023-03-17 14:19:10',0,'',''),(11177,'Ticket',502,'',0,'Dhenys Lima (9)','2023-03-17 16:01:55',150,'0','765'),(11178,'Ticket',502,'',0,'Dhenys Lima (9)','2023-03-17 16:01:55',64,'glauciabalbinot@gmail.com (121)','dhenys@cnsystem.com.br (9)'),(11179,'Ticket',502,'ITILFollowup',17,'Dhenys Lima (9)','2023-03-17 16:01:55',0,'','1113'),(11180,'Ticket',502,'User',15,'Dhenys Lima (9)','2023-03-17 16:02:00',5,'','Dhenys Lima (9)'),(11181,'Ticket',502,'',0,'Dhenys Lima (9)','2023-03-17 16:02:00',12,'1','2'),(11182,'Ticket',502,'Printer',15,'Dhenys Lima (9)','2023-03-17 16:02:12',0,'','SELB - TO13 (20)'),(11183,'Printer',20,'Ticket',15,'Dhenys Lima (9)','2023-03-17 16:02:12',0,'','impressora (502)'),(11184,'Ticket',503,'User',15,'Janaina Amaral (141)','2023-03-17 16:24:21',4,'','Janaina Amaral (141)'),(11185,'Ticket',503,'0',20,'Janaina Amaral (141)','2023-03-17 16:24:21',0,'',''),(11186,'Ticket',503,'',0,'Dhenys Lima (9)','2023-03-17 16:24:41',150,'0','20'),(11187,'Ticket',503,'',0,'Dhenys Lima (9)','2023-03-17 16:24:41',64,'janainaamaral994@gmail.com (141)','dhenys@cnsystem.com.br (9)'),(11188,'Ticket',503,'ITILFollowup',17,'Dhenys Lima (9)','2023-03-17 16:24:41',0,'','1114'),(11189,'Ticket',503,'User',15,'Dhenys Lima (9)','2023-03-17 16:24:44',5,'','Dhenys Lima (9)'),(11190,'Ticket',503,'',0,'Dhenys Lima (9)','2023-03-17 16:24:44',12,'1','2'),(11191,'Ticket',503,'Software',15,'Dhenys Lima (9)','2023-03-17 16:24:52',0,'','G - HOSP (1)'),(11192,'Software',1,'Ticket',15,'Dhenys Lima (9)','2023-03-17 16:24:52',0,'','ajuste (503)'),(11193,'Ticket',503,'TicketTask',17,'Dhenys Lima (9)','2023-03-17 16:32:58',0,'','253'),(11194,'Ticket',502,'ITILFollowup',17,'Dhenys Lima (9)','2023-03-17 17:06:18',0,'','1115'),(11195,'Ticket',502,'',0,'Dhenys Lima (9)','2023-03-17 17:06:22',12,'2','5'),(11196,'Ticket',502,'',0,'Dhenys Lima (9)','2023-03-17 17:06:22',17,'','2023-03-17 14:06:22'),(11197,'Ticket',502,'ITILSolution',17,'Dhenys Lima (9)','2023-03-17 17:06:22',0,'','509 (509)'),(11198,'ITILSolution',509,'0',20,'Dhenys Lima (9)','2023-03-17 17:06:22',0,'',''),(11199,'Ticket',504,'User',15,'Keyla Antunes (164)','2023-03-17 17:55:59',4,'','Keyla Antunes (164)'),(11200,'Ticket',504,'0',20,'Keyla Antunes (164)','2023-03-17 17:55:59',0,'',''),(11201,'Ticket',504,'',0,'Dhenys Lima (9)','2023-03-17 17:56:21',150,'0','22'),(11202,'Ticket',504,'',0,'Dhenys Lima (9)','2023-03-17 17:56:21',64,'keylaantunesn@gmail.com (164)','dhenys@cnsystem.com.br (9)'),(11203,'Ticket',504,'ITILFollowup',17,'Dhenys Lima (9)','2023-03-17 17:56:21',0,'','1116'),(11204,'Ticket',504,'User',15,'Dhenys Lima (9)','2023-03-17 17:56:25',5,'','Dhenys Lima (9)'),(11205,'Ticket',504,'',0,'Dhenys Lima (9)','2023-03-17 17:56:25',12,'1','2'),(11206,'Ticket',504,'Software',15,'Dhenys Lima (9)','2023-03-17 17:56:33',0,'','PAC Link Web (3)'),(11207,'Software',3,'Ticket',15,'Dhenys Lima (9)','2023-03-17 17:56:33',0,'','packlink não abre o da santa clara. (504)'),(11208,'Ticket',500,'',0,'Dhenys Lima (9)','2023-03-17 18:03:27',12,'2','4'),(11209,'Ticket',501,'',0,'Dhenys Lima (9)','2023-03-17 18:03:55',12,'2','4'),(11210,'Ticket',503,'',0,'Dhenys Lima (9)','2023-03-17 18:04:07',12,'2','4'),(11211,'Document',38,'0',20,'Elizangela Morais (178)','2023-03-17 18:13:29',0,'',''),(11212,'Document',38,'Ticket',15,'Elizangela Morais (178)','2023-03-17 18:13:29',0,'','não consigo logar para baixar tabela brasindice (505)'),(11213,'Ticket',505,'Document',15,'Elizangela Morais (178)','2023-03-17 18:13:29',0,'','Documento do Chamado 505 (38)'),(11214,'Ticket',505,'User',15,'Elizangela Morais (178)','2023-03-17 18:13:29',4,'','Elizangela Morais (178)'),(11215,'Ticket',505,'0',20,'Elizangela Morais (178)','2023-03-17 18:13:29',0,'',''),(11216,'Ticket',505,'',0,'Dhenys Lima (9)','2023-03-17 18:14:24',150,'0','55'),(11217,'Ticket',505,'',0,'Dhenys Lima (9)','2023-03-17 18:14:24',64,'lizabrunetto@gmail.com (178)','dhenys@cnsystem.com.br (9)'),(11218,'Ticket',505,'ITILFollowup',17,'Dhenys Lima (9)','2023-03-17 18:14:24',0,'','1117'),(11219,'Ticket',505,'User',15,'Dhenys Lima (9)','2023-03-17 18:14:28',5,'','Dhenys Lima (9)'),(11220,'Ticket',505,'',0,'Dhenys Lima (9)','2023-03-17 18:14:28',12,'1','2'),(11221,'Ticket',505,'Software',15,'Dhenys Lima (9)','2023-03-17 18:14:38',0,'','G - HOSP (1)'),(11222,'Software',1,'Ticket',15,'Dhenys Lima (9)','2023-03-17 18:14:38',0,'','não consigo logar para baixar tabela brasindice (505)'),(11223,'Ticket',506,'User',15,'Jaqueline Camargo (299)','2023-03-20 10:52:10',4,'','Jaqueline Camargo (299)'),(11224,'Ticket',506,'0',20,'Jaqueline Camargo (299)','2023-03-20 10:52:10',0,'',''),(11225,'Ticket',506,'ITILFollowup',17,'Jaqueline Camargo (299)','2023-03-20 10:53:25',0,'','1118'),(11226,'Ticket',506,'',0,'Dhenys Lima (9)','2023-03-20 11:18:08',150,'0','1088'),(11227,'Ticket',506,'',0,'Dhenys Lima (9)','2023-03-20 11:18:08',64,'jaquecamargo9408@gmail.com (299)','dhenys@cnsystem.com.br (9)'),(11228,'Ticket',506,'ITILFollowup',17,'Dhenys Lima (9)','2023-03-20 11:18:08',0,'','1119'),(11229,'Ticket',506,'User',15,'Dhenys Lima (9)','2023-03-20 11:18:14',5,'','Dhenys Lima (9)'),(11230,'Ticket',506,'',0,'Dhenys Lima (9)','2023-03-20 11:18:14',12,'1','2'),(11231,'Ticket',506,'Printer',15,'Dhenys Lima (9)','2023-03-20 11:18:29',0,'','SELB - 89DT (22)'),(11232,'Printer',22,'Ticket',15,'Dhenys Lima (9)','2023-03-20 11:18:29',0,'','impressões escuras (506)'),(11233,'Ticket',504,'',0,'Dhenys Lima (9)','2023-03-20 11:20:44',12,'2','5'),(11234,'Ticket',504,'',0,'Dhenys Lima (9)','2023-03-20 11:20:44',17,'','2023-03-20 08:20:44'),(11235,'Ticket',504,'ITILSolution',17,'Dhenys Lima (9)','2023-03-20 11:20:44',0,'','510 (510)'),(11236,'ITILSolution',510,'0',20,'Dhenys Lima (9)','2023-03-20 11:20:44',0,'',''),(11237,'Ticket',505,'ITILFollowup',17,'Dhenys Lima (9)','2023-03-20 11:24:06',0,'','1120'),(11238,'Ticket',505,'',0,'Dhenys Lima (9)','2023-03-20 11:29:13',12,'2','5'),(11239,'Ticket',505,'',0,'Dhenys Lima (9)','2023-03-20 11:29:13',17,'','2023-03-20 08:29:13'),(11240,'Ticket',505,'ITILSolution',17,'Dhenys Lima (9)','2023-03-20 11:29:13',0,'','511 (511)'),(11241,'ITILSolution',511,'0',20,'Dhenys Lima (9)','2023-03-20 11:29:13',0,'',''),(11242,'Ticket',506,'ITILFollowup',17,'Dhenys Lima (9)','2023-03-20 11:30:11',0,'','1121'),(11243,'Ticket',506,'',0,'Dhenys Lima (9)','2023-03-20 11:31:49',12,'2','5'),(11244,'Ticket',506,'',0,'Dhenys Lima (9)','2023-03-20 11:31:49',17,'','2023-03-20 08:31:49'),(11245,'Ticket',506,'ITILSolution',17,'Dhenys Lima (9)','2023-03-20 11:31:49',0,'','512 (512)'),(11246,'ITILSolution',512,'0',20,'Dhenys Lima (9)','2023-03-20 11:31:49',0,'',''),(11247,'Ticket',503,'TicketTask',18,'Dhenys Lima (9)','2023-03-20 11:32:09',0,'','253'),(11248,'Ticket',507,'User',15,'Elizangela Morais (178)','2023-03-20 11:58:32',4,'','Elizangela Morais (178)'),(11249,'Ticket',507,'0',20,'Elizangela Morais (178)','2023-03-20 11:58:32',0,'',''),(11250,'Ticket',507,'',0,'Dhenys Lima (9)','2023-03-20 12:02:37',150,'0','245'),(11251,'Ticket',507,'',0,'Dhenys Lima (9)','2023-03-20 12:02:37',64,'lizabrunetto@gmail.com (178)','dhenys@cnsystem.com.br (9)'),(11252,'Ticket',507,'ITILFollowup',17,'Dhenys Lima (9)','2023-03-20 12:02:37',0,'','1122'),(11253,'Ticket',507,'User',15,'Dhenys Lima (9)','2023-03-20 12:02:40',5,'','Dhenys Lima (9)'),(11254,'Ticket',507,'',0,'Dhenys Lima (9)','2023-03-20 12:02:40',12,'1','2'),(11255,'Ticket',507,'Computer',15,'Dhenys Lima (9)','2023-03-20 12:02:49',0,'','ET-01-086 (16)'),(11256,'Computer',16,'Ticket',15,'Dhenys Lima (9)','2023-03-20 12:02:49',0,'','ativação de office (507)'),(11257,'Ticket',507,'ITILFollowup',17,'Dhenys Lima (9)','2023-03-20 12:03:13',0,'','1123'),(11258,'Ticket',507,'ITILFollowup',17,'Dhenys Lima (9)','2023-03-20 12:03:24',0,'','1124'),(11259,'Ticket',507,'ITILFollowup',17,'Dhenys Lima (9)','2023-03-20 12:39:31',0,'','1125'),(11260,'Ticket',507,'',0,'Dhenys Lima (9)','2023-03-20 12:39:35',12,'2','5'),(11261,'Ticket',507,'',0,'Dhenys Lima (9)','2023-03-20 12:39:35',17,'','2023-03-20 09:39:35'),(11262,'Ticket',507,'ITILSolution',17,'Dhenys Lima (9)','2023-03-20 12:39:35',0,'','513 (513)'),(11263,'ITILSolution',513,'0',20,'Dhenys Lima (9)','2023-03-20 12:39:35',0,'',''),(11264,'Ticket',507,'',0,'Elizangela Morais (178)','2023-03-20 12:40:30',12,'5','6'),(11265,'Ticket',507,'',0,'Elizangela Morais (178)','2023-03-20 12:40:30',16,'','2023-03-20 09:40:30'),(11266,'Ticket',507,'ITILFollowup',17,'Elizangela Morais (178)','2023-03-20 12:40:30',0,'','1126'),(11267,'User',302,'UserEmail',17,'Dhenys Lima (9)','2023-03-20 12:42:04',0,'','vaniabasiliorh@gmail.com (293)'),(11268,'UserEmail',293,'0',20,'Dhenys Lima (9)','2023-03-20 12:42:04',0,'',''),(11269,'User',302,'Profile',17,'Dhenys Lima (9)','2023-03-20 12:42:04',0,'','Self-Service (1)'),(11270,'User',302,'0',20,'Dhenys Lima (9)','2023-03-20 12:42:04',0,'',''),(11271,'Ticket',508,'User',15,'Vania Basilio (302)','2023-03-20 12:43:10',4,'','Vania Basilio (302)'),(11272,'Ticket',508,'0',20,'Vania Basilio (302)','2023-03-20 12:43:10',0,'',''),(11273,'Ticket',508,'',0,'Dhenys Lima (9)','2023-03-20 12:43:33',150,'0','23'),(11274,'Ticket',508,'',0,'Dhenys Lima (9)','2023-03-20 12:43:33',64,'vaniabasiliorh@gmail.com (302)','dhenys@cnsystem.com.br (9)'),(11275,'Ticket',508,'ITILFollowup',17,'Dhenys Lima (9)','2023-03-20 12:43:33',0,'','1127'),(11276,'Ticket',508,'User',15,'Dhenys Lima (9)','2023-03-20 12:43:36',5,'','Dhenys Lima (9)'),(11277,'Ticket',508,'',0,'Dhenys Lima (9)','2023-03-20 12:43:36',12,'1','2'),(11278,'Ticket',508,'Computer',15,'Dhenys Lima (9)','2023-03-20 12:43:48',0,'','ET-01-007 (71)'),(11279,'Computer',71,'Ticket',15,'Dhenys Lima (9)','2023-03-20 12:43:48',0,'','Liberar modulos betha (508)'),(11280,'Ticket',508,'Software',15,'Dhenys Lima (9)','2023-03-20 12:43:54',0,'','Betha Sistemas (4)'),(11281,'Software',4,'Ticket',15,'Dhenys Lima (9)','2023-03-20 12:43:54',0,'','Liberar modulos betha (508)'),(11282,'Ticket',508,'ITILFollowup',17,'Dhenys Lima (9)','2023-03-20 12:44:14',0,'','1128'),(11283,'Ticket',506,'',0,'Jaqueline Camargo (299)','2023-03-20 15:48:08',12,'5','6'),(11284,'Ticket',506,'',0,'Jaqueline Camargo (299)','2023-03-20 15:48:08',16,'','2023-03-20 12:48:08'),(11285,'Ticket',506,'ITILFollowup',17,'Jaqueline Camargo (299)','2023-03-20 15:48:08',0,'','1129'),(11286,'Ticket',509,'User',15,'Gilvane Santos (118)','2023-03-20 18:05:29',4,'','Gilvane Santos (118)'),(11287,'Ticket',509,'0',20,'Gilvane Santos (118)','2023-03-20 18:05:29',0,'',''),(11288,'Ticket',509,'',0,'Dhenys Lima (9)','2023-03-20 18:05:56',150,'0','27'),(11289,'Ticket',509,'',0,'Dhenys Lima (9)','2023-03-20 18:05:56',64,'giltbsantos@hotmail.com (118)','dhenys@cnsystem.com.br (9)'),(11290,'Ticket',509,'ITILFollowup',17,'Dhenys Lima (9)','2023-03-20 18:05:56',0,'','1130'),(11291,'Ticket',509,'User',15,'Dhenys Lima (9)','2023-03-20 18:06:01',5,'','Dhenys Lima (9)'),(11292,'Ticket',509,'',0,'Dhenys Lima (9)','2023-03-20 18:06:01',12,'1','2'),(11293,'Ticket',509,'ITILFollowup',17,'Dhenys Lima (9)','2023-03-20 18:06:26',0,'','1131'),(11294,'Ticket',508,'',0,'Dhenys Lima (9)','2023-03-20 18:21:40',12,'2','5'),(11295,'Ticket',508,'',0,'Dhenys Lima (9)','2023-03-20 18:21:40',17,'','2023-03-20 15:21:40'),(11296,'Ticket',508,'ITILSolution',17,'Dhenys Lima (9)','2023-03-20 18:21:40',0,'','514 (514)'),(11297,'ITILSolution',514,'0',20,'Dhenys Lima (9)','2023-03-20 18:21:40',0,'',''),(11298,'Ticket',509,'ITILFollowup',17,'Dhenys Lima (9)','2023-03-20 20:10:29',0,'','1132'),(11299,'Ticket',509,'',0,'Dhenys Lima (9)','2023-03-20 20:11:53',12,'2','5'),(11300,'Ticket',509,'',0,'Dhenys Lima (9)','2023-03-20 20:11:53',17,'','2023-03-20 17:11:53'),(11301,'Ticket',509,'ITILSolution',17,'Dhenys Lima (9)','2023-03-20 20:11:53',0,'','515 (515)'),(11302,'ITILSolution',515,'0',20,'Dhenys Lima (9)','2023-03-20 20:11:53',0,'',''),(11303,'Ticket',510,'User',15,'Daniela Thibes (62)','2023-03-21 12:21:34',4,'','Daniela Thibes (62)'),(11304,'Ticket',510,'0',20,'Daniela Thibes (62)','2023-03-21 12:21:34',0,'',''),(11305,'Ticket',510,'',0,'Dhenys Lima (9)','2023-03-21 12:27:16',150,'0','342'),(11306,'Ticket',510,'',0,'Dhenys Lima (9)','2023-03-21 12:27:16',64,'daniela.thibes@yahoo.com (62)','dhenys@cnsystem.com.br (9)'),(11307,'Ticket',510,'ITILFollowup',17,'Dhenys Lima (9)','2023-03-21 12:27:16',0,'','1133'),(11308,'Ticket',510,'User',15,'Dhenys Lima (9)','2023-03-21 12:27:20',5,'','Dhenys Lima (9)'),(11309,'Ticket',510,'',0,'Dhenys Lima (9)','2023-03-21 12:27:20',12,'1','2'),(11310,'Ticket',510,'Printer',15,'Dhenys Lima (9)','2023-03-21 12:27:30',0,'','SELB - AL35 (23)'),(11311,'Printer',23,'Ticket',15,'Dhenys Lima (9)','2023-03-21 12:27:30',0,'','CONFIGURACAO IMPRESSORA (510)'),(11312,'Ticket',510,'ITILFollowup',17,'Dhenys Lima (9)','2023-03-21 12:34:41',0,'','1134'),(11313,'Ticket',510,'',0,'Dhenys Lima (9)','2023-03-21 12:34:47',12,'2','5'),(11314,'Ticket',510,'',0,'Dhenys Lima (9)','2023-03-21 12:34:47',17,'','2023-03-21 09:34:47'),(11315,'Ticket',510,'ITILSolution',17,'Dhenys Lima (9)','2023-03-21 12:34:47',0,'','516 (516)'),(11316,'ITILSolution',516,'0',20,'Dhenys Lima (9)','2023-03-21 12:34:47',0,'',''),(11317,'Ticket',510,'',0,'Daniela Thibes (62)','2023-03-21 12:38:52',12,'5','6'),(11318,'Ticket',510,'',0,'Daniela Thibes (62)','2023-03-21 12:38:52',16,'','2023-03-21 09:38:52'),(11319,'Ticket',510,'ITILFollowup',17,'Daniela Thibes (62)','2023-03-21 12:38:52',0,'','1135'),(11320,'Ticket',500,'TicketTask',18,'Eberson Muenchen (12)','2023-03-21 13:02:07',0,'','252'),(11321,'Ticket',500,'TicketTask',17,'Eberson Muenchen (12)','2023-03-21 13:02:46',0,'','254'),(11322,'Ticket',511,'User',15,'Dhenys Lima (9)','2023-03-21 13:10:32',4,'','Dhenys Lima (9)'),(11323,'Ticket',511,'',0,'Dhenys Lima (9)','2023-03-21 13:10:32',150,'0','32'),(11324,'Ticket',511,'User',15,'Dhenys Lima (9)','2023-03-21 13:10:32',5,'','Dhenys Lima (9)'),(11325,'Ticket',511,'0',20,'Dhenys Lima (9)','2023-03-21 13:10:32',0,'',''),(11326,'Ticket',511,'ITILFollowup',17,'Dhenys Lima (9)','2023-03-21 13:13:31',0,'','1136'),(11327,'Ticket',503,'ITILFollowup',17,'Dhenys Lima (9)','2023-03-21 14:01:35',0,'','1137'),(11328,'Ticket',503,'ITILFollowup',17,'Dhenys Lima (9)','2023-03-21 14:02:34',0,'','1138'),(11329,'Ticket',512,'User',15,'Dhenys Lima (9)','2023-03-21 14:27:41',4,'','Dhenys Lima (9)'),(11330,'Ticket',512,'',0,'Dhenys Lima (9)','2023-03-21 14:27:41',150,'0','161'),(11331,'Ticket',512,'User',15,'Dhenys Lima (9)','2023-03-21 14:27:41',5,'','Dhenys Lima (9)'),(11332,'Ticket',512,'0',20,'Dhenys Lima (9)','2023-03-21 14:27:41',0,'',''),(11333,'Ticket',512,'ITILFollowup',17,'Dhenys Lima (9)','2023-03-21 14:28:06',0,'','1139'),(11334,'Ticket',513,'User',15,'Mariane Borges (189)','2023-03-21 16:03:29',4,'','Mariane Borges (189)'),(11335,'Ticket',513,'0',20,'Mariane Borges (189)','2023-03-21 16:03:29',0,'',''),(11336,'Ticket',513,'',0,'Dhenys Lima (9)','2023-03-21 16:03:55',150,'0','26'),(11337,'Ticket',513,'',0,'Dhenys Lima (9)','2023-03-21 16:03:55',64,'mariane_borges@fhja.com.br (189)','dhenys@cnsystem.com.br (9)'),(11338,'Ticket',513,'ITILFollowup',17,'Dhenys Lima (9)','2023-03-21 16:03:55',0,'','1140'),(11339,'Ticket',513,'User',15,'Dhenys Lima (9)','2023-03-21 16:03:59',5,'','Dhenys Lima (9)'),(11340,'Ticket',513,'',0,'Dhenys Lima (9)','2023-03-21 16:03:59',12,'1','2'),(11341,'Ticket',514,'User',15,'Maria Moraes (188)','2023-03-21 16:26:50',4,'','Maria Moraes (188)'),(11342,'Ticket',514,'0',20,'Maria Moraes (188)','2023-03-21 16:26:50',0,'',''),(11343,'Ticket',514,'',0,'Dhenys Lima (9)','2023-03-21 17:55:13',150,'0','5303'),(11344,'Ticket',514,'',0,'Dhenys Lima (9)','2023-03-21 17:55:13',64,'marialidiamoraes@outlook.com (188)','dhenys@cnsystem.com.br (9)'),(11345,'Ticket',514,'ITILFollowup',17,'Dhenys Lima (9)','2023-03-21 17:55:13',0,'','1141'),(11346,'Ticket',514,'User',15,'Dhenys Lima (9)','2023-03-21 17:56:38',5,'','Dhenys Lima (9)'),(11347,'Ticket',514,'',0,'Dhenys Lima (9)','2023-03-21 17:56:38',12,'1','2'),(11348,'Ticket',513,'ITILFollowup',17,'Dhenys Lima (9)','2023-03-21 18:40:28',0,'','1142'),(11349,'Ticket',513,'',0,'Dhenys Lima (9)','2023-03-21 18:40:31',12,'2','5'),(11350,'Ticket',513,'',0,'Dhenys Lima (9)','2023-03-21 18:40:31',17,'','2023-03-21 15:40:31'),(11351,'Ticket',513,'ITILSolution',17,'Dhenys Lima (9)','2023-03-21 18:40:31',0,'','517 (517)'),(11352,'ITILSolution',517,'0',20,'Dhenys Lima (9)','2023-03-21 18:40:31',0,'',''),(11353,'Ticket',511,'',0,'Dhenys Lima (9)','2023-03-21 18:40:44',12,'2','4'),(11354,'Ticket',512,'ITILFollowup',17,'Dhenys Lima (9)','2023-03-21 18:44:04',0,'','1143'),(11355,'Ticket',512,'',0,'Dhenys Lima (9)','2023-03-21 18:44:08',12,'2','5'),(11356,'Ticket',512,'',0,'Dhenys Lima (9)','2023-03-21 18:44:08',17,'','2023-03-21 15:44:08'),(11357,'Ticket',512,'ITILSolution',17,'Dhenys Lima (9)','2023-03-21 18:44:08',0,'','518 (518)'),(11358,'ITILSolution',518,'0',20,'Dhenys Lima (9)','2023-03-21 18:44:08',0,'',''),(11359,'Ticket',512,'',0,'Dhenys Lima (9)','2023-03-21 18:44:11',12,'5','6'),(11360,'Ticket',512,'ITILFollowup',17,'Dhenys Lima (9)','2023-03-21 18:44:11',0,'','1144'),(11361,'Ticket',514,'ITILFollowup',17,'Dhenys Lima (9)','2023-03-21 18:48:44',0,'','1145'),(11362,'Ticket',514,'',0,'Dhenys Lima (9)','2023-03-21 18:48:47',12,'2','5'),(11363,'Ticket',514,'',0,'Dhenys Lima (9)','2023-03-21 18:48:47',17,'','2023-03-21 15:48:47'),(11364,'Ticket',514,'ITILSolution',17,'Dhenys Lima (9)','2023-03-21 18:48:47',0,'','519 (519)'),(11365,'ITILSolution',519,'0',20,'Dhenys Lima (9)','2023-03-21 18:48:47',0,'',''),(11366,'Ticket',503,'',0,'Dhenys Lima (9)','2023-03-21 18:49:07',12,'4','5'),(11367,'Ticket',503,'',0,'Dhenys Lima (9)','2023-03-21 18:49:07',17,'','2023-03-21 15:49:07'),(11368,'Ticket',503,'ITILSolution',17,'Dhenys Lima (9)','2023-03-21 18:49:07',0,'','520 (520)'),(11369,'ITILSolution',520,'0',20,'Dhenys Lima (9)','2023-03-21 18:49:07',0,'',''),(11370,'Ticket',501,'ITILFollowup',17,'Dhenys Lima (9)','2023-03-21 18:49:49',0,'','1146'),(11371,'Ticket',501,'',0,'Dhenys Lima (9)','2023-03-21 18:49:57',12,'4','5'),(11372,'Ticket',501,'',0,'Dhenys Lima (9)','2023-03-21 18:49:57',17,'','2023-03-21 15:49:57'),(11373,'Ticket',501,'ITILSolution',17,'Dhenys Lima (9)','2023-03-21 18:49:57',0,'','521 (521)'),(11374,'ITILSolution',521,'0',20,'Dhenys Lima (9)','2023-03-21 18:49:57',0,'',''),(11375,'Ticket',333,'',0,'Dhenys Lima (9)','2023-03-21 18:50:42',12,'4','2'),(11376,'Ticket',333,'ITILFollowup',17,'Dhenys Lima (9)','2023-03-21 18:50:42',0,'','1147'),(11377,'Ticket',333,'',0,'Dhenys Lima (9)','2023-03-21 18:51:05',12,'2','4'),(11378,'Document',39,'0',20,'Fernanda Bauer (102)','2023-03-22 04:09:10',0,'',''),(11379,'Document',39,'Ticket',15,'Fernanda Bauer (102)','2023-03-22 04:09:10',0,'','Proxy não responsivo (515)'),(11380,'Ticket',515,'Document',15,'Fernanda Bauer (102)','2023-03-22 04:09:10',0,'','Documento do Chamado 515 (39)'),(11381,'Document',40,'0',20,'Fernanda Bauer (102)','2023-03-22 04:09:10',0,'',''),(11382,'Document',40,'Ticket',15,'Fernanda Bauer (102)','2023-03-22 04:09:10',0,'','Proxy não responsivo (515)'),(11383,'Ticket',515,'Document',15,'Fernanda Bauer (102)','2023-03-22 04:09:10',0,'','Documento do Chamado 515 (40)'),(11384,'Ticket',515,'User',15,'Fernanda Bauer (102)','2023-03-22 04:09:10',4,'','Fernanda Bauer (102)'),(11385,'Ticket',515,'0',20,'Fernanda Bauer (102)','2023-03-22 04:09:10',0,'',''),(11386,'Ticket',515,'',0,'Eberson Muenchen (12)','2023-03-22 05:38:31',150,'0','1'),(11387,'Ticket',515,'',0,'Eberson Muenchen (12)','2023-03-22 05:38:31',64,'fernanda_bauer@live.com (102)','eberson@cnsystem.com.br (12)'),(11388,'Ticket',515,'ITILFollowup',17,'Eberson Muenchen (12)','2023-03-22 05:38:31',0,'','1148'),(11389,'Ticket',515,'',0,'Eberson Muenchen (12)','2023-03-22 05:40:21',12,'1','5'),(11390,'Ticket',515,'',0,'Eberson Muenchen (12)','2023-03-22 05:40:21',17,'','2023-03-22 02:40:21'),(11391,'Ticket',515,'ITILSolution',17,'Eberson Muenchen (12)','2023-03-22 05:40:21',0,'','522 (522)'),(11392,'ITILSolution',522,'0',20,'Eberson Muenchen (12)','2023-03-22 05:40:21',0,'',''),(11393,'Ticket',516,'User',15,'Isadora Buzzacao (127)','2023-03-22 11:31:32',4,'','Isadora Buzzacao (127)'),(11394,'Ticket',516,'0',20,'Isadora Buzzacao (127)','2023-03-22 11:31:32',0,'',''),(11395,'Ticket',516,'',0,'Dhenys Lima (9)','2023-03-22 11:32:06',150,'0','34'),(11396,'Ticket',516,'',0,'Dhenys Lima (9)','2023-03-22 11:32:06',64,'ibuzzacaro@hotmail.com (127)','dhenys@cnsystem.com.br (9)'),(11397,'Ticket',516,'ITILFollowup',17,'Dhenys Lima (9)','2023-03-22 11:32:06',0,'','1149'),(11398,'Ticket',516,'User',15,'Dhenys Lima (9)','2023-03-22 11:32:09',5,'','Dhenys Lima (9)'),(11399,'Ticket',516,'',0,'Dhenys Lima (9)','2023-03-22 11:32:09',12,'1','2'),(11400,'Ticket',516,'Printer',15,'Dhenys Lima (9)','2023-03-22 11:32:17',0,'','SELB - 949S (18)'),(11401,'Printer',18,'Ticket',15,'Dhenys Lima (9)','2023-03-22 11:32:17',0,'','Impressora emergencia (516)'),(11402,'Ticket',516,'ITILFollowup',17,'Dhenys Lima (9)','2023-03-22 12:50:42',0,'','1150'),(11403,'Ticket',516,'',0,'Dhenys Lima (9)','2023-03-22 12:50:47',12,'2','5'),(11404,'Ticket',516,'',0,'Dhenys Lima (9)','2023-03-22 12:50:47',17,'','2023-03-22 09:50:47'),(11405,'Ticket',516,'ITILSolution',17,'Dhenys Lima (9)','2023-03-22 12:50:47',0,'','523 (523)'),(11406,'ITILSolution',523,'0',20,'Dhenys Lima (9)','2023-03-22 12:50:47',0,'',''),(11407,'Ticket',517,'User',15,'Estefani Lopes (94)','2023-03-22 13:17:33',4,'','Estefani Lopes (94)'),(11408,'Ticket',517,'0',20,'Estefani Lopes (94)','2023-03-22 13:17:33',0,'',''),(11409,'Ticket',517,'',0,'Dhenys Lima (9)','2023-03-22 17:46:17',150,'0','10724'),(11410,'Ticket',517,'',0,'Dhenys Lima (9)','2023-03-22 17:46:17',64,'estefani.cristina.lopes@hotmail.com (94)','dhenys@cnsystem.com.br (9)'),(11411,'Ticket',517,'ITILFollowup',17,'Dhenys Lima (9)','2023-03-22 17:46:17',0,'','1151'),(11412,'Ticket',517,'User',15,'Dhenys Lima (9)','2023-03-22 17:46:28',5,'','Dhenys Lima (9)'),(11413,'Ticket',517,'',0,'Dhenys Lima (9)','2023-03-22 17:46:28',12,'1','2'),(11414,'Ticket',517,'ITILFollowup',17,'Dhenys Lima (9)','2023-03-22 17:46:52',0,'','1152'),(11415,'Ticket',517,'Software',15,'Dhenys Lima (9)','2023-03-22 17:47:01',0,'','G - HOSP (1)'),(11416,'Software',1,'Ticket',15,'Dhenys Lima (9)','2023-03-22 17:47:01',0,'','LIBERAR ACESSO AO MODULO - CADASTROS GERAIS (517)'),(11417,'Ticket',517,'',0,'Dhenys Lima (9)','2023-03-22 17:47:18',12,'2','5'),(11418,'Ticket',517,'',0,'Dhenys Lima (9)','2023-03-22 17:47:18',17,'','2023-03-22 14:47:18'),(11419,'Ticket',517,'ITILSolution',17,'Dhenys Lima (9)','2023-03-22 17:47:18',0,'','524 (524)'),(11420,'ITILSolution',524,'0',20,'Dhenys Lima (9)','2023-03-22 17:47:18',0,'',''),(11421,'Ticket',518,'User',15,'Maria Moraes (188)','2023-03-22 18:23:37',4,'','Maria Moraes (188)'),(11422,'Ticket',518,'0',20,'Maria Moraes (188)','2023-03-22 18:23:37',0,'',''),(11423,'Ticket',518,'',0,'Dhenys Lima (9)','2023-03-22 18:24:02',150,'0','25'),(11424,'Ticket',518,'',0,'Dhenys Lima (9)','2023-03-22 18:24:02',64,'marialidiamoraes@outlook.com (188)','dhenys@cnsystem.com.br (9)'),(11425,'Ticket',518,'ITILFollowup',17,'Dhenys Lima (9)','2023-03-22 18:24:02',0,'','1153'),(11426,'Ticket',518,'User',15,'Dhenys Lima (9)','2023-03-22 18:24:06',5,'','Dhenys Lima (9)'),(11427,'Ticket',518,'',0,'Dhenys Lima (9)','2023-03-22 18:24:06',12,'1','2'),(11428,'Ticket',518,'Printer',15,'Dhenys Lima (9)','2023-03-22 18:24:17',0,'','SELB - 549P (14)'),(11429,'Printer',14,'Ticket',15,'Dhenys Lima (9)','2023-03-22 18:24:17',0,'','impressora  (518)'),(11430,'Ticket',518,'',0,'Dhenys Lima (9)','2023-03-23 12:15:50',12,'2','5'),(11431,'Ticket',518,'',0,'Dhenys Lima (9)','2023-03-23 12:15:50',17,'','2023-03-23 09:15:50'),(11432,'Ticket',518,'ITILSolution',17,'Dhenys Lima (9)','2023-03-23 12:15:50',0,'','525 (525)'),(11433,'ITILSolution',525,'0',20,'Dhenys Lima (9)','2023-03-23 12:15:50',0,'',''),(11434,'Ticket',505,'',0,'Elizangela Morais (178)','2023-03-23 13:03:43',12,'5','6'),(11435,'Ticket',505,'',0,'Elizangela Morais (178)','2023-03-23 13:03:43',16,'','2023-03-23 10:03:43'),(11436,'Ticket',505,'ITILFollowup',17,'Elizangela Morais (178)','2023-03-23 13:03:43',0,'','1154'),(11437,'Ticket',519,'User',15,'Elizangela Morais (178)','2023-03-23 13:05:14',4,'','Elizangela Morais (178)'),(11438,'Ticket',519,'0',20,'Elizangela Morais (178)','2023-03-23 13:05:14',0,'',''),(11439,'Ticket',519,'',0,'Dhenys Lima (9)','2023-03-23 13:05:53',150,'0','39'),(11440,'Ticket',519,'',0,'Dhenys Lima (9)','2023-03-23 13:05:53',64,'lizabrunetto@gmail.com (178)','dhenys@cnsystem.com.br (9)'),(11441,'Ticket',519,'ITILFollowup',17,'Dhenys Lima (9)','2023-03-23 13:05:53',0,'','1155'),(11442,'Ticket',519,'Software',15,'Dhenys Lima (9)','2023-03-23 13:06:02',0,'','G - HOSP (1)'),(11443,'Software',1,'Ticket',15,'Dhenys Lima (9)','2023-03-23 13:06:02',0,'','Brasindice (519)'),(11444,'Ticket',519,'User',15,'Dhenys Lima (9)','2023-03-23 13:06:05',5,'','Dhenys Lima (9)'),(11445,'Ticket',519,'',0,'Dhenys Lima (9)','2023-03-23 13:06:05',12,'1','2'),(11446,'Document',41,'0',20,'Vania Basilio (302)','2023-03-23 14:24:18',0,'',''),(11447,'Document',41,'Ticket',15,'Vania Basilio (302)','2023-03-23 14:24:18',0,'','instalar e importar dados do cartão Ponto - DIMEP  (520)'),(11448,'Ticket',520,'Document',15,'Vania Basilio (302)','2023-03-23 14:24:18',0,'','Documento do Chamado 520 (41)'),(11449,'Ticket',520,'User',15,'Vania Basilio (302)','2023-03-23 14:24:18',4,'','Vania Basilio (302)'),(11450,'Ticket',520,'0',20,'Vania Basilio (302)','2023-03-23 14:24:18',0,'',''),(11451,'Ticket',521,'User',15,'Mariane Borges (189)','2023-03-23 16:42:07',4,'','Mariane Borges (189)'),(11452,'Ticket',521,'0',20,'Mariane Borges (189)','2023-03-23 16:42:07',0,'',''),(11453,'Ticket',521,'',0,'Dhenys Lima (9)','2023-03-23 16:42:41',150,'0','34'),(11454,'Ticket',521,'',0,'Dhenys Lima (9)','2023-03-23 16:42:41',64,'mariane_borges@fhja.com.br (189)','dhenys@cnsystem.com.br (9)'),(11455,'Ticket',521,'ITILFollowup',17,'Dhenys Lima (9)','2023-03-23 16:42:41',0,'','1156'),(11456,'Ticket',521,'User',15,'Dhenys Lima (9)','2023-03-23 16:42:50',5,'','Dhenys Lima (9)'),(11457,'Ticket',521,'',0,'Dhenys Lima (9)','2023-03-23 16:42:50',12,'1','2'),(11458,'Ticket',521,'',0,'Dhenys Lima (9)','2023-03-23 16:42:57',37,'Primeira Resposta - Alta (7)','Primeira Resposta - Média (9)'),(11459,'Ticket',521,'',0,'Dhenys Lima (9)','2023-03-23 16:42:57',30,'Solução - Alta (8)','Solução - Média (10)'),(11460,'Ticket',521,'',0,'Dhenys Lima (9)','2023-03-23 16:42:57',3,'4','3'),(11461,'Ticket',521,'',0,'Dhenys Lima (9)','2023-03-23 16:42:57',18,'2023-03-23 15:42:07','2023-03-24 08:12:07'),(11462,'Ticket',521,'',0,'Dhenys Lima (9)','2023-03-23 16:42:57',155,'2023-03-23 13:52:07','2023-03-23 15:42:07'),(11463,'Ticket',521,'Printer',15,'Dhenys Lima (9)','2023-03-23 16:43:06',0,'','SELB - 404N (4)'),(11464,'Printer',4,'Ticket',15,'Dhenys Lima (9)','2023-03-23 16:43:06',0,'','Impressora  (521)'),(11465,'Ticket',520,'',0,'Dhenys Lima (9)','2023-03-23 16:44:16',150,'0','2998'),(11466,'Ticket',520,'',0,'Dhenys Lima (9)','2023-03-23 16:44:16',64,'vaniabasiliorh@gmail.com (302)','dhenys@cnsystem.com.br (9)'),(11467,'Ticket',520,'ITILFollowup',17,'Dhenys Lima (9)','2023-03-23 16:44:16',0,'','1157'),(11468,'Ticket',520,'User',15,'Dhenys Lima (9)','2023-03-23 16:44:20',5,'','Dhenys Lima (9)'),(11469,'Ticket',520,'',0,'Dhenys Lima (9)','2023-03-23 16:44:20',12,'1','2'),(11470,'Ticket',520,'Software',15,'Dhenys Lima (9)','2023-03-23 16:44:27',0,'','G - HOSP (1)'),(11471,'Software',1,'Ticket',15,'Dhenys Lima (9)','2023-03-23 16:44:27',0,'','instalar e importar dados do cartão Ponto - DIMEP  (520)'),(11472,'Ticket',522,'User',15,'Maria Moraes (188)','2023-03-23 17:42:33',4,'','Maria Moraes (188)'),(11473,'Ticket',522,'0',20,'Maria Moraes (188)','2023-03-23 17:42:33',0,'',''),(11474,'Ticket',522,'',0,'Dhenys Lima (9)','2023-03-23 17:43:11',150,'0','38'),(11475,'Ticket',522,'',0,'Dhenys Lima (9)','2023-03-23 17:43:11',64,'marialidiamoraes@outlook.com (188)','dhenys@cnsystem.com.br (9)'),(11476,'Ticket',522,'ITILFollowup',17,'Dhenys Lima (9)','2023-03-23 17:43:11',0,'','1158'),(11477,'Ticket',522,'User',15,'Dhenys Lima (9)','2023-03-23 17:43:15',5,'','Dhenys Lima (9)'),(11478,'Ticket',522,'',0,'Dhenys Lima (9)','2023-03-23 17:43:15',12,'1','2'),(11479,'Ticket',522,'Computer',15,'Dhenys Lima (9)','2023-03-23 17:43:29',0,'','ET-01-120 (40)'),(11480,'Computer',40,'Ticket',15,'Dhenys Lima (9)','2023-03-23 17:43:29',0,'','computador (522)'),(11481,'Ticket',522,'ITILFollowup',17,'Dhenys Lima (9)','2023-03-23 19:28:04',0,'','1159'),(11482,'Ticket',522,'',0,'Dhenys Lima (9)','2023-03-23 19:28:09',12,'2','5'),(11483,'Ticket',522,'',0,'Dhenys Lima (9)','2023-03-23 19:28:09',17,'','2023-03-23 16:28:09'),(11484,'Ticket',522,'ITILSolution',17,'Dhenys Lima (9)','2023-03-23 19:28:09',0,'','526 (526)'),(11485,'ITILSolution',526,'0',20,'Dhenys Lima (9)','2023-03-23 19:28:09',0,'',''),(11486,'Ticket',519,'',0,'Dhenys Lima (9)','2023-03-23 19:28:17',12,'2','5'),(11487,'Ticket',519,'',0,'Dhenys Lima (9)','2023-03-23 19:28:17',17,'','2023-03-23 16:28:17'),(11488,'Ticket',519,'ITILSolution',17,'Dhenys Lima (9)','2023-03-23 19:28:17',0,'','527 (527)'),(11489,'ITILSolution',527,'0',20,'Dhenys Lima (9)','2023-03-23 19:28:17',0,'',''),(11490,'Ticket',521,'ITILFollowup',17,'Dhenys Lima (9)','2023-03-23 19:29:16',0,'','1160'),(11491,'Ticket',521,'',0,'Dhenys Lima (9)','2023-03-23 19:29:20',12,'2','5'),(11492,'Ticket',521,'',0,'Dhenys Lima (9)','2023-03-23 19:29:20',17,'','2023-03-23 16:29:20'),(11493,'Ticket',521,'ITILSolution',17,'Dhenys Lima (9)','2023-03-23 19:29:20',0,'','528 (528)'),(11494,'ITILSolution',528,'0',20,'Dhenys Lima (9)','2023-03-23 19:29:20',0,'',''),(11495,'Ticket',520,'',0,'Dhenys Lima (9)','2023-03-23 19:29:31',12,'2','5'),(11496,'Ticket',520,'',0,'Dhenys Lima (9)','2023-03-23 19:29:31',17,'','2023-03-23 16:29:31'),(11497,'Ticket',520,'ITILSolution',17,'Dhenys Lima (9)','2023-03-23 19:29:31',0,'','529 (529)'),(11498,'ITILSolution',529,'0',20,'Dhenys Lima (9)','2023-03-23 19:29:31',0,'',''),(11499,'Ticket',333,'',0,'Dhenys Lima (9)','2023-03-23 19:37:21',12,'4','2'),(11500,'Ticket',333,'ITILFollowup',17,'Dhenys Lima (9)','2023-03-23 19:37:21',0,'','1161'),(11501,'Ticket',333,'',0,'Dhenys Lima (9)','2023-03-23 20:10:28',12,'2','4'),(11502,'Ticket',517,'',0,'Estefani Lopes (94)','2023-03-24 11:15:29',12,'5','2'),(11503,'Ticket',517,'',0,'Estefani Lopes (94)','2023-03-24 11:15:29',17,'2023-03-22 14:47:18',NULL),(11504,'Ticket',517,'ITILFollowup',17,'Estefani Lopes (94)','2023-03-24 11:15:29',0,'','1162'),(11505,'Ticket',517,'ITILFollowup',17,'Dhenys Lima (9)','2023-03-24 11:28:22',0,'','1163'),(11506,'Ticket',517,'',0,'Dhenys Lima (9)','2023-03-24 11:28:26',12,'2','5'),(11507,'Ticket',517,'',0,'Dhenys Lima (9)','2023-03-24 11:28:26',17,'','2023-03-24 08:28:26'),(11508,'Ticket',517,'ITILSolution',17,'Dhenys Lima (9)','2023-03-24 11:28:26',0,'','530 (530)'),(11509,'ITILSolution',530,'0',20,'Dhenys Lima (9)','2023-03-24 11:28:26',0,'',''),(11510,'Ticket',523,'User',15,'Gabriela Darold (112)','2023-03-24 13:15:32',4,'','Gabriela Darold (112)'),(11511,'Ticket',523,'0',20,'Gabriela Darold (112)','2023-03-24 13:15:32',0,'',''),(11512,'Ticket',523,'',0,'Dhenys Lima (9)','2023-03-24 13:15:53',150,'0','21'),(11513,'Ticket',523,'',0,'Dhenys Lima (9)','2023-03-24 13:15:53',64,'gabrieladarold2001@gmail.com (112)','dhenys@cnsystem.com.br (9)'),(11514,'Ticket',523,'ITILFollowup',17,'Dhenys Lima (9)','2023-03-24 13:15:53',0,'','1164'),(11515,'Ticket',523,'User',15,'Dhenys Lima (9)','2023-03-24 13:15:56',5,'','Dhenys Lima (9)'),(11516,'Ticket',523,'',0,'Dhenys Lima (9)','2023-03-24 13:15:56',12,'1','2'),(11517,'Ticket',523,'ITILFollowup',17,'Gabriela Darold (112)','2023-03-24 13:41:14',0,'','1165'),(11518,'Ticket',523,'ITILFollowup',17,'Dhenys Lima (9)','2023-03-24 16:33:23',0,'','1166'),(11519,'Ticket',523,'',0,'Dhenys Lima (9)','2023-03-24 16:33:27',12,'2','5'),(11520,'Ticket',523,'',0,'Dhenys Lima (9)','2023-03-24 16:33:27',17,'','2023-03-24 13:33:27'),(11521,'Ticket',523,'ITILSolution',17,'Dhenys Lima (9)','2023-03-24 16:33:27',0,'','531 (531)'),(11522,'ITILSolution',531,'0',20,'Dhenys Lima (9)','2023-03-24 16:33:27',0,'',''),(11523,'Ticket',524,'User',15,'Kaoana Moreira (33)','2023-03-26 11:14:18',4,'','Kaoana Moreira (33)'),(11524,'Ticket',524,'0',20,'Kaoana Moreira (33)','2023-03-26 11:14:18',0,'',''),(11525,'Ticket',524,'ITILFollowup',17,'Kaoana Moreira (33)','2023-03-26 11:18:30',0,'','1167'),(11526,'Ticket',524,'',0,'Eberson Muenchen (12)','2023-03-26 14:07:23',150,'0','1'),(11527,'Ticket',524,'',0,'Eberson Muenchen (12)','2023-03-26 14:07:23',64,'antuneskaoana23@icloud.com (33)','eberson@cnsystem.com.br (12)'),(11528,'Ticket',524,'ITILFollowup',17,'Eberson Muenchen (12)','2023-03-26 14:07:23',0,'','1168'),(11529,'Ticket',525,'User',15,'Elisangela Cordeiro (80)','2023-03-27 08:44:00',4,'','Elisangela Cordeiro (80)'),(11530,'Ticket',525,'0',20,'Elisangela Cordeiro (80)','2023-03-27 08:44:00',0,'',''),(11531,'Ticket',467,'',0,'Elisangela Cordeiro (80)','2023-03-27 08:45:41',12,'5','6'),(11532,'Ticket',467,'',0,'Elisangela Cordeiro (80)','2023-03-27 08:45:41',16,'','2023-03-27 05:45:41'),(11533,'Ticket',467,'ITILFollowup',17,'Elisangela Cordeiro (80)','2023-03-27 08:45:41',0,'','1169'),(11534,'Ticket',526,'User',15,'Nayara Anderson (212)','2023-03-27 09:31:14',4,'','Nayara Anderson (212)'),(11535,'Ticket',526,'0',20,'Nayara Anderson (212)','2023-03-27 09:31:14',0,'',''),(11536,'Ticket',527,'User',15,'Mariane Borges (189)','2023-03-27 10:55:09',4,'','Mariane Borges (189)'),(11537,'Ticket',527,'0',20,'Mariane Borges (189)','2023-03-27 10:55:09',0,'',''),(11538,'Ticket',527,'',0,'Dhenys Lima (9)','2023-03-27 11:20:30',150,'0','1230'),(11539,'Ticket',527,'',0,'Dhenys Lima (9)','2023-03-27 11:20:30',64,'mariane_borges@fhja.com.br (189)','dhenys@cnsystem.com.br (9)'),(11540,'Ticket',527,'ITILFollowup',17,'Dhenys Lima (9)','2023-03-27 11:20:30',0,'','1170'),(11541,'Ticket',527,'User',15,'Dhenys Lima (9)','2023-03-27 11:20:36',5,'','Dhenys Lima (9)'),(11542,'Ticket',527,'',0,'Dhenys Lima (9)','2023-03-27 11:20:36',12,'1','2'),(11543,'Ticket',527,'Computer',15,'Dhenys Lima (9)','2023-03-27 11:21:13',0,'','ET-01-056 (51)'),(11544,'Computer',51,'Ticket',15,'Dhenys Lima (9)','2023-03-27 11:21:13',0,'','telefone e computador 056 esta caindo a internet (527)'),(11545,'Ticket',527,'ITILFollowup',17,'Dhenys Lima (9)','2023-03-27 11:21:51',0,'','1171'),(11546,'Ticket',527,'',0,'Dhenys Lima (9)','2023-03-27 11:21:59',12,'2','5'),(11547,'Ticket',527,'',0,'Dhenys Lima (9)','2023-03-27 11:21:59',17,'','2023-03-27 08:21:59'),(11548,'Ticket',527,'ITILSolution',17,'Dhenys Lima (9)','2023-03-27 11:21:59',0,'','532 (532)'),(11549,'ITILSolution',532,'0',20,'Dhenys Lima (9)','2023-03-27 11:21:59',0,'',''),(11550,'Ticket',526,'',0,'Dhenys Lima (9)','2023-03-27 11:22:15',150,'0','1335'),(11551,'Ticket',526,'',0,'Dhenys Lima (9)','2023-03-27 11:22:15',64,'nayara.anderson0402@gmail.com (212)','dhenys@cnsystem.com.br (9)'),(11552,'Ticket',526,'ITILFollowup',17,'Dhenys Lima (9)','2023-03-27 11:22:15',0,'','1172'),(11553,'Ticket',526,'User',15,'Dhenys Lima (9)','2023-03-27 11:22:32',5,'','Dhenys Lima (9)'),(11554,'Ticket',526,'',0,'Dhenys Lima (9)','2023-03-27 11:22:32',12,'1','2'),(11555,'Ticket',526,'Printer',15,'Dhenys Lima (9)','2023-03-27 11:22:44',0,'','SELB - 89DT (22)'),(11556,'Printer',22,'Ticket',15,'Dhenys Lima (9)','2023-03-27 11:22:44',0,'','problema na impressora (526)'),(11557,'Ticket',525,'',0,'Dhenys Lima (9)','2023-03-27 11:23:21',150,'0','1401'),(11558,'Ticket',525,'',0,'Dhenys Lima (9)','2023-03-27 11:23:21',64,'elisangelacordeiro555@gmail.com (80)','dhenys@cnsystem.com.br (9)'),(11559,'Ticket',525,'ITILFollowup',17,'Dhenys Lima (9)','2023-03-27 11:23:21',0,'','1173'),(11560,'Ticket',525,'User',15,'Dhenys Lima (9)','2023-03-27 11:23:25',5,'','Dhenys Lima (9)'),(11561,'Ticket',525,'',0,'Dhenys Lima (9)','2023-03-27 11:23:25',12,'1','2'),(11562,'Ticket',525,'Printer',15,'Dhenys Lima (9)','2023-03-27 11:23:34',0,'','SELB - 89DT (22)'),(11563,'Printer',22,'Ticket',15,'Dhenys Lima (9)','2023-03-27 11:23:34',0,'','IMPRESSORA  (525)'),(11564,'Ticket',525,'',0,'Dhenys Lima (9)','2023-03-27 11:23:53',12,'2','5'),(11565,'Ticket',525,'',0,'Dhenys Lima (9)','2023-03-27 11:23:53',17,'','2023-03-27 08:23:53'),(11566,'Ticket',525,'ITILSolution',17,'Dhenys Lima (9)','2023-03-27 11:23:53',0,'','533 (533)'),(11567,'ITILSolution',533,'0',20,'Dhenys Lima (9)','2023-03-27 11:23:53',0,'',''),(11568,'Ticket',524,'ITILFollowup',17,'Dhenys Lima (9)','2023-03-27 11:24:20',0,'','1174'),(11569,'Ticket',524,'',0,'Dhenys Lima (9)','2023-03-27 11:24:24',12,'1','5'),(11570,'Ticket',524,'',0,'Dhenys Lima (9)','2023-03-27 11:24:24',17,'','2023-03-27 08:24:24'),(11571,'Ticket',524,'ITILSolution',17,'Dhenys Lima (9)','2023-03-27 11:24:24',0,'','534 (534)'),(11572,'ITILSolution',534,'0',20,'Dhenys Lima (9)','2023-03-27 11:24:24',0,'',''),(11573,'Ticket',526,'ITILFollowup',17,'Dhenys Lima (9)','2023-03-27 12:59:10',0,'','1175'),(11574,'Ticket',526,'',0,'Dhenys Lima (9)','2023-03-27 12:59:14',12,'2','5'),(11575,'Ticket',526,'',0,'Dhenys Lima (9)','2023-03-27 12:59:14',17,'','2023-03-27 09:59:14'),(11576,'Ticket',526,'ITILSolution',17,'Dhenys Lima (9)','2023-03-27 12:59:14',0,'','535 (535)'),(11577,'ITILSolution',535,'0',20,'Dhenys Lima (9)','2023-03-27 12:59:14',0,'',''),(11578,'Ticket',526,'',0,'Nayara Anderson (212)','2023-03-27 13:21:01',12,'5','6'),(11579,'Ticket',526,'',0,'Nayara Anderson (212)','2023-03-27 13:21:01',16,'','2023-03-27 10:21:01'),(11580,'Ticket',526,'ITILFollowup',17,'Nayara Anderson (212)','2023-03-27 13:21:01',0,'','1176'),(11581,'Ticket',528,'User',15,'Franciele Muller  (105)','2023-03-27 14:35:17',4,'','Franciele Muller  (105)'),(11582,'Ticket',528,'0',20,'Franciele Muller  (105)','2023-03-27 14:35:17',0,'',''),(11583,'Ticket',264,'',0,'Larissa Vargas (10)','2023-03-27 14:49:43',12,'5','6'),(11584,'Ticket',264,'',0,'Larissa Vargas (10)','2023-03-27 14:49:43',16,'','2023-03-27 11:49:43'),(11585,'Ticket',264,'ITILFollowup',17,'Larissa Vargas (10)','2023-03-27 14:49:43',0,'','1177'),(11586,'Ticket',277,'',0,'Larissa Vargas (10)','2023-03-27 14:50:02',12,'5','6'),(11587,'Ticket',277,'',0,'Larissa Vargas (10)','2023-03-27 14:50:02',16,'','2023-03-27 11:50:02'),(11588,'Ticket',277,'ITILFollowup',17,'Larissa Vargas (10)','2023-03-27 14:50:02',0,'','1178'),(11589,'Ticket',91,'',0,'Larissa Vargas (10)','2023-03-27 14:50:20',12,'5','6'),(11590,'Ticket',91,'',0,'Larissa Vargas (10)','2023-03-27 14:50:20',16,'','2023-03-27 11:50:20'),(11591,'Ticket',91,'ITILFollowup',17,'Larissa Vargas (10)','2023-03-27 14:50:20',0,'','1179'),(11592,'Ticket',291,'',0,'Larissa Vargas (10)','2023-03-27 14:50:38',12,'5','6'),(11593,'Ticket',291,'',0,'Larissa Vargas (10)','2023-03-27 14:50:38',16,'','2023-03-27 11:50:38'),(11594,'Ticket',291,'ITILFollowup',17,'Larissa Vargas (10)','2023-03-27 14:50:38',0,'','1180'),(11595,'Ticket',316,'',0,'Larissa Vargas (10)','2023-03-27 14:51:04',12,'5','6'),(11596,'Ticket',316,'',0,'Larissa Vargas (10)','2023-03-27 14:51:04',16,'','2023-03-27 11:51:04'),(11597,'Ticket',316,'ITILFollowup',17,'Larissa Vargas (10)','2023-03-27 14:51:04',0,'','1181'),(11598,'Ticket',365,'',0,'Larissa Vargas (10)','2023-03-27 14:51:17',12,'5','6'),(11599,'Ticket',365,'',0,'Larissa Vargas (10)','2023-03-27 14:51:17',16,'','2023-03-27 11:51:17'),(11600,'Ticket',365,'ITILFollowup',17,'Larissa Vargas (10)','2023-03-27 14:51:17',0,'','1182'),(11601,'Ticket',411,'',0,'Larissa Vargas (10)','2023-03-27 14:51:57',12,'5','6'),(11602,'Ticket',411,'',0,'Larissa Vargas (10)','2023-03-27 14:51:57',16,'','2023-03-27 11:51:57'),(11603,'Ticket',411,'ITILFollowup',17,'Larissa Vargas (10)','2023-03-27 14:51:57',0,'','1183'),(11604,'Ticket',382,'',0,'Larissa Vargas (10)','2023-03-27 14:52:11',12,'5','6'),(11605,'Ticket',382,'',0,'Larissa Vargas (10)','2023-03-27 14:52:11',16,'','2023-03-27 11:52:11'),(11606,'Ticket',382,'ITILFollowup',17,'Larissa Vargas (10)','2023-03-27 14:52:11',0,'','1184'),(11607,'Ticket',501,'',0,'Janaina Amaral (141)','2023-03-27 14:53:12',12,'5','6'),(11608,'Ticket',501,'',0,'Janaina Amaral (141)','2023-03-27 14:53:12',16,'','2023-03-27 11:53:12'),(11609,'Ticket',501,'ITILFollowup',17,'Janaina Amaral (141)','2023-03-27 14:53:12',0,'','1185'),(11610,'Ticket',503,'',0,'Janaina Amaral (141)','2023-03-27 14:53:41',12,'5','6'),(11611,'Ticket',503,'',0,'Janaina Amaral (141)','2023-03-27 14:53:41',16,'','2023-03-27 11:53:41'),(11612,'Ticket',503,'ITILFollowup',17,'Janaina Amaral (141)','2023-03-27 14:53:41',0,'','1186'),(11613,'Ticket',499,'',0,'Janaina Amaral (141)','2023-03-27 14:53:54',12,'5','6'),(11614,'Ticket',499,'',0,'Janaina Amaral (141)','2023-03-27 14:53:54',16,'','2023-03-27 11:53:54'),(11615,'Ticket',499,'ITILFollowup',17,'Janaina Amaral (141)','2023-03-27 14:53:54',0,'','1187'),(11616,'Ticket',426,'',0,'Janaina Amaral (141)','2023-03-27 14:54:17',12,'5','6'),(11617,'Ticket',426,'',0,'Janaina Amaral (141)','2023-03-27 14:54:17',16,'','2023-03-27 11:54:17'),(11618,'Ticket',426,'ITILFollowup',17,'Janaina Amaral (141)','2023-03-27 14:54:17',0,'','1188'),(11619,'Ticket',357,'',0,'Janaina Amaral (141)','2023-03-27 14:54:30',12,'5','6'),(11620,'Ticket',357,'',0,'Janaina Amaral (141)','2023-03-27 14:54:30',16,'','2023-03-27 11:54:30'),(11621,'Ticket',357,'ITILFollowup',17,'Janaina Amaral (141)','2023-03-27 14:54:30',0,'','1189'),(11622,'Ticket',269,'',0,'Janaina Amaral (141)','2023-03-27 14:54:35',12,'5','6'),(11623,'Ticket',269,'',0,'Janaina Amaral (141)','2023-03-27 14:54:35',16,'','2023-03-27 11:54:35'),(11624,'Ticket',269,'ITILFollowup',17,'Janaina Amaral (141)','2023-03-27 14:54:35',0,'','1190'),(11625,'Ticket',128,'',0,'Janaina Amaral (141)','2023-03-27 14:54:49',12,'5','6'),(11626,'Ticket',128,'',0,'Janaina Amaral (141)','2023-03-27 14:54:49',16,'','2023-03-27 11:54:49'),(11627,'Ticket',128,'ITILFollowup',17,'Janaina Amaral (141)','2023-03-27 14:54:49',0,'','1191'),(11628,'User',53,'',0,'Claudia Mantovani (53)','2023-03-27 15:10:25',34,'Montovani','Mantovani'),(11629,'Ticket',529,'User',15,'Claudia Mantovani (53)','2023-03-27 15:12:53',4,'','Claudia Mantovani (53)'),(11630,'Ticket',529,'0',20,'Claudia Mantovani (53)','2023-03-27 15:12:53',0,'',''),(11631,'Ticket',529,'',0,'Dhenys Lima (9)','2023-03-27 15:59:19',150,'0','1'),(11632,'Ticket',529,'',0,'Dhenys Lima (9)','2023-03-27 15:59:19',64,'claudinha.mais@hotmail.com (53)','dhenys@cnsystem.com.br (9)'),(11633,'Ticket',529,'ITILFollowup',17,'Dhenys Lima (9)','2023-03-27 15:59:19',0,'','1192'),(11634,'Ticket',529,'ITILFollowup',17,'Dhenys Lima (9)','2023-03-27 15:59:39',0,'','1193'),(11635,'Ticket',529,'User',15,'Dhenys Lima (9)','2023-03-27 15:59:42',5,'','Dhenys Lima (9)'),(11636,'Ticket',529,'',0,'Dhenys Lima (9)','2023-03-27 15:59:42',12,'1','2'),(11637,'Ticket',529,'Printer',15,'Dhenys Lima (9)','2023-03-27 15:59:50',0,'','SELB - RX50 (19)'),(11638,'Printer',19,'Ticket',15,'Dhenys Lima (9)','2023-03-27 15:59:50',0,'','Impressora não funciona  (529)'),(11639,'Ticket',529,'',0,'Dhenys Lima (9)','2023-03-27 15:59:57',12,'2','4'),(11640,'Ticket',528,'',0,'Dhenys Lima (9)','2023-03-27 16:04:08',150,'0','248'),(11641,'Ticket',528,'',0,'Dhenys Lima (9)','2023-03-27 16:04:08',64,'franciele_muller@hotmail.com (105)','dhenys@cnsystem.com.br (9)'),(11642,'Ticket',528,'User',15,'Dhenys Lima (9)','2023-03-27 16:04:08',5,'','Dhenys Lima (9)'),(11643,'Ticket',528,'',0,'Dhenys Lima (9)','2023-03-27 16:04:08',12,'1','2'),(11644,'Ticket',528,'Printer',15,'Dhenys Lima (9)','2023-03-27 16:04:25',0,'','SELB - RX95 (24)'),(11645,'Printer',24,'Ticket',15,'Dhenys Lima (9)','2023-03-27 16:04:25',0,'','toner para impressora (528)'),(11646,'Ticket',528,'ITILFollowup',17,'Dhenys Lima (9)','2023-03-27 16:04:30',0,'','1194'),(11647,'Ticket',528,'ITILFollowup',17,'Dhenys Lima (9)','2023-03-27 16:09:06',0,'','1195'),(11648,'Ticket',528,'',0,'Dhenys Lima (9)','2023-03-27 16:09:21',12,'2','5'),(11649,'Ticket',528,'',0,'Dhenys Lima (9)','2023-03-27 16:09:21',17,'','2023-03-27 13:09:21'),(11650,'Ticket',528,'ITILSolution',17,'Dhenys Lima (9)','2023-03-27 16:09:21',0,'','536 (536)'),(11651,'ITILSolution',536,'0',20,'Dhenys Lima (9)','2023-03-27 16:09:21',0,'',''),(11652,'Ticket',333,'',0,'Dhenys Lima (9)','2023-03-27 16:10:28',12,'4','2'),(11653,'Ticket',333,'ITILFollowup',17,'Dhenys Lima (9)','2023-03-27 16:10:28',0,'','1196'),(11654,'Ticket',333,'',0,'Dhenys Lima (9)','2023-03-27 16:10:40',12,'2','4'),(11655,'Ticket',519,'',0,'Elizangela Morais (178)','2023-03-27 17:50:47',12,'5','6'),(11656,'Ticket',519,'',0,'Elizangela Morais (178)','2023-03-27 17:50:47',16,'','2023-03-27 14:50:47'),(11657,'Ticket',519,'ITILFollowup',17,'Elizangela Morais (178)','2023-03-27 17:50:47',0,'','1197'),(11658,'Ticket',530,'User',15,'Claudia Mantovani (53)','2023-03-27 20:50:32',4,'','Claudia Mantovani (53)'),(11659,'Ticket',530,'0',20,'Claudia Mantovani (53)','2023-03-27 20:50:32',0,'',''),(11660,'Ticket',531,'User',15,'Kaoana Moreira (33)','2023-03-28 10:38:54',4,'','Kaoana Moreira (33)'),(11661,'Ticket',531,'0',20,'Kaoana Moreira (33)','2023-03-28 10:38:54',0,'',''),(11662,'Ticket',531,'',0,'Dhenys Lima (9)','2023-03-28 11:28:37',150,'0','1717'),(11663,'Ticket',531,'',0,'Dhenys Lima (9)','2023-03-28 11:28:37',64,'antuneskaoana23@icloud.com (33)','dhenys@cnsystem.com.br (9)'),(11664,'Ticket',531,'ITILFollowup',17,'Dhenys Lima (9)','2023-03-28 11:28:37',0,'','1198'),(11665,'Ticket',531,'ITILFollowup',17,'Dhenys Lima (9)','2023-03-28 11:29:46',0,'','1199'),(11666,'Ticket',531,'User',15,'Dhenys Lima (9)','2023-03-28 11:29:48',5,'','Dhenys Lima (9)'),(11667,'Ticket',531,'',0,'Dhenys Lima (9)','2023-03-28 11:29:48',12,'1','2'),(11668,'Ticket',531,'Printer',15,'Dhenys Lima (9)','2023-03-28 11:29:59',0,'','SELB - 89DT (22)'),(11669,'Printer',22,'Ticket',15,'Dhenys Lima (9)','2023-03-28 11:29:59',0,'','IMPRESSORA NÃO ESTA FUNCIONANDO  (531)'),(11670,'Ticket',531,'',0,'Dhenys Lima (9)','2023-03-28 11:30:13',12,'2','5'),(11671,'Ticket',531,'',0,'Dhenys Lima (9)','2023-03-28 11:30:13',17,'','2023-03-28 08:30:13'),(11672,'Ticket',531,'ITILSolution',17,'Dhenys Lima (9)','2023-03-28 11:30:13',0,'','537 (537)'),(11673,'ITILSolution',537,'0',20,'Dhenys Lima (9)','2023-03-28 11:30:13',0,'',''),(11674,'Ticket',530,'',0,'Dhenys Lima (9)','2023-03-28 11:30:30',150,'0','1830'),(11675,'Ticket',530,'',0,'Dhenys Lima (9)','2023-03-28 11:30:30',64,'claudinha.mais@hotmail.com (53)','dhenys@cnsystem.com.br (9)'),(11676,'Ticket',530,'ITILFollowup',17,'Dhenys Lima (9)','2023-03-28 11:30:30',0,'','1200'),(11677,'Ticket',530,'User',15,'Dhenys Lima (9)','2023-03-28 11:30:35',5,'','Dhenys Lima (9)'),(11678,'Ticket',530,'',0,'Dhenys Lima (9)','2023-03-28 11:30:35',12,'1','2'),(11679,'Ticket',530,'ITILFollowup',17,'Dhenys Lima (9)','2023-03-28 11:31:09',0,'','1201'),(11680,'Ticket',530,'ITILFollowup',17,'Dhenys Lima (9)','2023-03-28 13:07:52',0,'','1202'),(11681,'Ticket',530,'',0,'Dhenys Lima (9)','2023-03-28 13:07:58',12,'2','5'),(11682,'Ticket',530,'',0,'Dhenys Lima (9)','2023-03-28 13:07:58',17,'','2023-03-28 10:07:58'),(11683,'Ticket',530,'ITILSolution',17,'Dhenys Lima (9)','2023-03-28 13:07:58',0,'','538 (538)'),(11684,'ITILSolution',538,'0',20,'Dhenys Lima (9)','2023-03-28 13:07:58',0,'',''),(11685,'Ticket',532,'User',15,'Edilsa Passos (78)','2023-03-28 13:09:16',4,'','Edilsa Passos (78)'),(11686,'Ticket',532,'0',20,'Edilsa Passos (78)','2023-03-28 13:09:16',0,'',''),(11687,'Ticket',532,'',0,'Dhenys Lima (9)','2023-03-28 13:09:48',150,'0','32'),(11688,'Ticket',532,'',0,'Dhenys Lima (9)','2023-03-28 13:09:48',64,'edipassol@gmail.com (78)','dhenys@cnsystem.com.br (9)'),(11689,'Ticket',532,'ITILFollowup',17,'Dhenys Lima (9)','2023-03-28 13:09:48',0,'','1203'),(11690,'Ticket',532,'ITILFollowup',17,'Dhenys Lima (9)','2023-03-28 13:10:03',0,'','1204'),(11691,'Ticket',532,'User',15,'Dhenys Lima (9)','2023-03-28 13:10:06',5,'','Dhenys Lima (9)'),(11692,'Ticket',532,'',0,'Dhenys Lima (9)','2023-03-28 13:10:06',12,'1','2'),(11693,'Ticket',532,'Printer',15,'Dhenys Lima (9)','2023-03-28 13:10:12',0,'','SELB - RX50 (19)'),(11694,'Printer',19,'Ticket',15,'Dhenys Lima (9)','2023-03-28 13:10:12',0,'','Impressora  (532)'),(11695,'Ticket',532,'',0,'Dhenys Lima (9)','2023-03-28 13:10:28',12,'2','5'),(11696,'Ticket',532,'',0,'Dhenys Lima (9)','2023-03-28 13:10:28',17,'','2023-03-28 10:10:28'),(11697,'Ticket',532,'ITILSolution',17,'Dhenys Lima (9)','2023-03-28 13:10:28',0,'','539 (539)'),(11698,'ITILSolution',539,'0',20,'Dhenys Lima (9)','2023-03-28 13:10:28',0,'',''),(11699,'Ticket',529,'',0,'Dhenys Lima (9)','2023-03-28 13:38:50',12,'4','5'),(11700,'Ticket',529,'',0,'Dhenys Lima (9)','2023-03-28 13:38:50',17,'','2023-03-28 10:38:50'),(11701,'Ticket',529,'ITILSolution',17,'Dhenys Lima (9)','2023-03-28 13:38:50',0,'','540 (540)'),(11702,'ITILSolution',540,'0',20,'Dhenys Lima (9)','2023-03-28 13:38:50',0,'',''),(11703,'Ticket',511,'',0,'Dhenys Lima (9)','2023-03-28 13:41:14',12,'4','2'),(11704,'Ticket',511,'ITILFollowup',17,'Dhenys Lima (9)','2023-03-28 13:41:14',0,'','1205'),(11705,'Ticket',511,'',0,'Dhenys Lima (9)','2023-03-28 13:41:19',12,'2','4'),(11706,'Ticket',533,'User',15,'Ezequiel Amorim (294)','2023-03-28 14:46:29',4,'','Ezequiel Amorim (294)'),(11707,'Ticket',533,'0',20,'Ezequiel Amorim (294)','2023-03-28 14:46:29',0,'',''),(11708,'Ticket',534,'User',15,'Larissa Vargas (10)','2023-03-28 18:14:39',4,'','Larissa Vargas (10)'),(11709,'Ticket',534,'0',20,'Larissa Vargas (10)','2023-03-28 18:14:39',0,'',''),(11710,'Ticket',533,'',0,'Dhenys Lima (9)','2023-03-28 18:17:25',150,'0','8245'),(11711,'Ticket',533,'',0,'Dhenys Lima (9)','2023-03-28 18:17:25',64,'amorimsucesso3867@gmail.com (294)','dhenys@cnsystem.com.br (9)'),(11712,'Ticket',533,'ITILFollowup',17,'Dhenys Lima (9)','2023-03-28 18:17:25',0,'','1206'),(11713,'Ticket',533,'ITILFollowup',17,'Dhenys Lima (9)','2023-03-28 18:17:33',0,'','1207'),(11714,'Ticket',533,'User',15,'Dhenys Lima (9)','2023-03-28 18:17:36',5,'','Dhenys Lima (9)'),(11715,'Ticket',533,'',0,'Dhenys Lima (9)','2023-03-28 18:17:36',12,'1','2'),(11716,'Ticket',533,'',0,'Dhenys Lima (9)','2023-03-28 18:17:42',12,'2','5'),(11717,'Ticket',533,'',0,'Dhenys Lima (9)','2023-03-28 18:17:42',17,'','2023-03-28 15:17:42'),(11718,'Ticket',533,'ITILSolution',17,'Dhenys Lima (9)','2023-03-28 18:17:42',0,'','541 (541)'),(11719,'ITILSolution',541,'0',20,'Dhenys Lima (9)','2023-03-28 18:17:42',0,'',''),(11720,'Ticket',534,'',0,'Dhenys Lima (9)','2023-03-28 18:17:51',150,'0','192'),(11721,'Ticket',534,'',0,'Dhenys Lima (9)','2023-03-28 18:17:51',64,'enflarissavargas@hotmail.com (10)','dhenys@cnsystem.com.br (9)'),(11722,'Ticket',534,'ITILFollowup',17,'Dhenys Lima (9)','2023-03-28 18:17:51',0,'','1208'),(11723,'Ticket',534,'ITILFollowup',17,'Dhenys Lima (9)','2023-03-28 18:18:07',0,'','1209'),(11724,'Ticket',534,'User',15,'Dhenys Lima (9)','2023-03-28 18:18:09',5,'','Dhenys Lima (9)'),(11725,'Ticket',534,'',0,'Dhenys Lima (9)','2023-03-28 18:18:09',12,'1','2'),(11726,'Ticket',534,'',0,'Dhenys Lima (9)','2023-03-28 18:18:15',12,'2','5'),(11727,'Ticket',534,'',0,'Dhenys Lima (9)','2023-03-28 18:18:15',17,'','2023-03-28 15:18:15'),(11728,'Ticket',534,'ITILSolution',17,'Dhenys Lima (9)','2023-03-28 18:18:15',0,'','542 (542)'),(11729,'ITILSolution',542,'0',20,'Dhenys Lima (9)','2023-03-28 18:18:15',0,'',''),(11730,'Ticket',509,'',0,'Gilvane Santos (118)','2023-03-29 10:40:09',12,'5','6'),(11731,'Ticket',509,'',0,'Gilvane Santos (118)','2023-03-29 10:40:09',16,'','2023-03-29 07:40:09'),(11732,'Ticket',509,'ITILFollowup',17,'Gilvane Santos (118)','2023-03-29 10:40:09',0,'','1210'),(11733,'Ticket',535,'User',15,'Larissa Vargas (10)','2023-03-29 11:40:26',4,'','Larissa Vargas (10)'),(11734,'Ticket',535,'0',20,'Larissa Vargas (10)','2023-03-29 11:40:26',0,'',''),(11735,'Ticket',535,'',0,'Dhenys Lima (9)','2023-03-29 11:41:45',150,'0','79'),(11736,'Ticket',535,'',0,'Dhenys Lima (9)','2023-03-29 11:41:45',64,'enflarissavargas@hotmail.com (10)','dhenys@cnsystem.com.br (9)'),(11737,'Ticket',535,'ITILFollowup',17,'Dhenys Lima (9)','2023-03-29 11:41:45',0,'','1211'),(11738,'Ticket',535,'User',15,'Dhenys Lima (9)','2023-03-29 11:42:51',5,'','Dhenys Lima (9)'),(11739,'Ticket',535,'',0,'Dhenys Lima (9)','2023-03-29 11:42:51',12,'1','2'),(11740,'Ticket',535,'Phone',15,'Dhenys Lima (9)','2023-03-29 11:43:09',0,'','1014 (20)'),(11741,'Phone',20,'Ticket',15,'Dhenys Lima (9)','2023-03-29 11:43:09',0,'','telefone mudo  (535)'),(11742,'Ticket',534,'',0,'Larissa Vargas (10)','2023-03-29 11:46:00',12,'5','6'),(11743,'Ticket',534,'',0,'Larissa Vargas (10)','2023-03-29 11:46:00',16,'','2023-03-29 08:46:00'),(11744,'Ticket',534,'ITILFollowup',17,'Larissa Vargas (10)','2023-03-29 11:46:00',0,'','1212'),(11745,'Ticket',535,'ITILFollowup',17,'Dhenys Lima (9)','2023-03-29 11:47:19',0,'','1213'),(11746,'Ticket',535,'',0,'Dhenys Lima (9)','2023-03-29 11:47:47',12,'2','5'),(11747,'Ticket',535,'',0,'Dhenys Lima (9)','2023-03-29 11:47:47',17,'','2023-03-29 08:47:47');
INSERT INTO `glpi_logs` VALUES (11748,'Ticket',535,'ITILSolution',17,'Dhenys Lima (9)','2023-03-29 11:47:47',0,'','543 (543)'),(11749,'ITILSolution',543,'0',20,'Dhenys Lima (9)','2023-03-29 11:47:47',0,'',''),(11750,'Ticket',535,'',0,'Larissa Vargas (10)','2023-03-29 11:48:04',12,'5','6'),(11751,'Ticket',535,'',0,'Larissa Vargas (10)','2023-03-29 11:48:04',16,'','2023-03-29 08:48:04'),(11752,'Ticket',535,'ITILFollowup',17,'Larissa Vargas (10)','2023-03-29 11:48:04',0,'','1214'),(11753,'Ticket',536,'User',15,'Mariane Borges (189)','2023-03-29 11:51:54',4,'','Mariane Borges (189)'),(11754,'Ticket',536,'0',20,'Mariane Borges (189)','2023-03-29 11:51:54',0,'',''),(11755,'Ticket',536,'',0,'Dhenys Lima (9)','2023-03-29 11:52:20',150,'0','26'),(11756,'Ticket',536,'',0,'Dhenys Lima (9)','2023-03-29 11:52:20',64,'mariane_borges@fhja.com.br (189)','dhenys@cnsystem.com.br (9)'),(11757,'Ticket',536,'ITILFollowup',17,'Dhenys Lima (9)','2023-03-29 11:52:20',0,'','1215'),(11758,'Ticket',536,'User',15,'Dhenys Lima (9)','2023-03-29 12:30:54',5,'','Dhenys Lima (9)'),(11759,'Ticket',536,'',0,'Dhenys Lima (9)','2023-03-29 12:30:54',12,'1','2'),(11760,'Ticket',536,'ITILFollowup',17,'Dhenys Lima (9)','2023-03-29 12:31:14',0,'','1216'),(11761,'Ticket',536,'',0,'Dhenys Lima (9)','2023-03-29 12:31:18',12,'2','5'),(11762,'Ticket',536,'',0,'Dhenys Lima (9)','2023-03-29 12:31:18',17,'','2023-03-29 09:31:18'),(11763,'Ticket',536,'ITILSolution',17,'Dhenys Lima (9)','2023-03-29 12:31:18',0,'','544 (544)'),(11764,'ITILSolution',544,'0',20,'Dhenys Lima (9)','2023-03-29 12:31:18',0,'',''),(11765,'Ticket',537,'User',15,'Orlei Moraes (295)','2023-03-29 16:48:31',4,'','Orlei Moraes (295)'),(11766,'Ticket',537,'0',20,'Orlei Moraes (295)','2023-03-29 16:48:31',0,'',''),(11767,'Ticket',537,'',0,'Dhenys Lima (9)','2023-03-29 16:49:39',150,'0','68'),(11768,'Ticket',537,'',0,'Dhenys Lima (9)','2023-03-29 16:49:39',64,'omoraes@gmail.com (295)','dhenys@cnsystem.com.br (9)'),(11769,'Ticket',537,'ITILFollowup',17,'Dhenys Lima (9)','2023-03-29 16:49:39',0,'','1217'),(11770,'Ticket',537,'User',15,'Dhenys Lima (9)','2023-03-29 16:49:44',5,'','Dhenys Lima (9)'),(11771,'Ticket',537,'',0,'Dhenys Lima (9)','2023-03-29 16:49:44',12,'1','2'),(11772,'Ticket',537,'Software',15,'Dhenys Lima (9)','2023-03-29 16:49:51',0,'','Betha Sistemas (4)'),(11773,'Software',4,'Ticket',15,'Dhenys Lima (9)','2023-03-29 16:49:51',0,'','Requisição de acesso ao BETHA (537)'),(11774,'Ticket',538,'User',15,'Claudia Mantovani (53)','2023-03-29 19:02:54',4,'','Claudia Mantovani (53)'),(11775,'Ticket',538,'0',20,'Claudia Mantovani (53)','2023-03-29 19:02:54',0,'',''),(11776,'Ticket',538,'',0,'Dhenys Lima (9)','2023-03-29 19:03:24',150,'0','30'),(11777,'Ticket',538,'',0,'Dhenys Lima (9)','2023-03-29 19:03:24',64,'claudinha.mais@hotmail.com (53)','dhenys@cnsystem.com.br (9)'),(11778,'Ticket',538,'ITILFollowup',17,'Dhenys Lima (9)','2023-03-29 19:03:24',0,'','1218'),(11779,'Ticket',538,'ITILFollowup',17,'Dhenys Lima (9)','2023-03-29 19:03:37',0,'','1219'),(11780,'Ticket',538,'User',15,'Dhenys Lima (9)','2023-03-29 19:03:42',5,'','Dhenys Lima (9)'),(11781,'Ticket',538,'',0,'Dhenys Lima (9)','2023-03-29 19:03:42',12,'1','2'),(11782,'Ticket',538,'',0,'Dhenys Lima (9)','2023-03-29 19:03:47',12,'2','5'),(11783,'Ticket',538,'',0,'Dhenys Lima (9)','2023-03-29 19:03:47',17,'','2023-03-29 16:03:47'),(11784,'Ticket',538,'ITILSolution',17,'Dhenys Lima (9)','2023-03-29 19:03:47',0,'','545 (545)'),(11785,'ITILSolution',545,'0',20,'Dhenys Lima (9)','2023-03-29 19:03:47',0,'',''),(11786,'Ticket',515,'',0,'Fernanda Bauer (102)','2023-03-30 01:14:06',12,'5','6'),(11787,'Ticket',515,'',0,'Fernanda Bauer (102)','2023-03-30 01:14:06',16,'','2023-03-29 22:14:06'),(11788,'Ticket',515,'ITILFollowup',17,'Fernanda Bauer (102)','2023-03-30 01:14:06',0,'','1220'),(11789,'Ticket',539,'User',15,'Janaina Amaral (141)','2023-03-30 12:12:59',4,'','Janaina Amaral (141)'),(11790,'Ticket',539,'0',20,'Janaina Amaral (141)','2023-03-30 12:12:59',0,'',''),(11791,'Ticket',539,'',0,'Eberson Muenchen (12)','2023-03-30 13:36:53',150,'0','5034'),(11792,'Ticket',539,'',0,'Eberson Muenchen (12)','2023-03-30 13:36:53',64,'janainaamaral994@gmail.com (141)','eberson@cnsystem.com.br (12)'),(11793,'Ticket',539,'ITILFollowup',17,'Eberson Muenchen (12)','2023-03-30 13:36:53',0,'','1221'),(11794,'Ticket',539,'ITILFollowup',17,'Dhenys Lima (9)','2023-03-31 11:38:30',0,'','1222'),(11795,'Ticket',539,'User',15,'Dhenys Lima (9)','2023-03-31 11:38:33',5,'','Dhenys Lima (9)'),(11796,'Ticket',539,'',0,'Dhenys Lima (9)','2023-03-31 11:38:33',12,'1','2'),(11797,'Ticket',539,'Printer',15,'Dhenys Lima (9)','2023-03-31 11:39:08',0,'','SELB - RX50 (19)'),(11798,'Printer',19,'Ticket',15,'Dhenys Lima (9)','2023-03-31 11:39:08',0,'','impressora da materninada (539)'),(11799,'Ticket',539,'',0,'Dhenys Lima (9)','2023-03-31 11:39:16',12,'2','5'),(11800,'Ticket',539,'',0,'Dhenys Lima (9)','2023-03-31 11:39:16',17,'','2023-03-31 08:39:16'),(11801,'Ticket',539,'ITILSolution',17,'Dhenys Lima (9)','2023-03-31 11:39:16',0,'','546 (546)'),(11802,'ITILSolution',546,'0',20,'Dhenys Lima (9)','2023-03-31 11:39:16',0,'',''),(11803,'Ticket',537,'',0,'Dhenys Lima (9)','2023-03-31 11:40:07',12,'2','4'),(11804,'Ticket',537,'ITILFollowup',17,'Dhenys Lima (9)','2023-03-31 16:09:37',0,'','1223'),(11805,'Ticket',537,'',0,'Dhenys Lima (9)','2023-03-31 16:09:40',12,'4','5'),(11806,'Ticket',537,'',0,'Dhenys Lima (9)','2023-03-31 16:09:40',17,'','2023-03-31 13:09:40'),(11807,'Ticket',537,'ITILSolution',17,'Dhenys Lima (9)','2023-03-31 16:09:40',0,'','547 (547)'),(11808,'ITILSolution',547,'0',20,'Dhenys Lima (9)','2023-03-31 16:09:40',0,'',''),(11809,'Ticket',540,'User',15,'Ezequiel Amorim (294)','2023-03-31 16:27:32',4,'','Ezequiel Amorim (294)'),(11810,'Ticket',540,'0',20,'Ezequiel Amorim (294)','2023-03-31 16:27:32',0,'',''),(11811,'Ticket',540,'',0,'Dhenys Lima (9)','2023-03-31 16:28:06',150,'0','34'),(11812,'Ticket',540,'',0,'Dhenys Lima (9)','2023-03-31 16:28:06',64,'amorimsucesso3867@gmail.com (294)','dhenys@cnsystem.com.br (9)'),(11813,'Ticket',540,'ITILFollowup',17,'Dhenys Lima (9)','2023-03-31 16:28:06',0,'','1224'),(11814,'Ticket',540,'ITILFollowup',17,'Dhenys Lima (9)','2023-03-31 16:31:28',0,'','1225'),(11815,'Ticket',540,'',0,'Dhenys Lima (9)','2023-03-31 16:31:33',12,'1','5'),(11816,'Ticket',540,'',0,'Dhenys Lima (9)','2023-03-31 16:31:33',17,'','2023-03-31 13:31:33'),(11817,'Ticket',540,'ITILSolution',17,'Dhenys Lima (9)','2023-03-31 16:31:33',0,'','548 (548)'),(11818,'ITILSolution',548,'0',20,'Dhenys Lima (9)','2023-03-31 16:31:33',0,'',''),(11819,'Ticket',540,'User',15,'Dhenys Lima (9)','2023-03-31 16:31:55',5,'','Dhenys Lima (9)'),(11820,'Ticket',541,'User',15,'Maria Moraes (188)','2023-03-31 16:32:37',4,'','Maria Moraes (188)'),(11821,'Ticket',541,'0',20,'Maria Moraes (188)','2023-03-31 16:32:37',0,'',''),(11822,'Ticket',541,'',0,'Dhenys Lima (9)','2023-03-31 16:33:04',150,'0','27'),(11823,'Ticket',541,'',0,'Dhenys Lima (9)','2023-03-31 16:33:04',64,'marialidiamoraes@outlook.com (188)','dhenys@cnsystem.com.br (9)'),(11824,'Ticket',541,'User',15,'Dhenys Lima (9)','2023-03-31 16:33:04',5,'','Dhenys Lima (9)'),(11825,'Ticket',541,'',0,'Dhenys Lima (9)','2023-03-31 16:33:04',12,'1','2'),(11826,'Ticket',541,'ITILFollowup',17,'Dhenys Lima (9)','2023-03-31 16:33:12',0,'','1226'),(11827,'Ticket',541,'Printer',15,'Dhenys Lima (9)','2023-03-31 16:33:32',0,'','SELB - 549P (14)'),(11828,'Printer',14,'Ticket',15,'Dhenys Lima (9)','2023-03-31 16:33:32',0,'','impressora (541)'),(11829,'Ticket',522,'',0,'Maria Moraes (188)','2023-03-31 16:33:53',12,'5','2'),(11830,'Ticket',522,'',0,'Maria Moraes (188)','2023-03-31 16:33:53',17,'2023-03-23 16:28:09',NULL),(11831,'Ticket',522,'ITILFollowup',17,'Maria Moraes (188)','2023-03-31 16:33:53',0,'','1227'),(11832,'Ticket',518,'',0,'Maria Moraes (188)','2023-03-31 16:34:27',12,'5','2'),(11833,'Ticket',518,'',0,'Maria Moraes (188)','2023-03-31 16:34:27',17,'2023-03-23 09:15:50',NULL),(11834,'Ticket',518,'ITILFollowup',17,'Maria Moraes (188)','2023-03-31 16:34:27',0,'','1228'),(11835,'Ticket',518,'ITILFollowup',17,'Dhenys Lima (9)','2023-03-31 16:47:43',0,'','1229'),(11836,'Ticket',518,'',0,'Dhenys Lima (9)','2023-03-31 16:47:47',12,'2','5'),(11837,'Ticket',518,'',0,'Dhenys Lima (9)','2023-03-31 16:47:47',17,'','2023-03-31 13:47:47'),(11838,'Ticket',518,'ITILSolution',17,'Dhenys Lima (9)','2023-03-31 16:47:47',0,'','549 (549)'),(11839,'ITILSolution',549,'0',20,'Dhenys Lima (9)','2023-03-31 16:47:47',0,'',''),(11840,'Ticket',522,'ITILFollowup',17,'Dhenys Lima (9)','2023-03-31 16:48:45',0,'','1230'),(11841,'Ticket',522,'ITILFollowup',17,'Dhenys Lima (9)','2023-03-31 16:49:08',0,'','1231'),(11842,'Ticket',522,'',0,'Dhenys Lima (9)','2023-03-31 16:49:12',12,'2','5'),(11843,'Ticket',522,'',0,'Dhenys Lima (9)','2023-03-31 16:49:12',17,'','2023-03-31 13:49:12'),(11844,'Ticket',522,'ITILSolution',17,'Dhenys Lima (9)','2023-03-31 16:49:12',0,'','550 (550)'),(11845,'ITILSolution',550,'0',20,'Dhenys Lima (9)','2023-03-31 16:49:12',0,'',''),(11846,'Ticket',541,'',0,'Dhenys Lima (9)','2023-03-31 18:37:55',37,'Primeira Resposta - Alta (7)','Primeira Resposta - Média (9)'),(11847,'Ticket',541,'',0,'Dhenys Lima (9)','2023-03-31 18:37:55',30,'Solução - Alta (8)','Solução - Média (10)'),(11848,'Ticket',541,'',0,'Dhenys Lima (9)','2023-03-31 18:37:55',3,'4','3'),(11849,'Ticket',541,'',0,'Dhenys Lima (9)','2023-03-31 18:37:55',18,'2023-03-31 15:32:37','2023-04-03 08:02:37'),(11850,'Ticket',541,'',0,'Dhenys Lima (9)','2023-03-31 18:37:55',155,'2023-03-31 13:42:37','2023-03-31 15:32:37'),(11851,'Ticket',541,'ITILFollowup',17,'Dhenys Lima (9)','2023-03-31 18:38:12',0,'','1232'),(11852,'Ticket',541,'',0,'Dhenys Lima (9)','2023-04-03 11:16:32',12,'2','5'),(11853,'Ticket',541,'',0,'Dhenys Lima (9)','2023-04-03 11:16:32',17,'','2023-04-03 08:16:32'),(11854,'Ticket',541,'ITILSolution',17,'Dhenys Lima (9)','2023-04-03 11:16:32',0,'','551 (551)'),(11855,'ITILSolution',551,'0',20,'Dhenys Lima (9)','2023-04-03 11:16:32',0,'',''),(11856,'Ticket',542,'User',15,'Jaqueline Camargo (299)','2023-04-03 11:50:26',4,'','Jaqueline Camargo (299)'),(11857,'Ticket',542,'0',20,'Jaqueline Camargo (299)','2023-04-03 11:50:26',0,'',''),(11858,'Ticket',542,'',0,'Dhenys Lima (9)','2023-04-03 11:50:52',150,'0','26'),(11859,'Ticket',542,'',0,'Dhenys Lima (9)','2023-04-03 11:50:52',64,'jaquecamargo9408@gmail.com (299)','dhenys@cnsystem.com.br (9)'),(11860,'Ticket',542,'ITILFollowup',17,'Dhenys Lima (9)','2023-04-03 11:50:52',0,'','1233'),(11861,'Ticket',542,'User',15,'Dhenys Lima (9)','2023-04-03 11:50:57',5,'','Dhenys Lima (9)'),(11862,'Ticket',542,'',0,'Dhenys Lima (9)','2023-04-03 11:50:57',12,'1','2'),(11863,'Ticket',542,'Printer',15,'Dhenys Lima (9)','2023-04-03 11:51:07',0,'','SELB - 89DT (22)'),(11864,'Printer',22,'Ticket',15,'Dhenys Lima (9)','2023-04-03 11:51:07',0,'','impressora (542)'),(11865,'Ticket',543,'User',15,'Janaina Amaral (141)','2023-04-03 11:55:12',4,'','Janaina Amaral (141)'),(11866,'Ticket',543,'0',20,'Janaina Amaral (141)','2023-04-03 11:55:12',0,'',''),(11867,'Ticket',544,'User',15,'Gilvane Santos (118)','2023-04-03 12:58:26',4,'','Gilvane Santos (118)'),(11868,'Ticket',544,'0',20,'Gilvane Santos (118)','2023-04-03 12:58:26',0,'',''),(11869,'Ticket',542,'ITILFollowup',17,'Dhenys Lima (9)','2023-04-03 13:06:18',0,'','1234'),(11870,'Ticket',544,'',0,'Dhenys Lima (9)','2023-04-03 13:35:50',150,'0','2244'),(11871,'Ticket',544,'',0,'Dhenys Lima (9)','2023-04-03 13:35:50',64,'giltbsantos@hotmail.com (118)','dhenys@cnsystem.com.br (9)'),(11872,'Ticket',544,'ITILFollowup',17,'Dhenys Lima (9)','2023-04-03 13:35:50',0,'','1235'),(11873,'Ticket',544,'User',15,'Dhenys Lima (9)','2023-04-03 13:35:55',5,'','Dhenys Lima (9)'),(11874,'Ticket',544,'',0,'Dhenys Lima (9)','2023-04-03 13:35:55',12,'1','2'),(11875,'Ticket',544,'ITILFollowup',17,'Dhenys Lima (9)','2023-04-03 13:37:09',0,'','1236'),(11876,'Ticket',544,'ITILFollowup',18,'Dhenys Lima (9)','2023-04-03 13:37:37',0,'','1236'),(11877,'Document',42,'0',20,'Dhenys Lima (9)','2023-04-03 13:39:18',0,'',''),(11878,'Document',42,'ITILFollowup',15,'Dhenys Lima (9)','2023-04-03 13:39:18',0,'','Helpdesk (1237)'),(11879,'Ticket',544,'ITILFollowup',17,'Dhenys Lima (9)','2023-04-03 13:39:18',0,'','1237'),(11880,'Ticket',544,'ITILFollowup',17,'Dhenys Lima (9)','2023-04-03 13:40:16',0,'','1238'),(11881,'Ticket',544,'',0,'Dhenys Lima (9)','2023-04-03 13:40:21',12,'2','5'),(11882,'Ticket',544,'',0,'Dhenys Lima (9)','2023-04-03 13:40:21',17,'','2023-04-03 10:40:21'),(11883,'Ticket',544,'ITILSolution',17,'Dhenys Lima (9)','2023-04-03 13:40:21',0,'','552 (552)'),(11884,'ITILSolution',552,'0',20,'Dhenys Lima (9)','2023-04-03 13:40:21',0,'',''),(11885,'Ticket',543,'',0,'Dhenys Lima (9)','2023-04-03 13:40:38',150,'0','6326'),(11886,'Ticket',543,'',0,'Dhenys Lima (9)','2023-04-03 13:40:38',64,'janainaamaral994@gmail.com (141)','dhenys@cnsystem.com.br (9)'),(11887,'Ticket',543,'ITILFollowup',17,'Dhenys Lima (9)','2023-04-03 13:40:38',0,'','1239'),(11888,'Ticket',543,'User',15,'Dhenys Lima (9)','2023-04-03 13:40:41',5,'','Dhenys Lima (9)'),(11889,'Ticket',543,'',0,'Dhenys Lima (9)','2023-04-03 13:40:41',12,'1','2'),(11890,'Ticket',543,'Software',15,'Dhenys Lima (9)','2023-04-03 13:40:49',0,'','G - HOSP (1)'),(11891,'Software',1,'Ticket',15,'Dhenys Lima (9)','2023-04-03 13:40:49',0,'','internamento pendente  (543)'),(11892,'Ticket',545,'User',15,'Isadora Buzzacao (127)','2023-04-03 14:53:00',4,'','Isadora Buzzacao (127)'),(11893,'Ticket',545,'0',20,'Isadora Buzzacao (127)','2023-04-03 14:53:00',0,'',''),(11894,'Ticket',516,'',0,'Isadora Buzzacao (127)','2023-04-03 14:53:13',12,'5','6'),(11895,'Ticket',516,'',0,'Isadora Buzzacao (127)','2023-04-03 14:53:13',16,'','2023-04-03 11:53:13'),(11896,'Ticket',516,'ITILFollowup',17,'Isadora Buzzacao (127)','2023-04-03 14:53:13',0,'','1240'),(11897,'Ticket',491,'',0,'Isadora Buzzacao (127)','2023-04-03 14:53:24',12,'5','6'),(11898,'Ticket',491,'',0,'Isadora Buzzacao (127)','2023-04-03 14:53:24',16,'','2023-04-03 11:53:24'),(11899,'Ticket',491,'ITILFollowup',17,'Isadora Buzzacao (127)','2023-04-03 14:53:24',0,'','1241'),(11900,'Ticket',451,'',0,'Isadora Buzzacao (127)','2023-04-03 14:53:32',12,'5','6'),(11901,'Ticket',451,'',0,'Isadora Buzzacao (127)','2023-04-03 14:53:32',16,'','2023-04-03 11:53:32'),(11902,'Ticket',451,'ITILFollowup',17,'Isadora Buzzacao (127)','2023-04-03 14:53:32',0,'','1242'),(11903,'Ticket',543,'ITILFollowup',17,'Dhenys Lima (9)','2023-04-03 16:12:32',0,'','1243'),(11904,'Ticket',500,'TicketTask',18,'Eberson Muenchen (12)','2023-04-03 17:42:24',0,'','254'),(11905,'Ticket',500,'',0,'Eberson Muenchen (12)','2023-04-03 17:55:15',12,'4','5'),(11906,'Ticket',500,'',0,'Eberson Muenchen (12)','2023-04-03 17:55:15',17,'','2023-04-03 14:55:15'),(11907,'Ticket',500,'ITILSolution',17,'Eberson Muenchen (12)','2023-04-03 17:55:15',0,'','553 (553)'),(11908,'ITILSolution',553,'0',20,'Eberson Muenchen (12)','2023-04-03 17:55:15',0,'',''),(11909,'Ticket',544,'',0,'Gilvane Santos (118)','2023-04-03 19:02:56',12,'5','6'),(11910,'Ticket',544,'',0,'Gilvane Santos (118)','2023-04-03 19:02:56',16,'','2023-04-03 16:02:56'),(11911,'Ticket',544,'ITILFollowup',17,'Gilvane Santos (118)','2023-04-03 19:02:56',0,'','1244'),(11912,'Document',43,'0',20,'Dhenys Lima (9)','2023-04-03 19:36:36',0,'',''),(11913,'Document',43,'ITILFollowup',15,'Dhenys Lima (9)','2023-04-03 19:36:36',0,'','Helpdesk (1245)'),(11914,'Document',44,'0',20,'Dhenys Lima (9)','2023-04-03 19:36:36',0,'',''),(11915,'Document',44,'ITILFollowup',15,'Dhenys Lima (9)','2023-04-03 19:36:36',0,'','Helpdesk (1245)'),(11916,'Ticket',543,'ITILFollowup',17,'Dhenys Lima (9)','2023-04-03 19:36:36',0,'','1245'),(11917,'Ticket',543,'ITILFollowup',17,'Dhenys Lima (9)','2023-04-03 19:37:02',0,'','1246'),(11918,'Ticket',545,'',0,'Dhenys Lima (9)','2023-04-03 19:38:03',150,'0','13083'),(11919,'Ticket',545,'',0,'Dhenys Lima (9)','2023-04-03 19:38:03',64,'ibuzzacaro@hotmail.com (127)','dhenys@cnsystem.com.br (9)'),(11920,'Ticket',545,'ITILFollowup',17,'Dhenys Lima (9)','2023-04-03 19:38:03',0,'','1247'),(11921,'Ticket',545,'ITILFollowup',17,'Dhenys Lima (9)','2023-04-03 19:38:09',0,'','1248'),(11922,'Ticket',545,'User',15,'Dhenys Lima (9)','2023-04-03 19:38:13',5,'','Dhenys Lima (9)'),(11923,'Ticket',545,'',0,'Dhenys Lima (9)','2023-04-03 19:38:13',12,'1','2'),(11924,'Ticket',545,'Computer',15,'Dhenys Lima (9)','2023-04-03 19:38:26',0,'','ET-01-054 (52)'),(11925,'Computer',52,'Ticket',15,'Dhenys Lima (9)','2023-04-03 19:38:26',0,'','Computador posto de enfermagem (545)'),(11926,'Ticket',542,'ITILFollowup',17,'Dhenys Lima (9)','2023-04-03 19:39:21',0,'','1249'),(11927,'Ticket',542,'',0,'Dhenys Lima (9)','2023-04-03 19:39:25',12,'2','5'),(11928,'Ticket',542,'',0,'Dhenys Lima (9)','2023-04-03 19:39:25',17,'','2023-04-03 16:39:25'),(11929,'Ticket',542,'ITILSolution',17,'Dhenys Lima (9)','2023-04-03 19:39:25',0,'','554 (554)'),(11930,'ITILSolution',554,'0',20,'Dhenys Lima (9)','2023-04-03 19:39:25',0,'',''),(11931,'Ticket',543,'',0,'Dhenys Lima (9)','2023-04-03 19:39:36',12,'2','4'),(11932,'Ticket',545,'',0,'Dhenys Lima (9)','2023-04-03 19:39:45',12,'2','5'),(11933,'Ticket',545,'',0,'Dhenys Lima (9)','2023-04-03 19:39:45',17,'','2023-04-03 16:39:45'),(11934,'Ticket',545,'ITILSolution',17,'Dhenys Lima (9)','2023-04-03 19:39:45',0,'','555 (555)'),(11935,'ITILSolution',555,'0',20,'Dhenys Lima (9)','2023-04-03 19:39:45',0,'',''),(11936,'Ticket',546,'User',15,'Claudia Melo (51)','2023-04-04 10:57:49',4,'','Claudia Melo (51)'),(11937,'Ticket',546,'0',20,'Claudia Melo (51)','2023-04-04 10:57:49',0,'',''),(11938,'Ticket',546,'',0,'Dhenys Lima (9)','2023-04-04 11:40:31',150,'0','2431'),(11939,'Ticket',546,'',0,'Dhenys Lima (9)','2023-04-04 11:40:31',64,'claudiacmml32@gmail.com (51)','dhenys@cnsystem.com.br (9)'),(11940,'Ticket',546,'ITILFollowup',17,'Dhenys Lima (9)','2023-04-04 11:40:31',0,'','1250'),(11941,'Ticket',546,'User',15,'Dhenys Lima (9)','2023-04-04 11:40:35',5,'','Dhenys Lima (9)'),(11942,'Ticket',546,'',0,'Dhenys Lima (9)','2023-04-04 11:40:35',12,'1','2'),(11943,'Ticket',546,'Printer',15,'Dhenys Lima (9)','2023-04-04 11:40:50',0,'','SELB - 679R (17)'),(11944,'Printer',17,'Ticket',15,'Dhenys Lima (9)','2023-04-04 11:40:50',0,'','CONSERTO DE IMPRESSORA (546)'),(11945,'Ticket',546,'ITILFollowup',17,'Dhenys Lima (9)','2023-04-04 11:48:04',0,'','1251'),(11946,'Ticket',546,'',0,'Dhenys Lima (9)','2023-04-04 11:48:11',12,'2','5'),(11947,'Ticket',546,'',0,'Dhenys Lima (9)','2023-04-04 11:48:11',17,'','2023-04-04 08:48:11'),(11948,'Ticket',546,'ITILSolution',17,'Dhenys Lima (9)','2023-04-04 11:48:11',0,'','556 (556)'),(11949,'ITILSolution',556,'0',20,'Dhenys Lima (9)','2023-04-04 11:48:11',0,'',''),(11950,'Ticket',504,'',0,'Keyla Antunes (164)','2023-04-04 17:09:48',12,'5','6'),(11951,'Ticket',504,'',0,'Keyla Antunes (164)','2023-04-04 17:09:48',16,'','2023-04-04 14:09:48'),(11952,'Ticket',504,'ITILFollowup',17,'Keyla Antunes (164)','2023-04-04 17:09:48',0,'','1252'),(11953,'Ticket',547,'User',15,'Keyla Antunes (164)','2023-04-04 17:12:57',4,'','Keyla Antunes (164)'),(11954,'Ticket',547,'0',20,'Keyla Antunes (164)','2023-04-04 17:12:57',0,'',''),(11955,'Ticket',547,'',0,'Dhenys Lima (9)','2023-04-04 17:19:29',150,'0','392'),(11956,'Ticket',547,'',0,'Dhenys Lima (9)','2023-04-04 17:19:29',64,'keylaantunesn@gmail.com (164)','dhenys@cnsystem.com.br (9)'),(11957,'Ticket',547,'ITILFollowup',17,'Dhenys Lima (9)','2023-04-04 17:19:29',0,'','1253'),(11958,'Ticket',547,'ITILFollowup',17,'Dhenys Lima (9)','2023-04-04 17:20:26',0,'','1254'),(11959,'Ticket',547,'User',15,'Dhenys Lima (9)','2023-04-04 17:21:07',5,'','Dhenys Lima (9)'),(11960,'Ticket',547,'',0,'Dhenys Lima (9)','2023-04-04 17:21:07',12,'1','2'),(11961,'Ticket',547,'',0,'Dhenys Lima (9)','2023-04-04 20:13:05',12,'2','4'),(11962,'Ticket',548,'User',15,'Leonardo Antunes (174)','2023-04-05 10:33:37',4,'','Leonardo Antunes (174)'),(11963,'Ticket',548,'0',20,'Leonardo Antunes (174)','2023-04-05 10:33:37',0,'',''),(11964,'Ticket',549,'User',15,'Leonardo Antunes (174)','2023-04-05 10:35:56',4,'','Leonardo Antunes (174)'),(11965,'Ticket',549,'0',20,'Leonardo Antunes (174)','2023-04-05 10:35:56',0,'',''),(11966,'Ticket',549,'',0,'Dhenys Lima (9)','2023-04-05 11:25:50',150,'0','1550'),(11967,'Ticket',549,'',0,'Dhenys Lima (9)','2023-04-05 11:25:50',64,'leonardosilvaantunes@gmail.com (174)','dhenys@cnsystem.com.br (9)'),(11968,'Ticket',549,'ITILFollowup',17,'Dhenys Lima (9)','2023-04-05 11:25:50',0,'','1255'),(11969,'Ticket',549,'User',15,'Dhenys Lima (9)','2023-04-05 11:25:54',5,'','Dhenys Lima (9)'),(11970,'Ticket',549,'',0,'Dhenys Lima (9)','2023-04-05 11:25:54',12,'1','2'),(11971,'Ticket',549,'Software',15,'Dhenys Lima (9)','2023-04-05 11:26:03',0,'','G - HOSP (1)'),(11972,'Software',1,'Ticket',15,'Dhenys Lima (9)','2023-04-05 11:26:03',0,'','Erro na hr de imprimir  (549)'),(11973,'Ticket',548,'',0,'Dhenys Lima (9)','2023-04-05 11:26:13',150,'0','1573'),(11974,'Ticket',548,'',0,'Dhenys Lima (9)','2023-04-05 11:26:13',64,'leonardosilvaantunes@gmail.com (174)','dhenys@cnsystem.com.br (9)'),(11975,'Ticket',548,'ITILFollowup',17,'Dhenys Lima (9)','2023-04-05 11:26:13',0,'','1256'),(11976,'Ticket',548,'User',15,'Dhenys Lima (9)','2023-04-05 11:26:21',5,'','Dhenys Lima (9)'),(11977,'Ticket',548,'',0,'Dhenys Lima (9)','2023-04-05 11:26:21',12,'1','2'),(11978,'Ticket',548,'Printer',15,'Dhenys Lima (9)','2023-04-05 11:26:31',0,'','SELB - NA33 (5)'),(11979,'Printer',5,'Ticket',15,'Dhenys Lima (9)','2023-04-05 11:26:31',0,'','substituição de toner   (548)'),(11980,'Ticket',548,'ITILFollowup',17,'Dhenys Lima (9)','2023-04-05 11:38:04',0,'','1257'),(11981,'Ticket',548,'',0,'Dhenys Lima (9)','2023-04-05 11:38:07',12,'2','5'),(11982,'Ticket',548,'',0,'Dhenys Lima (9)','2023-04-05 11:38:07',17,'','2023-04-05 08:38:07'),(11983,'Ticket',548,'ITILSolution',17,'Dhenys Lima (9)','2023-04-05 11:38:07',0,'','557 (557)'),(11984,'ITILSolution',557,'0',20,'Dhenys Lima (9)','2023-04-05 11:38:07',0,'',''),(11985,'Ticket',549,'ITILFollowup',17,'Dhenys Lima (9)','2023-04-05 11:38:46',0,'','1258'),(11986,'Ticket',547,'ITILFollowup',17,'Dhenys Lima (9)','2023-04-05 11:39:56',0,'','1259'),(11987,'Ticket',547,'',0,'Dhenys Lima (9)','2023-04-05 11:40:00',12,'4','5'),(11988,'Ticket',547,'',0,'Dhenys Lima (9)','2023-04-05 11:40:00',17,'','2023-04-05 08:40:00'),(11989,'Ticket',547,'ITILSolution',17,'Dhenys Lima (9)','2023-04-05 11:40:00',0,'','558 (558)'),(11990,'ITILSolution',558,'0',20,'Dhenys Lima (9)','2023-04-05 11:40:00',0,'',''),(11991,'Ticket',543,'ITILFollowup',17,'Dhenys Lima (9)','2023-04-05 11:41:10',0,'','1260'),(11992,'Ticket',550,'User',15,'Leonardo Antunes (174)','2023-04-05 12:24:42',4,'','Leonardo Antunes (174)'),(11993,'Ticket',550,'0',20,'Leonardo Antunes (174)','2023-04-05 12:24:42',0,'',''),(11994,'Ticket',550,'',0,'Dhenys Lima (9)','2023-04-05 12:25:04',150,'0','22'),(11995,'Ticket',550,'',0,'Dhenys Lima (9)','2023-04-05 12:25:04',64,'leonardosilvaantunes@gmail.com (174)','dhenys@cnsystem.com.br (9)'),(11996,'Ticket',550,'ITILFollowup',17,'Dhenys Lima (9)','2023-04-05 12:25:04',0,'','1261'),(11997,'Ticket',550,'User',15,'Dhenys Lima (9)','2023-04-05 12:25:09',5,'','Dhenys Lima (9)'),(11998,'Ticket',550,'',0,'Dhenys Lima (9)','2023-04-05 12:25:09',12,'1','2'),(11999,'Ticket',550,'Printer',15,'Dhenys Lima (9)','2023-04-05 12:25:20',0,'','SELB - NA33 (5)'),(12000,'Printer',5,'Ticket',15,'Dhenys Lima (9)','2023-04-05 12:25:20',0,'','impressora com problema   (550)'),(12001,'Ticket',550,'ITILFollowup',17,'Dhenys Lima (9)','2023-04-05 12:28:20',0,'','1262'),(12002,'Ticket',550,'',0,'Dhenys Lima (9)','2023-04-05 12:28:25',12,'2','5'),(12003,'Ticket',550,'',0,'Dhenys Lima (9)','2023-04-05 12:28:25',17,'','2023-04-05 09:28:25'),(12004,'Ticket',550,'ITILSolution',17,'Dhenys Lima (9)','2023-04-05 12:28:25',0,'','559 (559)'),(12005,'ITILSolution',559,'0',20,'Dhenys Lima (9)','2023-04-05 12:28:25',0,'',''),(12006,'Ticket',549,'ITILFollowup',17,'Dhenys Lima (9)','2023-04-05 16:40:29',0,'','1263'),(12007,'Ticket',549,'',0,'Dhenys Lima (9)','2023-04-05 16:40:36',12,'2','4'),(12008,'Ticket',542,'',0,'Jaqueline Camargo (299)','2023-04-05 16:44:46',12,'5','6'),(12009,'Ticket',542,'',0,'Jaqueline Camargo (299)','2023-04-05 16:44:46',16,'','2023-04-05 13:44:46'),(12010,'Ticket',542,'ITILFollowup',17,'Jaqueline Camargo (299)','2023-04-05 16:44:46',0,'','1264'),(12011,'Ticket',551,'User',15,'Gilvane Santos (118)','2023-04-05 17:21:09',4,'','Gilvane Santos (118)'),(12012,'Ticket',551,'0',20,'Gilvane Santos (118)','2023-04-05 17:21:09',0,'',''),(12013,'Ticket',551,'',0,'Dhenys Lima (9)','2023-04-05 17:42:43',150,'0','1294'),(12014,'Ticket',551,'',0,'Dhenys Lima (9)','2023-04-05 17:42:43',64,'giltbsantos@hotmail.com (118)','dhenys@cnsystem.com.br (9)'),(12015,'Ticket',551,'ITILFollowup',17,'Dhenys Lima (9)','2023-04-05 17:42:43',0,'','1265'),(12016,'Ticket',551,'User',15,'Dhenys Lima (9)','2023-04-05 17:42:47',5,'','Dhenys Lima (9)'),(12017,'Ticket',551,'',0,'Dhenys Lima (9)','2023-04-05 17:42:47',12,'1','2'),(12018,'Ticket',551,'Printer',15,'Dhenys Lima (9)','2023-04-05 17:43:06',0,'','SELB - AL20 (12)'),(12019,'Printer',12,'Ticket',15,'Dhenys Lima (9)','2023-04-05 17:43:06',0,'','IMPRESSORA PAPEL ATOLADO (551)'),(12020,'Ticket',550,'',0,'Leonardo Antunes (174)','2023-04-05 18:10:30',12,'5','6'),(12021,'Ticket',550,'',0,'Leonardo Antunes (174)','2023-04-05 18:10:30',16,'','2023-04-05 15:10:30'),(12022,'Ticket',550,'ITILFollowup',17,'Leonardo Antunes (174)','2023-04-05 18:10:30',0,'','1266'),(12023,'Ticket',461,'',0,'Leonardo Antunes (174)','2023-04-05 18:11:05',12,'5','6'),(12024,'Ticket',461,'',0,'Leonardo Antunes (174)','2023-04-05 18:11:05',16,'','2023-04-05 15:11:05'),(12025,'Ticket',461,'ITILFollowup',17,'Leonardo Antunes (174)','2023-04-05 18:11:05',0,'','1267'),(12026,'Ticket',548,'',0,'Leonardo Antunes (174)','2023-04-05 18:11:22',12,'5','6'),(12027,'Ticket',548,'',0,'Leonardo Antunes (174)','2023-04-05 18:11:22',16,'','2023-04-05 15:11:22'),(12028,'Ticket',548,'ITILFollowup',17,'Leonardo Antunes (174)','2023-04-05 18:11:22',0,'','1268'),(12029,'Ticket',551,'ITILFollowup',17,'Dhenys Lima (9)','2023-04-05 18:12:38',0,'','1269'),(12030,'Ticket',551,'',0,'Dhenys Lima (9)','2023-04-05 18:12:45',12,'2','5'),(12031,'Ticket',551,'',0,'Dhenys Lima (9)','2023-04-05 18:12:45',17,'','2023-04-05 15:12:45'),(12032,'Ticket',551,'ITILSolution',17,'Dhenys Lima (9)','2023-04-05 18:12:45',0,'','560 (560)'),(12033,'ITILSolution',560,'0',20,'Dhenys Lima (9)','2023-04-05 18:12:45',0,'',''),(12034,'Ticket',552,'User',15,'Glaucia Balbinot (121)','2023-04-06 11:13:53',4,'','Glaucia Balbinot (121)'),(12035,'Ticket',552,'User',15,'Glaucia Balbinot (121)','2023-04-06 11:13:53',66,'','Glaucia Balbinot (121)'),(12036,'Ticket',552,'0',20,'Glaucia Balbinot (121)','2023-04-06 11:13:53',0,'',''),(12037,'Ticket',552,'',0,'Dhenys Lima (9)','2023-04-06 11:34:19',37,'Primeira Resposta - Alta (7)','Primeira Resposta - Média (9)'),(12038,'Ticket',552,'',0,'Dhenys Lima (9)','2023-04-06 11:34:19',30,'Solução - Alta (8)','Solução - Média (10)'),(12039,'Ticket',552,'',0,'Dhenys Lima (9)','2023-04-06 11:34:19',10,'4','3'),(12040,'Ticket',552,'',0,'Dhenys Lima (9)','2023-04-06 11:34:19',3,'4','3'),(12041,'Ticket',552,'',0,'Dhenys Lima (9)','2023-04-06 11:34:19',18,'2023-04-06 10:13:53','2023-04-06 13:43:53'),(12042,'Ticket',552,'',0,'Dhenys Lima (9)','2023-04-06 11:34:19',155,'2023-04-06 08:23:53','2023-04-06 10:13:53'),(12043,'Ticket',552,'',0,'Dhenys Lima (9)','2023-04-06 11:34:19',64,'glauciabalbinot@gmail.com (121)','dhenys@cnsystem.com.br (9)'),(12044,'Ticket',552,'',0,'Dhenys Lima (9)','2023-04-06 11:34:28',150,'0','1235'),(12045,'Ticket',552,'ITILFollowup',17,'Dhenys Lima (9)','2023-04-06 11:34:28',0,'','1270'),(12046,'Ticket',552,'User',15,'Dhenys Lima (9)','2023-04-06 11:34:37',5,'','Dhenys Lima (9)'),(12047,'Ticket',552,'',0,'Dhenys Lima (9)','2023-04-06 11:34:37',12,'1','2'),(12048,'Ticket',552,'Software',15,'Dhenys Lima (9)','2023-04-06 11:34:48',0,'','G - HOSP (1)'),(12049,'Software',1,'Ticket',15,'Dhenys Lima (9)','2023-04-06 11:34:48',0,'','Prescrição nº 1 do paciente Jora Mendes Barbosa, o sistema não abre a  (552)'),(12050,'Ticket',552,'ITILFollowup',17,'Dhenys Lima (9)','2023-04-06 11:35:32',0,'','1271'),(12051,'Ticket',552,'',0,'Dhenys Lima (9)','2023-04-06 11:36:59',12,'2','4'),(12052,'Ticket',553,'User',15,'Dhenys Lima (9)','2023-04-06 12:17:33',4,'','Dhenys Lima (9)'),(12053,'Ticket',553,'',0,'Dhenys Lima (9)','2023-04-06 12:17:33',150,'0','153'),(12054,'Ticket',553,'User',15,'Dhenys Lima (9)','2023-04-06 12:17:33',5,'','Dhenys Lima (9)'),(12055,'Ticket',553,'0',20,'Dhenys Lima (9)','2023-04-06 12:17:33',0,'',''),(12056,'Ticket',553,'ITILFollowup',17,'Dhenys Lima (9)','2023-04-06 13:47:43',0,'','1272'),(12057,'Ticket',553,'',0,'Dhenys Lima (9)','2023-04-06 13:47:53',12,'2','5'),(12058,'Ticket',553,'',0,'Dhenys Lima (9)','2023-04-06 13:47:53',17,'','2023-04-06 10:47:53'),(12059,'Ticket',553,'ITILSolution',17,'Dhenys Lima (9)','2023-04-06 13:47:53',0,'','561 (561)'),(12060,'ITILSolution',561,'0',20,'Dhenys Lima (9)','2023-04-06 13:47:53',0,'',''),(12061,'Ticket',553,'',0,'Dhenys Lima (9)','2023-04-06 13:48:01',12,'5','6'),(12062,'Ticket',553,'ITILFollowup',17,'Dhenys Lima (9)','2023-04-06 13:48:01',0,'','1273'),(12063,'Ticket',547,'',0,'Keyla Antunes (164)','2023-04-06 14:22:44',12,'5','6'),(12064,'Ticket',547,'',0,'Keyla Antunes (164)','2023-04-06 14:22:44',16,'','2023-04-06 11:22:44'),(12065,'Ticket',547,'ITILFollowup',17,'Keyla Antunes (164)','2023-04-06 14:22:44',0,'','1274'),(12066,'Ticket',554,'User',15,'Keyla Antunes (164)','2023-04-06 14:24:08',4,'','Keyla Antunes (164)'),(12067,'Ticket',554,'0',20,'Keyla Antunes (164)','2023-04-06 14:24:08',0,'',''),(12068,'Ticket',555,'User',15,'Keyla Antunes (164)','2023-04-06 14:25:34',4,'','Keyla Antunes (164)'),(12069,'Ticket',555,'0',20,'Keyla Antunes (164)','2023-04-06 14:25:34',0,'',''),(12070,'Ticket',554,'',0,'Dhenys Lima (9)','2023-04-06 17:31:52',150,'0','5864'),(12071,'Ticket',554,'',0,'Dhenys Lima (9)','2023-04-06 17:31:52',64,'keylaantunesn@gmail.com (164)','dhenys@cnsystem.com.br (9)'),(12072,'Ticket',554,'ITILFollowup',17,'Dhenys Lima (9)','2023-04-06 17:31:52',0,'','1275'),(12073,'Ticket',554,'User',15,'Dhenys Lima (9)','2023-04-06 17:31:57',5,'','Dhenys Lima (9)'),(12074,'Ticket',554,'',0,'Dhenys Lima (9)','2023-04-06 17:31:57',12,'1','2'),(12075,'Ticket',554,'Computer',15,'Dhenys Lima (9)','2023-04-06 17:32:10',0,'','ET-01-122 (21)'),(12076,'Computer',21,'Ticket',15,'Dhenys Lima (9)','2023-04-06 17:32:10',0,'','sistema do paclinkweb não abre. (554)'),(12077,'Ticket',555,'',0,'Dhenys Lima (9)','2023-04-06 17:32:20',150,'0','5806'),(12078,'Ticket',555,'',0,'Dhenys Lima (9)','2023-04-06 17:32:20',64,'keylaantunesn@gmail.com (164)','dhenys@cnsystem.com.br (9)'),(12079,'Ticket',555,'User',15,'Dhenys Lima (9)','2023-04-06 17:32:20',5,'','Dhenys Lima (9)'),(12080,'Ticket',555,'',0,'Dhenys Lima (9)','2023-04-06 17:32:20',12,'1','2'),(12081,'Ticket',555,'Software',15,'Dhenys Lima (9)','2023-04-06 17:32:33',0,'','PAC Link Web (3)'),(12082,'Software',3,'Ticket',15,'Dhenys Lima (9)','2023-04-06 17:32:33',0,'','sistema do paclinkweb não abre. (555)'),(12083,'Ticket',555,'ITILFollowup',17,'Dhenys Lima (9)','2023-04-06 17:32:45',0,'','1276'),(12084,'Document',45,'0',20,'Dhenys Lima (9)','2023-04-06 17:34:19',0,'',''),(12085,'Document',45,'ITILFollowup',15,'Dhenys Lima (9)','2023-04-06 17:34:19',0,'','Helpdesk (1277)'),(12086,'Ticket',555,'ITILFollowup',17,'Dhenys Lima (9)','2023-04-06 17:34:19',0,'','1277'),(12087,'Ticket',555,'ITILFollowup',17,'Dhenys Lima (9)','2023-04-06 17:34:42',0,'','1278'),(12088,'Ticket',555,'',0,'Dhenys Lima (9)','2023-04-06 17:34:48',12,'2','5'),(12089,'Ticket',555,'',0,'Dhenys Lima (9)','2023-04-06 17:34:48',17,'','2023-04-06 14:34:48'),(12090,'Ticket',555,'ITILSolution',17,'Dhenys Lima (9)','2023-04-06 17:34:48',0,'','562 (562)'),(12091,'ITILSolution',562,'0',20,'Dhenys Lima (9)','2023-04-06 17:34:48',0,'',''),(12092,'Document',45,'ITILFollowup',15,'Dhenys Lima (9)','2023-04-06 17:35:13',0,'','Helpdesk (1279)'),(12093,'Ticket',554,'ITILFollowup',17,'Dhenys Lima (9)','2023-04-06 17:35:13',0,'','1279'),(12094,'Ticket',554,'ITILFollowup',17,'Dhenys Lima (9)','2023-04-06 17:35:43',0,'','1280'),(12095,'Ticket',554,'',0,'Dhenys Lima (9)','2023-04-06 17:35:48',12,'2','5'),(12096,'Ticket',554,'',0,'Dhenys Lima (9)','2023-04-06 17:35:48',17,'','2023-04-06 14:35:48'),(12097,'Ticket',554,'ITILSolution',17,'Dhenys Lima (9)','2023-04-06 17:35:48',0,'','563 (563)'),(12098,'ITILSolution',563,'0',20,'Dhenys Lima (9)','2023-04-06 17:35:48',0,'',''),(12099,'Ticket',543,'ITILFollowup',17,'Dhenys Lima (9)','2023-04-06 19:16:00',0,'','1281'),(12100,'Ticket',543,'',0,'Dhenys Lima (9)','2023-04-06 19:16:03',12,'4','5'),(12101,'Ticket',543,'',0,'Dhenys Lima (9)','2023-04-06 19:16:03',17,'','2023-04-06 16:16:03'),(12102,'Ticket',543,'ITILSolution',17,'Dhenys Lima (9)','2023-04-06 19:16:03',0,'','564 (564)'),(12103,'ITILSolution',564,'0',20,'Dhenys Lima (9)','2023-04-06 19:16:03',0,'',''),(12104,'Ticket',549,'ITILFollowup',17,'Dhenys Lima (9)','2023-04-06 19:16:46',0,'','1282'),(12105,'Ticket',549,'',0,'Dhenys Lima (9)','2023-04-06 19:16:50',12,'4','5'),(12106,'Ticket',549,'',0,'Dhenys Lima (9)','2023-04-06 19:16:50',17,'','2023-04-06 16:16:50'),(12107,'Ticket',549,'ITILSolution',17,'Dhenys Lima (9)','2023-04-06 19:16:50',0,'','565 (565)'),(12108,'ITILSolution',565,'0',20,'Dhenys Lima (9)','2023-04-06 19:16:50',0,'',''),(12109,'Ticket',556,'User',15,'Gabriela Darold (112)','2023-04-07 13:19:27',4,'','Gabriela Darold (112)'),(12110,'Ticket',556,'0',20,'Gabriela Darold (112)','2023-04-07 13:19:27',0,'',''),(12111,'Ticket',556,'ITILFollowup',17,'Gabriela Darold (112)','2023-04-07 14:32:10',0,'','1283'),(12112,'Ticket',556,'',0,'Eberson Muenchen (12)','2023-04-08 01:03:29',150,'0','20433'),(12113,'Ticket',556,'',0,'Eberson Muenchen (12)','2023-04-08 01:03:29',64,'gabrieladarold2001@gmail.com (112)','eberson@cnsystem.com.br (12)'),(12114,'Ticket',556,'ITILFollowup',17,'Eberson Muenchen (12)','2023-04-08 01:03:29',0,'','1284'),(12115,'Ticket',556,'',0,'Eberson Muenchen (12)','2023-04-08 01:07:41',12,'1','5'),(12116,'Ticket',556,'',0,'Eberson Muenchen (12)','2023-04-08 01:07:41',17,'','2023-04-07 22:07:41'),(12117,'Ticket',556,'ITILSolution',17,'Eberson Muenchen (12)','2023-04-08 01:07:41',0,'','566 (566)'),(12118,'ITILSolution',566,'0',20,'Eberson Muenchen (12)','2023-04-08 01:07:41',0,'','');

--
-- Table structure for table `glpi_manufacturers`
--

CREATE TABLE `glpi_manufacturers` (
  `id` int(11) NOT NULL AUTO_INCREMENT,
  `name` varchar(255) COLLATE utf8_unicode_ci DEFAULT NULL,
  `comment` text COLLATE utf8_unicode_ci DEFAULT NULL,
  `date_mod` timestamp NULL DEFAULT NULL,
  `date_creation` timestamp NULL DEFAULT NULL,
  PRIMARY KEY (`id`),
  KEY `name` (`name`),
  KEY `date_mod` (`date_mod`),
  KEY `date_creation` (`date_creation`)
) ENGINE=InnoDB AUTO_INCREMENT=14 DEFAULT CHARSET=utf8 COLLATE=utf8_unicode_ci;

--
-- Dumping data for table `glpi_manufacturers`
--

INSERT INTO `glpi_manufacturers` VALUES (1,'Kyocera','','2022-09-12 13:53:38','2022-09-12 13:53:38'),(2,'Ricoh','','2022-09-15 12:10:08','2022-09-15 12:10:08'),(3,'Epson','','2022-09-15 12:11:44','2022-09-15 12:11:44'),(4,'Inovadora Sistemas','','2022-09-15 12:58:25','2022-09-15 12:58:25'),(5,'Unifi','','2022-09-15 13:07:23','2022-09-15 13:07:23'),(6,'TP-Link','','2022-09-15 13:10:16','2022-09-15 13:10:16'),(7,'Intelbras','','2022-09-15 13:41:15','2022-09-15 13:41:15'),(8,'CliniON','','2022-10-31 20:12:58','2022-10-31 20:12:58'),(9,'BCN Medical Systems','','2022-10-31 20:17:46','2022-10-31 20:17:46'),(10,'Argox','','2022-11-14 14:18:26','2022-11-14 14:18:26'),(11,'Betha','','2022-12-02 10:45:29','2022-12-02 10:45:29'),(12,'Microsoft','','2022-12-02 10:55:53','2022-12-02 10:55:53'),(13,'HP','','2023-01-02 11:48:26','2023-01-02 11:48:26');

--
-- Table structure for table `glpi_monitormodels`
--

CREATE TABLE `glpi_monitormodels` (
  `id` int(11) NOT NULL AUTO_INCREMENT,
  `name` varchar(255) COLLATE utf8_unicode_ci DEFAULT NULL,
  `comment` text COLLATE utf8_unicode_ci DEFAULT NULL,
  `product_number` varchar(255) COLLATE utf8_unicode_ci DEFAULT NULL,
  `weight` int(11) NOT NULL DEFAULT 0,
  `required_units` int(11) NOT NULL DEFAULT 1,
  `depth` float NOT NULL DEFAULT 1,
  `power_connections` int(11) NOT NULL DEFAULT 0,
  `power_consumption` int(11) NOT NULL DEFAULT 0,
  `is_half_rack` tinyint(1) NOT NULL DEFAULT 0,
  `picture_front` text COLLATE utf8_unicode_ci DEFAULT NULL,
  `picture_rear` text COLLATE utf8_unicode_ci DEFAULT NULL,
  `date_mod` timestamp NULL DEFAULT NULL,
  `date_creation` timestamp NULL DEFAULT NULL,
  PRIMARY KEY (`id`),
  KEY `name` (`name`),
  KEY `date_mod` (`date_mod`),
  KEY `date_creation` (`date_creation`),
  KEY `product_number` (`product_number`)
) ENGINE=InnoDB DEFAULT CHARSET=utf8 COLLATE=utf8_unicode_ci;

--
-- Dumping data for table `glpi_monitormodels`
--


--
-- Table structure for table `glpi_monitors`
--

CREATE TABLE `glpi_monitors` (
  `id` int(11) NOT NULL AUTO_INCREMENT,
  `entities_id` int(11) NOT NULL DEFAULT 0,
  `name` varchar(255) COLLATE utf8_unicode_ci DEFAULT NULL,
  `date_mod` timestamp NULL DEFAULT NULL,
  `contact` varchar(255) COLLATE utf8_unicode_ci DEFAULT NULL,
  `contact_num` varchar(255) COLLATE utf8_unicode_ci DEFAULT NULL,
  `users_id_tech` int(11) NOT NULL DEFAULT 0,
  `groups_id_tech` int(11) NOT NULL DEFAULT 0,
  `comment` text COLLATE utf8_unicode_ci DEFAULT NULL,
  `serial` varchar(255) COLLATE utf8_unicode_ci DEFAULT NULL,
  `otherserial` varchar(255) COLLATE utf8_unicode_ci DEFAULT NULL,
  `size` decimal(5,2) NOT NULL DEFAULT 0.00,
  `have_micro` tinyint(1) NOT NULL DEFAULT 0,
  `have_speaker` tinyint(1) NOT NULL DEFAULT 0,
  `have_subd` tinyint(1) NOT NULL DEFAULT 0,
  `have_bnc` tinyint(1) NOT NULL DEFAULT 0,
  `have_dvi` tinyint(1) NOT NULL DEFAULT 0,
  `have_pivot` tinyint(1) NOT NULL DEFAULT 0,
  `have_hdmi` tinyint(1) NOT NULL DEFAULT 0,
  `have_displayport` tinyint(1) NOT NULL DEFAULT 0,
  `locations_id` int(11) NOT NULL DEFAULT 0,
  `monitortypes_id` int(11) NOT NULL DEFAULT 0,
  `monitormodels_id` int(11) NOT NULL DEFAULT 0,
  `manufacturers_id` int(11) NOT NULL DEFAULT 0,
  `is_global` tinyint(1) NOT NULL DEFAULT 0,
  `is_deleted` tinyint(1) NOT NULL DEFAULT 0,
  `is_template` tinyint(1) NOT NULL DEFAULT 0,
  `template_name` varchar(255) COLLATE utf8_unicode_ci DEFAULT NULL,
  `users_id` int(11) NOT NULL DEFAULT 0,
  `groups_id` int(11) NOT NULL DEFAULT 0,
  `states_id` int(11) NOT NULL DEFAULT 0,
  `ticket_tco` decimal(20,4) DEFAULT 0.0000,
  `is_dynamic` tinyint(1) NOT NULL DEFAULT 0,
  `date_creation` timestamp NULL DEFAULT NULL,
  `is_recursive` tinyint(1) NOT NULL DEFAULT 0,
  PRIMARY KEY (`id`),
  KEY `name` (`name`),
  KEY `is_template` (`is_template`),
  KEY `is_global` (`is_global`),
  KEY `entities_id` (`entities_id`),
  KEY `manufacturers_id` (`manufacturers_id`),
  KEY `groups_id` (`groups_id`),
  KEY `users_id` (`users_id`),
  KEY `locations_id` (`locations_id`),
  KEY `monitormodels_id` (`monitormodels_id`),
  KEY `states_id` (`states_id`),
  KEY `users_id_tech` (`users_id_tech`),
  KEY `monitortypes_id` (`monitortypes_id`),
  KEY `is_deleted` (`is_deleted`),
  KEY `groups_id_tech` (`groups_id_tech`),
  KEY `is_dynamic` (`is_dynamic`),
  KEY `serial` (`serial`),
  KEY `otherserial` (`otherserial`),
  KEY `date_creation` (`date_creation`),
  KEY `is_recursive` (`is_recursive`)
) ENGINE=InnoDB DEFAULT CHARSET=utf8 COLLATE=utf8_unicode_ci;

--
-- Dumping data for table `glpi_monitors`
--


--
-- Table structure for table `glpi_monitortypes`
--

CREATE TABLE `glpi_monitortypes` (
  `id` int(11) NOT NULL AUTO_INCREMENT,
  `name` varchar(255) COLLATE utf8_unicode_ci DEFAULT NULL,
  `comment` text COLLATE utf8_unicode_ci DEFAULT NULL,
  `date_mod` timestamp NULL DEFAULT NULL,
  `date_creation` timestamp NULL DEFAULT NULL,
  PRIMARY KEY (`id`),
  KEY `name` (`name`),
  KEY `date_mod` (`date_mod`),
  KEY `date_creation` (`date_creation`)
) ENGINE=InnoDB DEFAULT CHARSET=utf8 COLLATE=utf8_unicode_ci;

--
-- Dumping data for table `glpi_monitortypes`
--


--
-- Table structure for table `glpi_netpoints`
--

CREATE TABLE `glpi_netpoints` (
  `id` int(11) NOT NULL AUTO_INCREMENT,
  `entities_id` int(11) NOT NULL DEFAULT 0,
  `locations_id` int(11) NOT NULL DEFAULT 0,
  `name` varchar(255) COLLATE utf8_unicode_ci DEFAULT NULL,
  `comment` text COLLATE utf8_unicode_ci DEFAULT NULL,
  `date_mod` timestamp NULL DEFAULT NULL,
  `date_creation` timestamp NULL DEFAULT NULL,
  PRIMARY KEY (`id`),
  KEY `name` (`name`),
  KEY `complete` (`entities_id`,`locations_id`,`name`),
  KEY `location_name` (`locations_id`,`name`),
  KEY `date_mod` (`date_mod`),
  KEY `date_creation` (`date_creation`)
) ENGINE=InnoDB DEFAULT CHARSET=utf8 COLLATE=utf8_unicode_ci;

--
-- Dumping data for table `glpi_netpoints`
--


--
-- Table structure for table `glpi_networkaliases`
--

CREATE TABLE `glpi_networkaliases` (
  `id` int(11) NOT NULL AUTO_INCREMENT,
  `entities_id` int(11) NOT NULL DEFAULT 0,
  `networknames_id` int(11) NOT NULL DEFAULT 0,
  `name` varchar(255) COLLATE utf8_unicode_ci DEFAULT NULL,
  `fqdns_id` int(11) NOT NULL DEFAULT 0,
  `comment` text COLLATE utf8_unicode_ci DEFAULT NULL,
  PRIMARY KEY (`id`),
  KEY `entities_id` (`entities_id`),
  KEY `name` (`name`),
  KEY `networknames_id` (`networknames_id`)
) ENGINE=InnoDB DEFAULT CHARSET=utf8 COLLATE=utf8_unicode_ci;

--
-- Dumping data for table `glpi_networkaliases`
--


--
-- Table structure for table `glpi_networkequipmentmodels`
--

CREATE TABLE `glpi_networkequipmentmodels` (
  `id` int(11) NOT NULL AUTO_INCREMENT,
  `name` varchar(255) COLLATE utf8_unicode_ci DEFAULT NULL,
  `comment` text COLLATE utf8_unicode_ci DEFAULT NULL,
  `product_number` varchar(255) COLLATE utf8_unicode_ci DEFAULT NULL,
  `weight` int(11) NOT NULL DEFAULT 0,
  `required_units` int(11) NOT NULL DEFAULT 1,
  `depth` float NOT NULL DEFAULT 1,
  `power_connections` int(11) NOT NULL DEFAULT 0,
  `power_consumption` int(11) NOT NULL DEFAULT 0,
  `is_half_rack` tinyint(1) NOT NULL DEFAULT 0,
  `picture_front` text COLLATE utf8_unicode_ci DEFAULT NULL,
  `picture_rear` text COLLATE utf8_unicode_ci DEFAULT NULL,
  `date_mod` timestamp NULL DEFAULT NULL,
  `date_creation` timestamp NULL DEFAULT NULL,
  PRIMARY KEY (`id`),
  KEY `name` (`name`),
  KEY `date_mod` (`date_mod`),
  KEY `date_creation` (`date_creation`),
  KEY `product_number` (`product_number`)
) ENGINE=InnoDB AUTO_INCREMENT=3 DEFAULT CHARSET=utf8 COLLATE=utf8_unicode_ci;

--
-- Dumping data for table `glpi_networkequipmentmodels`
--

INSERT INTO `glpi_networkequipmentmodels` VALUES (1,'UAP-AC-LR','','',0,1,1,0,0,0,NULL,NULL,'2022-09-15 13:07:49','2022-09-15 13:07:49'),(2,'AC 1200','','',0,1,1,0,0,0,NULL,NULL,'2022-09-15 13:10:40','2022-09-15 13:10:40');

--
-- Table structure for table `glpi_networkequipments`
--

CREATE TABLE `glpi_networkequipments` (
  `id` int(11) NOT NULL AUTO_INCREMENT,
  `entities_id` int(11) NOT NULL DEFAULT 0,
  `is_recursive` tinyint(1) NOT NULL DEFAULT 0,
  `name` varchar(255) COLLATE utf8_unicode_ci DEFAULT NULL,
  `ram` varchar(255) COLLATE utf8_unicode_ci DEFAULT NULL,
  `serial` varchar(255) COLLATE utf8_unicode_ci DEFAULT NULL,
  `otherserial` varchar(255) COLLATE utf8_unicode_ci DEFAULT NULL,
  `contact` varchar(255) COLLATE utf8_unicode_ci DEFAULT NULL,
  `contact_num` varchar(255) COLLATE utf8_unicode_ci DEFAULT NULL,
  `users_id_tech` int(11) NOT NULL DEFAULT 0,
  `groups_id_tech` int(11) NOT NULL DEFAULT 0,
  `date_mod` timestamp NULL DEFAULT NULL,
  `comment` text COLLATE utf8_unicode_ci DEFAULT NULL,
  `locations_id` int(11) NOT NULL DEFAULT 0,
  `networks_id` int(11) NOT NULL DEFAULT 0,
  `networkequipmenttypes_id` int(11) NOT NULL DEFAULT 0,
  `networkequipmentmodels_id` int(11) NOT NULL DEFAULT 0,
  `manufacturers_id` int(11) NOT NULL DEFAULT 0,
  `is_deleted` tinyint(1) NOT NULL DEFAULT 0,
  `is_template` tinyint(1) NOT NULL DEFAULT 0,
  `template_name` varchar(255) COLLATE utf8_unicode_ci DEFAULT NULL,
  `users_id` int(11) NOT NULL DEFAULT 0,
  `groups_id` int(11) NOT NULL DEFAULT 0,
  `states_id` int(11) NOT NULL DEFAULT 0,
  `ticket_tco` decimal(20,4) DEFAULT 0.0000,
  `is_dynamic` tinyint(1) NOT NULL DEFAULT 0,
  `date_creation` timestamp NULL DEFAULT NULL,
  PRIMARY KEY (`id`),
  KEY `name` (`name`),
  KEY `is_template` (`is_template`),
  KEY `entities_id` (`entities_id`),
  KEY `manufacturers_id` (`manufacturers_id`),
  KEY `groups_id` (`groups_id`),
  KEY `users_id` (`users_id`),
  KEY `locations_id` (`locations_id`),
  KEY `networkequipmentmodels_id` (`networkequipmentmodels_id`),
  KEY `networks_id` (`networks_id`),
  KEY `states_id` (`states_id`),
  KEY `users_id_tech` (`users_id_tech`),
  KEY `networkequipmenttypes_id` (`networkequipmenttypes_id`),
  KEY `is_deleted` (`is_deleted`),
  KEY `date_mod` (`date_mod`),
  KEY `groups_id_tech` (`groups_id_tech`),
  KEY `is_dynamic` (`is_dynamic`),
  KEY `serial` (`serial`),
  KEY `otherserial` (`otherserial`),
  KEY `date_creation` (`date_creation`)
) ENGINE=InnoDB AUTO_INCREMENT=18 DEFAULT CHARSET=utf8 COLLATE=utf8_unicode_ci;

--
-- Dumping data for table `glpi_networkequipments`
--

INSERT INTO `glpi_networkequipments` VALUES (1,1,0,'Roteador Ubiquiti 01','','','','','',0,0,'2022-09-15 13:09:40','',3,0,1,1,5,0,0,NULL,0,0,1,0.0000,0,'2022-09-15 13:08:07'),(2,1,0,'Roteador Ubiquiti 02','','','','','',0,0,'2022-09-15 13:09:34','',2,0,1,1,5,0,0,NULL,0,0,1,0.0000,0,'2022-09-15 13:08:51'),(3,1,0,'Roteador Ubiquiti 03','','','','','',0,0,'2022-09-15 13:09:26','',2,0,1,1,5,0,0,NULL,0,0,1,0.0000,0,'2022-09-15 13:09:26'),(4,1,0,'Roteador TP-Link','','','','','',0,0,'2022-09-15 13:10:45','',20,0,1,2,6,0,0,NULL,0,0,1,0.0000,0,'2022-09-15 13:10:45'),(5,1,0,'Roteador Ubiquiti 04','','','','','',0,0,'2022-09-15 13:11:17','',9,0,1,1,5,0,0,NULL,0,0,1,0.0000,0,'2022-09-15 13:11:17'),(6,1,0,'Roteador Ubiquiti 05','','','','','',0,0,'2022-09-15 13:11:32','',9,0,1,1,5,0,0,NULL,0,0,1,0.0000,0,'2022-09-15 13:11:32'),(7,1,0,'Roteador Ubiquiti 06','','','','','',0,0,'2022-09-15 13:12:11','',9,0,1,1,5,0,0,NULL,0,0,1,0.0000,0,'2022-09-15 13:12:11'),(8,1,0,'Roteador Ubiquiti 07','','','','','',0,0,'2022-09-15 13:12:37','',9,0,1,1,5,0,0,NULL,0,0,1,0.0000,0,'2022-09-15 13:12:37'),(9,1,0,'Roteador Ubiquiti 08','','','','','',0,0,'2022-09-15 13:13:02','',11,0,1,1,5,0,0,NULL,0,0,1,0.0000,0,'2022-09-15 13:13:02'),(10,1,0,'Roteador Ubiquiti 09','','','','','',0,0,'2022-09-15 13:13:22','',14,0,1,1,5,0,0,NULL,0,0,1,0.0000,0,'2022-09-15 13:13:22'),(11,1,0,'Roteador Ubiquiti 10','','','','','',0,0,'2022-09-15 13:13:41','',14,0,1,1,5,0,0,NULL,0,0,1,0.0000,0,'2022-09-15 13:13:41'),(12,1,0,'Roteador Ubiquiti 11','','','','','',0,0,'2022-09-15 13:14:22','',17,0,1,1,5,0,0,NULL,0,0,1,0.0000,0,'2022-09-15 13:14:22'),(13,1,0,'Roteador Ubiquiti 12','','','','','',0,0,'2022-09-15 13:14:41','',18,0,1,1,5,0,0,NULL,0,0,1,0.0000,0,'2022-09-15 13:14:41'),(14,1,0,'Roteador Ubiquiti 13','','','','','',0,0,'2022-09-15 13:14:55','',18,0,1,1,5,0,0,NULL,0,0,1,0.0000,0,'2022-09-15 13:14:55'),(15,1,0,'Roteador Ubiquiti 14','','','','','',0,0,'2022-09-15 13:15:29','',24,0,1,1,5,0,0,NULL,0,0,1,0.0000,0,'2022-09-15 13:15:29'),(16,1,0,'Roteador Ubiquiti 15','','','','','',0,0,'2022-09-15 13:15:48','',24,0,1,1,5,0,0,NULL,0,0,1,0.0000,0,'2022-09-15 13:15:48'),(17,1,0,'Roteador Ubiquiti 16','','','','','',0,0,'2022-09-15 13:16:17','',15,0,1,1,5,0,0,NULL,0,0,1,0.0000,0,'2022-09-15 13:16:17');

--
-- Table structure for table `glpi_networkequipmenttypes`
--

CREATE TABLE `glpi_networkequipmenttypes` (
  `id` int(11) NOT NULL AUTO_INCREMENT,
  `name` varchar(255) COLLATE utf8_unicode_ci DEFAULT NULL,
  `comment` text COLLATE utf8_unicode_ci DEFAULT NULL,
  `date_mod` timestamp NULL DEFAULT NULL,
  `date_creation` timestamp NULL DEFAULT NULL,
  PRIMARY KEY (`id`),
  KEY `name` (`name`),
  KEY `date_mod` (`date_mod`),
  KEY `date_creation` (`date_creation`)
) ENGINE=InnoDB AUTO_INCREMENT=2 DEFAULT CHARSET=utf8 COLLATE=utf8_unicode_ci;

--
-- Dumping data for table `glpi_networkequipmenttypes`
--

INSERT INTO `glpi_networkequipmenttypes` VALUES (1,'Roteador','','2022-09-15 13:06:47','2022-09-15 13:06:47');

--
-- Table structure for table `glpi_networkinterfaces`
--

CREATE TABLE `glpi_networkinterfaces` (
  `id` int(11) NOT NULL AUTO_INCREMENT,
  `name` varchar(255) COLLATE utf8_unicode_ci DEFAULT NULL,
  `comment` text COLLATE utf8_unicode_ci DEFAULT NULL,
  PRIMARY KEY (`id`),
  KEY `name` (`name`)
) ENGINE=InnoDB DEFAULT CHARSET=utf8 COLLATE=utf8_unicode_ci;

--
-- Dumping data for table `glpi_networkinterfaces`
--


--
-- Table structure for table `glpi_networknames`
--

CREATE TABLE `glpi_networknames` (
  `id` int(11) NOT NULL AUTO_INCREMENT,
  `entities_id` int(11) NOT NULL DEFAULT 0,
  `items_id` int(11) NOT NULL DEFAULT 0,
  `itemtype` varchar(100) COLLATE utf8_unicode_ci NOT NULL,
  `name` varchar(255) COLLATE utf8_unicode_ci DEFAULT NULL,
  `comment` text COLLATE utf8_unicode_ci DEFAULT NULL,
  `fqdns_id` int(11) NOT NULL DEFAULT 0,
  `is_deleted` tinyint(1) NOT NULL DEFAULT 0,
  `is_dynamic` tinyint(1) NOT NULL DEFAULT 0,
  `date_mod` timestamp NULL DEFAULT NULL,
  `date_creation` timestamp NULL DEFAULT NULL,
  PRIMARY KEY (`id`),
  KEY `entities_id` (`entities_id`),
  KEY `FQDN` (`name`,`fqdns_id`),
  KEY `name` (`name`),
  KEY `fqdns_id` (`fqdns_id`),
  KEY `is_deleted` (`is_deleted`),
  KEY `is_dynamic` (`is_dynamic`),
  KEY `item` (`itemtype`,`items_id`,`is_deleted`),
  KEY `date_mod` (`date_mod`),
  KEY `date_creation` (`date_creation`)
) ENGINE=InnoDB DEFAULT CHARSET=utf8 COLLATE=utf8_unicode_ci;

--
-- Dumping data for table `glpi_networknames`
--


--
-- Table structure for table `glpi_networkportaggregates`
--

CREATE TABLE `glpi_networkportaggregates` (
  `id` int(11) NOT NULL AUTO_INCREMENT,
  `networkports_id` int(11) NOT NULL DEFAULT 0,
  `networkports_id_list` text COLLATE utf8_unicode_ci DEFAULT NULL COMMENT 'array of associated networkports_id',
  `date_mod` timestamp NULL DEFAULT NULL,
  `date_creation` timestamp NULL DEFAULT NULL,
  PRIMARY KEY (`id`),
  UNIQUE KEY `networkports_id` (`networkports_id`),
  KEY `date_mod` (`date_mod`),
  KEY `date_creation` (`date_creation`)
) ENGINE=InnoDB DEFAULT CHARSET=utf8 COLLATE=utf8_unicode_ci;

--
-- Dumping data for table `glpi_networkportaggregates`
--


--
-- Table structure for table `glpi_networkportaliases`
--

CREATE TABLE `glpi_networkportaliases` (
  `id` int(11) NOT NULL AUTO_INCREMENT,
  `networkports_id` int(11) NOT NULL DEFAULT 0,
  `networkports_id_alias` int(11) NOT NULL DEFAULT 0,
  `date_mod` timestamp NULL DEFAULT NULL,
  `date_creation` timestamp NULL DEFAULT NULL,
  PRIMARY KEY (`id`),
  UNIQUE KEY `networkports_id` (`networkports_id`),
  KEY `networkports_id_alias` (`networkports_id_alias`),
  KEY `date_mod` (`date_mod`),
  KEY `date_creation` (`date_creation`)
) ENGINE=InnoDB DEFAULT CHARSET=utf8 COLLATE=utf8_unicode_ci;

--
-- Dumping data for table `glpi_networkportaliases`
--


--
-- Table structure for table `glpi_networkportdialups`
--

CREATE TABLE `glpi_networkportdialups` (
  `id` int(11) NOT NULL AUTO_INCREMENT,
  `networkports_id` int(11) NOT NULL DEFAULT 0,
  `date_mod` timestamp NULL DEFAULT NULL,
  `date_creation` timestamp NULL DEFAULT NULL,
  PRIMARY KEY (`id`),
  UNIQUE KEY `networkports_id` (`networkports_id`),
  KEY `date_mod` (`date_mod`),
  KEY `date_creation` (`date_creation`)
) ENGINE=InnoDB DEFAULT CHARSET=utf8 COLLATE=utf8_unicode_ci;

--
-- Dumping data for table `glpi_networkportdialups`
--


--
-- Table structure for table `glpi_networkportethernets`
--

CREATE TABLE `glpi_networkportethernets` (
  `id` int(11) NOT NULL AUTO_INCREMENT,
  `networkports_id` int(11) NOT NULL DEFAULT 0,
  `items_devicenetworkcards_id` int(11) NOT NULL DEFAULT 0,
  `netpoints_id` int(11) NOT NULL DEFAULT 0,
  `type` varchar(10) COLLATE utf8_unicode_ci DEFAULT '' COMMENT 'T, LX, SX',
  `speed` int(11) NOT NULL DEFAULT 10 COMMENT 'Mbit/s: 10, 100, 1000, 10000',
  `date_mod` timestamp NULL DEFAULT NULL,
  `date_creation` timestamp NULL DEFAULT NULL,
  PRIMARY KEY (`id`),
  UNIQUE KEY `networkports_id` (`networkports_id`),
  KEY `card` (`items_devicenetworkcards_id`),
  KEY `netpoint` (`netpoints_id`),
  KEY `type` (`type`),
  KEY `speed` (`speed`),
  KEY `date_mod` (`date_mod`),
  KEY `date_creation` (`date_creation`)
) ENGINE=InnoDB DEFAULT CHARSET=utf8 COLLATE=utf8_unicode_ci;

--
-- Dumping data for table `glpi_networkportethernets`
--


--
-- Table structure for table `glpi_networkportfiberchannels`
--

CREATE TABLE `glpi_networkportfiberchannels` (
  `id` int(11) NOT NULL AUTO_INCREMENT,
  `networkports_id` int(11) NOT NULL DEFAULT 0,
  `items_devicenetworkcards_id` int(11) NOT NULL DEFAULT 0,
  `netpoints_id` int(11) NOT NULL DEFAULT 0,
  `wwn` varchar(16) COLLATE utf8_unicode_ci DEFAULT '',
  `speed` int(11) NOT NULL DEFAULT 10 COMMENT 'Mbit/s: 10, 100, 1000, 10000',
  `date_mod` timestamp NULL DEFAULT NULL,
  `date_creation` timestamp NULL DEFAULT NULL,
  PRIMARY KEY (`id`),
  UNIQUE KEY `networkports_id` (`networkports_id`),
  KEY `card` (`items_devicenetworkcards_id`),
  KEY `netpoint` (`netpoints_id`),
  KEY `wwn` (`wwn`),
  KEY `speed` (`speed`),
  KEY `date_mod` (`date_mod`),
  KEY `date_creation` (`date_creation`)
) ENGINE=InnoDB DEFAULT CHARSET=utf8 COLLATE=utf8_unicode_ci;

--
-- Dumping data for table `glpi_networkportfiberchannels`
--


--
-- Table structure for table `glpi_networkportlocals`
--

CREATE TABLE `glpi_networkportlocals` (
  `id` int(11) NOT NULL AUTO_INCREMENT,
  `networkports_id` int(11) NOT NULL DEFAULT 0,
  `date_mod` timestamp NULL DEFAULT NULL,
  `date_creation` timestamp NULL DEFAULT NULL,
  PRIMARY KEY (`id`),
  UNIQUE KEY `networkports_id` (`networkports_id`),
  KEY `date_mod` (`date_mod`),
  KEY `date_creation` (`date_creation`)
) ENGINE=InnoDB DEFAULT CHARSET=utf8 COLLATE=utf8_unicode_ci;

--
-- Dumping data for table `glpi_networkportlocals`
--


--
-- Table structure for table `glpi_networkports`
--

CREATE TABLE `glpi_networkports` (
  `id` int(11) NOT NULL AUTO_INCREMENT,
  `items_id` int(11) NOT NULL DEFAULT 0,
  `itemtype` varchar(100) COLLATE utf8_unicode_ci NOT NULL,
  `entities_id` int(11) NOT NULL DEFAULT 0,
  `is_recursive` tinyint(1) NOT NULL DEFAULT 0,
  `logical_number` int(11) NOT NULL DEFAULT 0,
  `name` varchar(255) COLLATE utf8_unicode_ci DEFAULT NULL,
  `instantiation_type` varchar(255) COLLATE utf8_unicode_ci DEFAULT NULL,
  `mac` varchar(255) COLLATE utf8_unicode_ci DEFAULT NULL,
  `comment` text COLLATE utf8_unicode_ci DEFAULT NULL,
  `is_deleted` tinyint(1) NOT NULL DEFAULT 0,
  `is_dynamic` tinyint(1) NOT NULL DEFAULT 0,
  `date_mod` timestamp NULL DEFAULT NULL,
  `date_creation` timestamp NULL DEFAULT NULL,
  PRIMARY KEY (`id`),
  KEY `on_device` (`items_id`,`itemtype`),
  KEY `item` (`itemtype`,`items_id`),
  KEY `entities_id` (`entities_id`),
  KEY `is_recursive` (`is_recursive`),
  KEY `mac` (`mac`),
  KEY `is_deleted` (`is_deleted`),
  KEY `is_dynamic` (`is_dynamic`),
  KEY `date_mod` (`date_mod`),
  KEY `date_creation` (`date_creation`)
) ENGINE=InnoDB DEFAULT CHARSET=utf8 COLLATE=utf8_unicode_ci;

--
-- Dumping data for table `glpi_networkports`
--


--
-- Table structure for table `glpi_networkports_networkports`
--

CREATE TABLE `glpi_networkports_networkports` (
  `id` int(11) NOT NULL AUTO_INCREMENT,
  `networkports_id_1` int(11) NOT NULL DEFAULT 0,
  `networkports_id_2` int(11) NOT NULL DEFAULT 0,
  PRIMARY KEY (`id`),
  UNIQUE KEY `unicity` (`networkports_id_1`,`networkports_id_2`),
  KEY `networkports_id_2` (`networkports_id_2`)
) ENGINE=InnoDB DEFAULT CHARSET=utf8 COLLATE=utf8_unicode_ci;

--
-- Dumping data for table `glpi_networkports_networkports`
--


--
-- Table structure for table `glpi_networkports_vlans`
--

CREATE TABLE `glpi_networkports_vlans` (
  `id` int(11) NOT NULL AUTO_INCREMENT,
  `networkports_id` int(11) NOT NULL DEFAULT 0,
  `vlans_id` int(11) NOT NULL DEFAULT 0,
  `tagged` tinyint(1) NOT NULL DEFAULT 0,
  PRIMARY KEY (`id`),
  UNIQUE KEY `unicity` (`networkports_id`,`vlans_id`),
  KEY `vlans_id` (`vlans_id`)
) ENGINE=InnoDB DEFAULT CHARSET=utf8 COLLATE=utf8_unicode_ci;

--
-- Dumping data for table `glpi_networkports_vlans`
--


--
-- Table structure for table `glpi_networkportwifis`
--

CREATE TABLE `glpi_networkportwifis` (
  `id` int(11) NOT NULL AUTO_INCREMENT,
  `networkports_id` int(11) NOT NULL DEFAULT 0,
  `items_devicenetworkcards_id` int(11) NOT NULL DEFAULT 0,
  `wifinetworks_id` int(11) NOT NULL DEFAULT 0,
  `networkportwifis_id` int(11) NOT NULL DEFAULT 0 COMMENT 'only useful in case of Managed node',
  `version` varchar(20) COLLATE utf8_unicode_ci DEFAULT NULL COMMENT 'a, a/b, a/b/g, a/b/g/n, a/b/g/n/y',
  `mode` varchar(20) COLLATE utf8_unicode_ci DEFAULT NULL COMMENT 'ad-hoc, managed, master, repeater, secondary, monitor, auto',
  `date_mod` timestamp NULL DEFAULT NULL,
  `date_creation` timestamp NULL DEFAULT NULL,
  PRIMARY KEY (`id`),
  UNIQUE KEY `networkports_id` (`networkports_id`),
  KEY `card` (`items_devicenetworkcards_id`),
  KEY `essid` (`wifinetworks_id`),
  KEY `version` (`version`),
  KEY `mode` (`mode`),
  KEY `date_mod` (`date_mod`),
  KEY `date_creation` (`date_creation`)
) ENGINE=InnoDB DEFAULT CHARSET=utf8 COLLATE=utf8_unicode_ci;

--
-- Dumping data for table `glpi_networkportwifis`
--


--
-- Table structure for table `glpi_networks`
--

CREATE TABLE `glpi_networks` (
  `id` int(11) NOT NULL AUTO_INCREMENT,
  `name` varchar(255) COLLATE utf8_unicode_ci DEFAULT NULL,
  `comment` text COLLATE utf8_unicode_ci DEFAULT NULL,
  `date_mod` timestamp NULL DEFAULT NULL,
  `date_creation` timestamp NULL DEFAULT NULL,
  PRIMARY KEY (`id`),
  KEY `name` (`name`),
  KEY `date_mod` (`date_mod`),
  KEY `date_creation` (`date_creation`)
) ENGINE=InnoDB DEFAULT CHARSET=utf8 COLLATE=utf8_unicode_ci;

--
-- Dumping data for table `glpi_networks`
--


--
-- Table structure for table `glpi_notepads`
--

CREATE TABLE `glpi_notepads` (
  `id` int(11) NOT NULL AUTO_INCREMENT,
  `itemtype` varchar(100) COLLATE utf8_unicode_ci DEFAULT NULL,
  `items_id` int(11) NOT NULL DEFAULT 0,
  `date` timestamp NULL DEFAULT NULL,
  `date_mod` timestamp NULL DEFAULT NULL,
  `users_id` int(11) NOT NULL DEFAULT 0,
  `users_id_lastupdater` int(11) NOT NULL DEFAULT 0,
  `content` longtext COLLATE utf8_unicode_ci DEFAULT NULL,
  PRIMARY KEY (`id`),
  KEY `item` (`itemtype`,`items_id`),
  KEY `date_mod` (`date_mod`),
  KEY `date` (`date`),
  KEY `users_id_lastupdater` (`users_id_lastupdater`),
  KEY `users_id` (`users_id`)
) ENGINE=InnoDB AUTO_INCREMENT=5 DEFAULT CHARSET=utf8 COLLATE=utf8_unicode_ci;

--
-- Dumping data for table `glpi_notepads`
--

INSERT INTO `glpi_notepads` VALUES (1,'Printer',13,'2023-02-10 16:57:05','2023-02-10 16:57:05',7,7,'Impressora retirada da maternidade pois gerava erros frequentes de impressão, colocado uma 4510 de selb RX50'),(2,'Printer',19,'2023-02-10 16:57:47','2023-02-10 16:57:47',7,7,'Impressora de estado de espera para instalção na maternidade em 10.02.2023.'),(3,'Computer',47,'2023-02-20 13:20:42','2023-02-20 13:20:42',7,7,'Estação correta 051 em 20.02.2023'),(4,'Computer',55,'2023-02-27 11:53:24','2023-02-27 11:53:24',9,9,'USADO UMA DAS FONTES NOVAS QUE FOI COMPRADO.');

--
-- Table structure for table `glpi_notifications`
--

CREATE TABLE `glpi_notifications` (
  `id` int(11) NOT NULL AUTO_INCREMENT,
  `name` varchar(255) COLLATE utf8_unicode_ci DEFAULT NULL,
  `entities_id` int(11) NOT NULL DEFAULT 0,
  `itemtype` varchar(100) COLLATE utf8_unicode_ci NOT NULL,
  `event` varchar(255) COLLATE utf8_unicode_ci NOT NULL,
  `comment` text COLLATE utf8_unicode_ci DEFAULT NULL,
  `is_recursive` tinyint(1) NOT NULL DEFAULT 0,
  `is_active` tinyint(1) NOT NULL DEFAULT 0,
  `date_mod` timestamp NULL DEFAULT NULL,
  `date_creation` timestamp NULL DEFAULT NULL,
  `allow_response` tinyint(1) NOT NULL DEFAULT 1,
  PRIMARY KEY (`id`),
  KEY `name` (`name`),
  KEY `itemtype` (`itemtype`),
  KEY `entities_id` (`entities_id`),
  KEY `is_active` (`is_active`),
  KEY `date_mod` (`date_mod`),
  KEY `is_recursive` (`is_recursive`),
  KEY `date_creation` (`date_creation`)
) ENGINE=InnoDB AUTO_INCREMENT=74 DEFAULT CHARSET=utf8 COLLATE=utf8_unicode_ci;

--
-- Dumping data for table `glpi_notifications`
--

INSERT INTO `glpi_notifications` VALUES (1,'Alert Tickets not closed',0,'Ticket','alertnotclosed',NULL,1,1,NULL,NULL,1),(2,'New Ticket',0,'Ticket','new',NULL,1,1,'2022-10-17 04:29:06',NULL,0),(3,'Update Ticket',0,'Ticket','update',NULL,1,0,NULL,NULL,1),(4,'Close Ticket',0,'Ticket','closed',NULL,1,1,NULL,NULL,1),(5,'Add Followup',0,'Ticket','add_followup',NULL,1,1,NULL,NULL,1),(6,'Add Task',0,'Ticket','add_task',NULL,1,1,NULL,NULL,1),(7,'Update Followup',0,'Ticket','update_followup',NULL,1,1,NULL,NULL,1),(8,'Update Task',0,'Ticket','update_task',NULL,1,1,NULL,NULL,1),(9,'Delete Followup',0,'Ticket','delete_followup',NULL,1,1,NULL,NULL,1),(10,'Delete Task',0,'Ticket','delete_task',NULL,1,1,NULL,NULL,1),(11,'Resolve ticket',0,'Ticket','solved',NULL,1,1,NULL,NULL,1),(12,'Ticket Validation',0,'Ticket','validation',NULL,1,1,NULL,NULL,1),(13,'New Reservation',0,'Reservation','new',NULL,1,1,NULL,NULL,1),(14,'Update Reservation',0,'Reservation','update',NULL,1,1,NULL,NULL,1),(15,'Delete Reservation',0,'Reservation','delete',NULL,1,1,NULL,NULL,1),(16,'Alert Reservation',0,'Reservation','alert',NULL,1,1,NULL,NULL,1),(17,'Contract Notice',0,'Contract','notice',NULL,1,1,NULL,NULL,1),(18,'Contract End',0,'Contract','end',NULL,1,1,NULL,NULL,1),(19,'MySQL Synchronization',0,'DBConnection','desynchronization',NULL,1,1,NULL,NULL,1),(20,'Cartridges',0,'CartridgeItem','alert',NULL,1,1,NULL,NULL,1),(21,'Consumables',0,'ConsumableItem','alert',NULL,1,1,NULL,NULL,1),(22,'Infocoms',0,'Infocom','alert',NULL,1,1,NULL,NULL,1),(23,'Software Licenses',0,'SoftwareLicense','alert',NULL,1,1,NULL,NULL,1),(24,'Ticket Recall',0,'Ticket','recall',NULL,1,1,NULL,NULL,1),(25,'Password Forget',0,'User','passwordforget',NULL,1,1,NULL,NULL,1),(26,'Ticket Satisfaction',0,'Ticket','satisfaction',NULL,1,1,NULL,NULL,1),(27,'Item not unique',0,'FieldUnicity','refuse',NULL,1,1,NULL,NULL,1),(28,'CronTask Watcher',0,'CronTask','alert',NULL,1,1,NULL,NULL,1),(29,'New Problem',0,'Problem','new',NULL,1,1,NULL,NULL,1),(30,'Update Problem',0,'Problem','update',NULL,1,1,NULL,NULL,1),(31,'Resolve Problem',0,'Problem','solved',NULL,1,1,NULL,NULL,1),(32,'Add Task',0,'Problem','add_task',NULL,1,1,NULL,NULL,1),(33,'Update Task',0,'Problem','update_task',NULL,1,1,NULL,NULL,1),(34,'Delete Task',0,'Problem','delete_task',NULL,1,1,NULL,NULL,1),(35,'Close Problem',0,'Problem','closed',NULL,1,1,NULL,NULL,1),(36,'Delete Problem',0,'Problem','delete',NULL,1,1,NULL,NULL,1),(37,'Ticket Validation Answer',0,'Ticket','validation_answer',NULL,1,1,NULL,NULL,1),(38,'Contract End Periodicity',0,'Contract','periodicity',NULL,1,1,NULL,NULL,1),(39,'Contract Notice Periodicity',0,'Contract','periodicitynotice',NULL,1,1,NULL,NULL,1),(40,'Planning recall',0,'PlanningRecall','planningrecall',NULL,1,1,NULL,NULL,1),(41,'Delete Ticket',0,'Ticket','delete',NULL,1,1,NULL,NULL,1),(42,'New Change',0,'Change','new',NULL,1,1,NULL,NULL,1),(43,'Update Change',0,'Change','update',NULL,1,1,NULL,NULL,1),(44,'Resolve Change',0,'Change','solved',NULL,1,1,NULL,NULL,1),(45,'Add Task',0,'Change','add_task',NULL,1,1,NULL,NULL,1),(46,'Update Task',0,'Change','update_task',NULL,1,1,NULL,NULL,1),(47,'Delete Task',0,'Change','delete_task',NULL,1,1,NULL,NULL,1),(48,'Close Change',0,'Change','closed',NULL,1,1,NULL,NULL,1),(49,'Delete Change',0,'Change','delete',NULL,1,1,NULL,NULL,1),(50,'Ticket Satisfaction Answer',0,'Ticket','replysatisfaction',NULL,1,1,NULL,NULL,1),(51,'Receiver errors',0,'MailCollector','error',NULL,1,1,NULL,NULL,1),(52,'New Project',0,'Project','new',NULL,1,1,NULL,NULL,1),(53,'Update Project',0,'Project','update',NULL,1,1,NULL,NULL,1),(54,'Delete Project',0,'Project','delete',NULL,1,1,NULL,NULL,1),(55,'New Project Task',0,'ProjectTask','new',NULL,1,1,NULL,NULL,1),(56,'Update Project Task',0,'ProjectTask','update',NULL,1,1,NULL,NULL,1),(57,'Delete Project Task',0,'ProjectTask','delete',NULL,1,1,NULL,NULL,1),(58,'Request Unlock Items',0,'ObjectLock','unlock',NULL,1,1,NULL,NULL,1),(59,'New user in requesters',0,'Ticket','requester_user',NULL,1,1,NULL,NULL,1),(60,'New group in requesters',0,'Ticket','requester_group',NULL,1,1,NULL,NULL,1),(61,'New user in observers',0,'Ticket','observer_user',NULL,1,1,NULL,NULL,1),(62,'New group in observers',0,'Ticket','observer_group',NULL,1,1,NULL,NULL,1),(63,'New user in assignees',0,'Ticket','assign_user',NULL,1,1,NULL,NULL,1),(64,'New group in assignees',0,'Ticket','assign_group',NULL,1,1,NULL,NULL,1),(65,'New supplier in assignees',0,'Ticket','assign_supplier',NULL,1,1,NULL,NULL,1),(66,'Saved searches',0,'SavedSearch_Alert','alert',NULL,1,1,NULL,NULL,1),(67,'Certificates',0,'Certificate','alert',NULL,1,1,NULL,NULL,1),(68,'Alert expired domains',0,'Domain','ExpiredDomains',NULL,1,1,NULL,NULL,1),(69,'Alert domains close expiries',0,'Domain','DomainsWhichExpire',NULL,1,1,NULL,NULL,1),(70,'Password expires alert',0,'User','passwordexpires',NULL,1,1,NULL,NULL,1),(71,'Check plugin updates',0,'Glpi\\Marketplace\\Controller','checkpluginsupdate',NULL,1,1,NULL,NULL,1);

--
-- Table structure for table `glpi_notifications_notificationtemplates`
--

CREATE TABLE `glpi_notifications_notificationtemplates` (
  `id` int(11) NOT NULL AUTO_INCREMENT,
  `notifications_id` int(11) NOT NULL DEFAULT 0,
  `mode` varchar(20) COLLATE utf8_unicode_ci NOT NULL COMMENT 'See Notification_NotificationTemplate::MODE_* constants',
  `notificationtemplates_id` int(11) NOT NULL DEFAULT 0,
  PRIMARY KEY (`id`),
  UNIQUE KEY `unicity` (`notifications_id`,`mode`,`notificationtemplates_id`),
  KEY `notifications_id` (`notifications_id`),
  KEY `notificationtemplates_id` (`notificationtemplates_id`),
  KEY `mode` (`mode`)
) ENGINE=InnoDB AUTO_INCREMENT=78 DEFAULT CHARSET=utf8 COLLATE=utf8_unicode_ci;

--
-- Dumping data for table `glpi_notifications_notificationtemplates`
--

INSERT INTO `glpi_notifications_notificationtemplates` VALUES (1,1,'mailing',6),(2,2,'mailing',4),(74,2,'websocket',4),(3,3,'mailing',4),(4,4,'mailing',4),(76,4,'websocket',4),(5,5,'mailing',4),(6,6,'mailing',4),(7,7,'mailing',4),(8,8,'mailing',4),(9,9,'mailing',4),(10,10,'mailing',4),(11,11,'mailing',4),(12,12,'mailing',7),(13,13,'mailing',2),(14,14,'mailing',2),(15,15,'mailing',2),(16,16,'mailing',3),(17,17,'mailing',12),(18,18,'mailing',12),(19,19,'mailing',1),(20,20,'mailing',8),(21,21,'mailing',9),(22,22,'mailing',10),(23,23,'mailing',11),(24,24,'mailing',4),(25,25,'mailing',13),(26,26,'mailing',14),(27,27,'mailing',15),(28,28,'mailing',16),(29,29,'mailing',17),(30,30,'mailing',17),(31,31,'mailing',17),(32,32,'mailing',17),(33,33,'mailing',17),(34,34,'mailing',17),(35,35,'mailing',17),(36,36,'mailing',17),(37,37,'mailing',7),(38,38,'mailing',12),(39,39,'mailing',12),(40,40,'mailing',18),(41,41,'mailing',4),(77,41,'websocket',4),(42,42,'mailing',19),(43,43,'mailing',19),(44,44,'mailing',19),(45,45,'mailing',19),(46,46,'mailing',19),(47,47,'mailing',19),(48,48,'mailing',19),(49,49,'mailing',19),(50,50,'mailing',14),(51,51,'mailing',20),(52,52,'mailing',21),(53,53,'mailing',21),(54,54,'mailing',21),(55,55,'mailing',22),(56,56,'mailing',22),(57,57,'mailing',22),(58,58,'mailing',23),(59,59,'mailing',4),(60,60,'mailing',4),(61,61,'mailing',4),(62,62,'mailing',4),(63,63,'mailing',4),(64,64,'mailing',4),(65,65,'mailing',4),(66,66,'mailing',24),(67,67,'mailing',25),(68,68,'mailing',26),(69,69,'mailing',26),(70,70,'mailing',27),(71,71,'mailing',28);

--
-- Table structure for table `glpi_notificationtargets`
--

CREATE TABLE `glpi_notificationtargets` (
  `id` int(11) NOT NULL AUTO_INCREMENT,
  `items_id` int(11) NOT NULL DEFAULT 0,
  `type` int(11) NOT NULL DEFAULT 0,
  `notifications_id` int(11) NOT NULL DEFAULT 0,
  PRIMARY KEY (`id`),
  KEY `items` (`type`,`items_id`),
  KEY `notifications_id` (`notifications_id`)
) ENGINE=InnoDB AUTO_INCREMENT=144 DEFAULT CHARSET=utf8 COLLATE=utf8_unicode_ci;

--
-- Dumping data for table `glpi_notificationtargets`
--

INSERT INTO `glpi_notificationtargets` VALUES (1,3,1,13),(2,1,1,13),(3,3,2,2),(5,1,1,3),(6,1,1,5),(7,1,1,4),(8,2,1,3),(9,4,1,3),(10,3,1,2),(11,3,1,3),(12,3,1,5),(13,3,1,4),(14,1,1,19),(15,14,1,12),(16,3,1,14),(17,1,1,14),(18,3,1,15),(19,1,1,15),(20,1,1,6),(21,3,1,6),(22,1,1,7),(23,3,1,7),(24,1,1,8),(25,3,1,8),(26,1,1,9),(27,3,1,9),(28,1,1,10),(29,3,1,10),(30,1,1,11),(31,3,1,11),(32,19,1,25),(33,3,1,26),(35,21,1,3),(36,21,1,5),(37,21,1,4),(38,21,1,6),(39,21,1,7),(40,21,1,8),(41,21,1,9),(42,21,1,10),(43,21,1,11),(46,1,1,28),(47,3,1,29),(48,1,1,29),(49,21,1,29),(50,2,1,30),(51,4,1,30),(52,3,1,30),(53,1,1,30),(54,21,1,30),(55,3,1,31),(56,1,1,31),(57,21,1,31),(58,3,1,32),(59,1,1,32),(60,21,1,32),(61,3,1,33),(62,1,1,33),(63,21,1,33),(64,3,1,34),(65,1,1,34),(66,21,1,34),(67,3,1,35),(68,1,1,35),(69,21,1,35),(70,3,1,36),(71,1,1,36),(72,21,1,36),(73,14,1,37),(74,3,1,40),(75,1,1,41),(76,3,1,42),(77,1,1,42),(78,21,1,42),(79,2,1,43),(80,4,1,43),(81,3,1,43),(82,1,1,43),(83,21,1,43),(84,3,1,44),(85,1,1,44),(86,21,1,44),(87,3,1,45),(88,1,1,45),(89,21,1,45),(90,3,1,46),(91,1,1,46),(92,21,1,46),(93,3,1,47),(94,1,1,47),(95,21,1,47),(96,3,1,48),(97,1,1,48),(98,21,1,48),(99,3,1,49),(100,1,1,49),(101,21,1,49),(102,3,1,50),(103,2,1,50),(104,1,1,51),(105,27,1,52),(106,1,1,52),(107,28,1,52),(108,27,1,53),(109,1,1,53),(110,28,1,53),(111,27,1,54),(112,1,1,54),(113,28,1,54),(114,31,1,55),(115,1,1,55),(116,32,1,55),(117,31,1,56),(118,1,1,56),(119,32,1,56),(120,31,1,57),(121,1,1,57),(122,32,1,57),(123,19,1,58),(124,3,1,59),(125,13,1,60),(126,21,1,61),(127,20,1,62),(128,2,1,63),(129,23,1,64),(130,8,1,65),(131,19,1,66),(132,5,1,67),(133,23,1,67),(134,5,1,68),(135,23,1,68),(136,5,1,69),(137,23,1,69),(138,19,1,70),(139,1,1,71),(142,4,2,2),(143,6,2,2);

--
-- Table structure for table `glpi_notificationtemplates`
--

CREATE TABLE `glpi_notificationtemplates` (
  `id` int(11) NOT NULL AUTO_INCREMENT,
  `name` varchar(255) COLLATE utf8_unicode_ci DEFAULT NULL,
  `itemtype` varchar(100) COLLATE utf8_unicode_ci NOT NULL,
  `date_mod` timestamp NULL DEFAULT NULL,
  `comment` text COLLATE utf8_unicode_ci DEFAULT NULL,
  `css` text COLLATE utf8_unicode_ci DEFAULT NULL,
  `date_creation` timestamp NULL DEFAULT NULL,
  PRIMARY KEY (`id`),
  KEY `itemtype` (`itemtype`),
  KEY `date_mod` (`date_mod`),
  KEY `name` (`name`),
  KEY `date_creation` (`date_creation`)
) ENGINE=InnoDB AUTO_INCREMENT=29 DEFAULT CHARSET=utf8 COLLATE=utf8_unicode_ci;

--
-- Dumping data for table `glpi_notificationtemplates`
--

INSERT INTO `glpi_notificationtemplates` VALUES (1,'MySQL Synchronization','DBConnection',NULL,NULL,NULL,NULL),(2,'Reservations','Reservation',NULL,NULL,NULL,NULL),(3,'Alert Reservation','Reservation',NULL,NULL,NULL,NULL),(4,'Tickets','Ticket','2022-10-17 04:02:43','Novo Chamado\r\n\r\nID: ##ticket.id##\r\nTitulo: ##ticket.title##\r\nUsuario: ##ticket.authors##\r\nDescrição: ##ticket.description##',NULL,NULL),(5,'Tickets (Simple)','Ticket',NULL,NULL,NULL,NULL),(6,'Alert Tickets not closed','Ticket',NULL,NULL,NULL,NULL),(7,'Tickets Validation','Ticket',NULL,NULL,NULL,NULL),(8,'Cartridges','CartridgeItem',NULL,NULL,NULL,NULL),(9,'Consumables','ConsumableItem',NULL,NULL,NULL,NULL),(10,'Infocoms','Infocom',NULL,NULL,NULL,NULL),(11,'Licenses','SoftwareLicense',NULL,NULL,NULL,NULL),(12,'Contracts','Contract',NULL,NULL,NULL,NULL),(13,'Password Forget','User',NULL,NULL,NULL,NULL),(14,'Ticket Satisfaction','Ticket',NULL,NULL,NULL,NULL),(15,'Item not unique','FieldUnicity',NULL,NULL,NULL,NULL),(16,'CronTask','CronTask',NULL,NULL,NULL,NULL),(17,'Problems','Problem',NULL,NULL,NULL,NULL),(18,'Planning recall','PlanningRecall',NULL,NULL,NULL,NULL),(19,'Changes','Change',NULL,NULL,NULL,NULL),(20,'Receiver errors','MailCollector',NULL,NULL,NULL,NULL),(21,'Projects','Project',NULL,NULL,NULL,NULL),(22,'Project Tasks','ProjectTask',NULL,NULL,NULL,NULL),(23,'Unlock Item request','ObjectLock',NULL,NULL,NULL,NULL),(24,'Saved searches alerts','SavedSearch_Alert',NULL,NULL,NULL,NULL),(25,'Certificates','Certificate',NULL,NULL,NULL,NULL),(26,'Alert domains','Domain',NULL,NULL,NULL,NULL),(27,'Password expires alert','User',NULL,NULL,NULL,NULL),(28,'Plugin updates','Glpi\\Marketplace\\Controller',NULL,NULL,NULL,NULL);

--
-- Table structure for table `glpi_notificationtemplatetranslations`
--

CREATE TABLE `glpi_notificationtemplatetranslations` (
  `id` int(11) NOT NULL AUTO_INCREMENT,
  `notificationtemplates_id` int(11) NOT NULL DEFAULT 0,
  `language` varchar(10) COLLATE utf8_unicode_ci NOT NULL DEFAULT '',
  `subject` varchar(255) COLLATE utf8_unicode_ci NOT NULL,
  `content_text` text COLLATE utf8_unicode_ci DEFAULT NULL,
  `content_html` text COLLATE utf8_unicode_ci DEFAULT NULL,
  PRIMARY KEY (`id`),
  KEY `notificationtemplates_id` (`notificationtemplates_id`)
) ENGINE=InnoDB AUTO_INCREMENT=29 DEFAULT CHARSET=utf8 COLLATE=utf8_unicode_ci;

--
-- Dumping data for table `glpi_notificationtemplatetranslations`
--

INSERT INTO `glpi_notificationtemplatetranslations` VALUES (1,1,'','##lang.dbconnection.title##','##lang.dbconnection.delay## : ##dbconnection.delay##','&lt;p&gt;##lang.dbconnection.delay## : ##dbconnection.delay##&lt;/p&gt;'),(2,2,'','##reservation.action##','======================================================================\n##lang.reservation.user##: ##reservation.user##\n##lang.reservation.item.name##: ##reservation.itemtype## - ##reservation.item.name##\n##IFreservation.tech## ##lang.reservation.tech## ##reservation.tech## ##ENDIFreservation.tech##\n##lang.reservation.begin##: ##reservation.begin##\n##lang.reservation.end##: ##reservation.end##\n##lang.reservation.comment##: ##reservation.comment##\n======================================================================','&lt;!-- description{ color: inherit; background: #ebebeb;border-style: solid;border-color: #8d8d8d; border-width: 0px 1px 1px 0px; } --&gt;\n&lt;p&gt;&lt;span style=\"color: #8b8c8f; font-weight: bold; text-decoration: underline;\"&gt;##lang.reservation.user##:&lt;/span&gt;##reservation.user##&lt;br /&gt; &lt;span style=\"color: #8b8c8f; font-weight: bold; text-decoration: underline;\"&gt;##lang.reservation.item.name##:&lt;/span&gt;##reservation.itemtype## - ##reservation.item.name##&lt;br /&gt;##IFreservation.tech## ##lang.reservation.tech## ##reservation.tech####ENDIFreservation.tech##&lt;br /&gt; &lt;span style=\"color: #8b8c8f; font-weight: bold; text-decoration: underline;\"&gt;##lang.reservation.begin##:&lt;/span&gt; ##reservation.begin##&lt;br /&gt; &lt;span style=\"color: #8b8c8f; font-weight: bold; text-decoration: underline;\"&gt;##lang.reservation.end##:&lt;/span&gt;##reservation.end##&lt;br /&gt; &lt;span style=\"color: #8b8c8f; font-weight: bold; text-decoration: underline;\"&gt;##lang.reservation.comment##:&lt;/span&gt; ##reservation.comment##&lt;/p&gt;'),(3,3,'','##reservation.action##  ##reservation.entity##','##lang.reservation.entity## : ##reservation.entity##\n\n\n##FOREACHreservations##\n##lang.reservation.itemtype## : ##reservation.itemtype##\n\n ##lang.reservation.item## : ##reservation.item##\n\n ##reservation.url##\n\n ##ENDFOREACHreservations##','&lt;p&gt;##lang.reservation.entity## : ##reservation.entity## &lt;br /&gt; &lt;br /&gt;\n##FOREACHreservations## &lt;br /&gt;##lang.reservation.itemtype## :  ##reservation.itemtype##&lt;br /&gt;\n ##lang.reservation.item## :  ##reservation.item##&lt;br /&gt; &lt;br /&gt;\n &lt;a href=\"##reservation.url##\"&gt; ##reservation.url##&lt;/a&gt;&lt;br /&gt;\n ##ENDFOREACHreservations##&lt;/p&gt;'),(4,4,'','##ticket.action## ##ticket.title##',' ##IFticket.storestatus=5##\n ##lang.ticket.url## : ##ticket.urlapprove##\n ##lang.ticket.autoclosewarning##\n ##lang.ticket.solvedate## : ##ticket.solvedate##\n ##lang.ticket.solution.type## : ##ticket.solution.type##\n ##lang.ticket.solution.description## : ##ticket.solution.description## ##ENDIFticket.storestatus##\n ##ELSEticket.storestatus## ##lang.ticket.url## : ##ticket.url## ##ENDELSEticket.storestatus##\n\n ##lang.ticket.description##\n\n ##lang.ticket.title## : ##ticket.title##\n ##lang.ticket.authors## : ##IFticket.authors## ##ticket.authors## ##ENDIFticket.authors## ##ELSEticket.authors##--##ENDELSEticket.authors##\n ##lang.ticket.creationdate## : ##ticket.creationdate##\n ##lang.ticket.closedate## : ##ticket.closedate##\n ##lang.ticket.requesttype## : ##ticket.requesttype##\n##lang.ticket.item.name## :\n\n##FOREACHitems##\n\n ##IFticket.itemtype##\n  ##ticket.itemtype## - ##ticket.item.name##\n  ##IFticket.item.model## ##lang.ticket.item.model## : ##ticket.item.model## ##ENDIFticket.item.model##\n  ##IFticket.item.serial## ##lang.ticket.item.serial## : ##ticket.item.serial## ##ENDIFticket.item.serial##\n  ##IFticket.item.otherserial## ##lang.ticket.item.otherserial## : ##ticket.item.otherserial## ##ENDIFticket.item.otherserial##\n ##ENDIFticket.itemtype##\n\n##ENDFOREACHitems##\n##IFticket.assigntousers## ##lang.ticket.assigntousers## : ##ticket.assigntousers## ##ENDIFticket.assigntousers##\n ##lang.ticket.status## : ##ticket.status##\n##IFticket.assigntogroups## ##lang.ticket.assigntogroups## : ##ticket.assigntogroups## ##ENDIFticket.assigntogroups##\n ##lang.ticket.urgency## : ##ticket.urgency##\n ##lang.ticket.impact## : ##ticket.impact##\n ##lang.ticket.priority## : ##ticket.priority##\n##IFticket.user.email## ##lang.ticket.user.email## : ##ticket.user.email ##ENDIFticket.user.email##\n##IFticket.category## ##lang.ticket.category## : ##ticket.category## ##ENDIFticket.category## ##ELSEticket.category## ##lang.ticket.nocategoryassigned## ##ENDELSEticket.category##\n ##lang.ticket.content## : ##ticket.content##\n ##IFticket.storestatus=6##\n\n ##lang.ticket.solvedate## : ##ticket.solvedate##\n ##lang.ticket.solution.type## : ##ticket.solution.type##\n ##lang.ticket.solution.description## : ##ticket.solution.description##\n ##ENDIFticket.storestatus##\n ##lang.ticket.numberoffollowups## : ##ticket.numberoffollowups##\n\n##FOREACHfollowups##\n\n [##followup.date##] ##lang.followup.isprivate## : ##followup.isprivate##\n ##lang.followup.author## ##followup.author##\n ##lang.followup.description## ##followup.description##\n ##lang.followup.date## ##followup.date##\n ##lang.followup.requesttype## ##followup.requesttype##\n\n##ENDFOREACHfollowups##\n ##lang.ticket.numberoftasks## : ##ticket.numberoftasks##\n\n##FOREACHtasks##\n\n [##task.date##] ##lang.task.isprivate## : ##task.isprivate##\n ##lang.task.author## ##task.author##\n ##lang.task.description## ##task.description##\n ##lang.task.time## ##task.time##\n ##lang.task.category## ##task.category##\n\n##ENDFOREACHtasks##','<!-- description{ color: inherit; background: #ebebeb; border-style: solid;border-color: #8d8d8d; border-width: 0px 1px 1px 0px; }    -->\n<div>##IFticket.storestatus=5##</div>\n<div>##lang.ticket.url## : <a href=\"##ticket.urlapprove##\">##ticket.urlapprove##</a> <strong>&#160;</strong></div>\n<div><strong>##lang.ticket.autoclosewarning##</strong></div>\n<div><span style=\"color: #888888;\"><strong><span style=\"text-decoration: underline;\">##lang.ticket.solvedate##</span></strong></span> : ##ticket.solvedate##<br /><span style=\"text-decoration: underline; color: #888888;\"><strong>##lang.ticket.solution.type##</strong></span> : ##ticket.solution.type##<br /><span style=\"text-decoration: underline; color: #888888;\"><strong>##lang.ticket.solution.description##</strong></span> : ##ticket.solution.description## ##ENDIFticket.storestatus##</div>\n<div>##ELSEticket.storestatus## ##lang.ticket.url## : <a href=\"##ticket.url##\">##ticket.url##</a> ##ENDELSEticket.storestatus##</div>\n<p class=\"description b\"><strong>##lang.ticket.description##</strong></p>\n<p><span style=\"color: #8b8c8f; font-weight: bold; text-decoration: underline;\"> ##lang.ticket.title##</span>&#160;:##ticket.title## <br /> <span style=\"color: #8b8c8f; font-weight: bold; text-decoration: underline;\"> ##lang.ticket.authors##</span>&#160;:##IFticket.authors## ##ticket.authors## ##ENDIFticket.authors##    ##ELSEticket.authors##--##ENDELSEticket.authors## <br /> <span style=\"color: #8b8c8f; font-weight: bold; text-decoration: underline;\"> ##lang.ticket.creationdate##</span>&#160;:##ticket.creationdate## <br /> <span style=\"color: #8b8c8f; font-weight: bold; text-decoration: underline;\"> ##lang.ticket.closedate##</span>&#160;:##ticket.closedate## <br /> <span style=\"color: #8b8c8f; font-weight: bold; text-decoration: underline;\"> ##lang.ticket.requesttype##</span>&#160;:##ticket.requesttype##<br />\n<br /><span style=\"color: #8b8c8f; font-weight: bold; text-decoration: underline;\"> ##lang.ticket.item.name##</span>&#160;:\n<p>##FOREACHitems##</p>\n<div class=\"description b\">##IFticket.itemtype## ##ticket.itemtype##&#160;- ##ticket.item.name## ##IFticket.item.model## ##lang.ticket.item.model## : ##ticket.item.model## ##ENDIFticket.item.model## ##IFticket.item.serial## ##lang.ticket.item.serial## : ##ticket.item.serial## ##ENDIFticket.item.serial## ##IFticket.item.otherserial## ##lang.ticket.item.otherserial## : ##ticket.item.otherserial## ##ENDIFticket.item.otherserial## ##ENDIFticket.itemtype## </div><br />\n<p>##ENDFOREACHitems##</p>\n##IFticket.assigntousers## <span style=\"color: #8b8c8f; font-weight: bold; text-decoration: underline;\"> ##lang.ticket.assigntousers##</span>&#160;: ##ticket.assigntousers## ##ENDIFticket.assigntousers##<br /> <span style=\"color: #8b8c8f; font-weight: bold; text-decoration: underline;\">##lang.ticket.status## </span>&#160;: ##ticket.status##<br /> ##IFticket.assigntogroups## <span style=\"color: #8b8c8f; font-weight: bold; text-decoration: underline;\"> ##lang.ticket.assigntogroups##</span>&#160;: ##ticket.assigntogroups## ##ENDIFticket.assigntogroups##<br /> <span style=\"color: #8b8c8f; font-weight: bold; text-decoration: underline;\"> ##lang.ticket.urgency##</span>&#160;: ##ticket.urgency##<br /> <span style=\"color: #8b8c8f; font-weight: bold; text-decoration: underline;\"> ##lang.ticket.impact##</span>&#160;: ##ticket.impact##<br /> <span style=\"color: #8b8c8f; font-weight: bold; text-decoration: underline;\"> ##lang.ticket.priority##</span>&#160;: ##ticket.priority## <br /> ##IFticket.user.email##<span style=\"color: #8b8c8f; font-weight: bold; text-decoration: underline;\"> ##lang.ticket.user.email##</span>&#160;: ##ticket.user.email ##ENDIFticket.user.email##    <br /> ##IFticket.category##<span style=\"color: #8b8c8f; font-weight: bold; text-decoration: underline;\">##lang.ticket.category## </span>&#160;:##ticket.category## ##ENDIFticket.category## ##ELSEticket.category## ##lang.ticket.nocategoryassigned## ##ENDELSEticket.category##    <br /> <span style=\"color: #8b8c8f; font-weight: bold; text-decoration: underline;\"> ##lang.ticket.content##</span>&#160;: ##ticket.content##</p>\n<br />##IFticket.storestatus=6##<br /><span style=\"text-decoration: underline;\"><strong><span style=\"color: #888888;\">##lang.ticket.solvedate##</span></strong></span> : ##ticket.solvedate##<br /><span style=\"color: #888888;\"><strong><span style=\"text-decoration: underline;\">##lang.ticket.solution.type##</span></strong></span> : ##ticket.solution.type##<br /><span style=\"text-decoration: underline; color: #888888;\"><strong>##lang.ticket.solution.description##</strong></span> : ##ticket.solution.description##<br />##ENDIFticket.storestatus##</p>\n<div class=\"description b\">##lang.ticket.numberoffollowups##&#160;: ##ticket.numberoffollowups##</div>\n<p>##FOREACHfollowups##</p>\n<div class=\"description b\"><br /> <strong> [##followup.date##] <em>##lang.followup.isprivate## : ##followup.isprivate## </em></strong><br /> <span style=\"color: #8b8c8f; font-weight: bold; text-decoration: underline;\"> ##lang.followup.author## </span> ##followup.author##<br /> <span style=\"color: #8b8c8f; font-weight: bold; text-decoration: underline;\"> ##lang.followup.description## </span> ##followup.description##<br /> <span style=\"color: #8b8c8f; font-weight: bold; text-decoration: underline;\"> ##lang.followup.date## </span> ##followup.date##<br /> <span style=\"color: #8b8c8f; font-weight: bold; text-decoration: underline;\"> ##lang.followup.requesttype## </span> ##followup.requesttype##</div>\n<p>##ENDFOREACHfollowups##</p>\n<div class=\"description b\">##lang.ticket.numberoftasks##&#160;: ##ticket.numberoftasks##</div>\n<p>##FOREACHtasks##</p>\n<div class=\"description b\"><br /> <strong> [##task.date##] <em>##lang.task.isprivate## : ##task.isprivate## </em></strong><br /> <span style=\"color: #8b8c8f; font-weight: bold; text-decoration: underline;\"> ##lang.task.author##</span> ##task.author##<br /> <span style=\"color: #8b8c8f; font-weight: bold; text-decoration: underline;\"> ##lang.task.description##</span> ##task.description##<br /> <span style=\"color: #8b8c8f; font-weight: bold; text-decoration: underline;\"> ##lang.task.time##</span> ##task.time##<br /> <span style=\"color: #8b8c8f; font-weight: bold; text-decoration: underline;\"> ##lang.task.category##</span> ##task.category##</div>\n<p>##ENDFOREACHtasks##</p>'),(5,12,'','##contract.action##  ##contract.entity##','##lang.contract.entity## : ##contract.entity##\n\n##FOREACHcontracts##\n##lang.contract.name## : ##contract.name##\n##lang.contract.number## : ##contract.number##\n##lang.contract.time## : ##contract.time##\n##IFcontract.type####lang.contract.type## : ##contract.type####ENDIFcontract.type##\n##contract.url##\n##ENDFOREACHcontracts##','&lt;p&gt;##lang.contract.entity## : ##contract.entity##&lt;br /&gt;\n&lt;br /&gt;##FOREACHcontracts##&lt;br /&gt;##lang.contract.name## :\n##contract.name##&lt;br /&gt;\n##lang.contract.number## : ##contract.number##&lt;br /&gt;\n##lang.contract.time## : ##contract.time##&lt;br /&gt;\n##IFcontract.type####lang.contract.type## : ##contract.type##\n##ENDIFcontract.type##&lt;br /&gt;\n&lt;a href=\"##contract.url##\"&gt;\n##contract.url##&lt;/a&gt;&lt;br /&gt;\n##ENDFOREACHcontracts##&lt;/p&gt;'),(6,5,'','##ticket.action## ##ticket.title##','##lang.ticket.url## : ##ticket.url##\n\n##lang.ticket.description##\n\n\n##lang.ticket.title##  :##ticket.title##\n\n##lang.ticket.authors##  :##IFticket.authors##\n##ticket.authors## ##ENDIFticket.authors##\n##ELSEticket.authors##--##ENDELSEticket.authors##\n\n##IFticket.category## ##lang.ticket.category##  :##ticket.category##\n##ENDIFticket.category## ##ELSEticket.category##\n##lang.ticket.nocategoryassigned## ##ENDELSEticket.category##\n\n##lang.ticket.content##  : ##ticket.content##\n##IFticket.itemtype##\n##lang.ticket.item.name##  : ##ticket.itemtype## - ##ticket.item.name##\n##ENDIFticket.itemtype##','&lt;div&gt;##lang.ticket.url## : &lt;a href=\"##ticket.url##\"&gt;\n##ticket.url##&lt;/a&gt;&lt;/div&gt;\n&lt;div class=\"description b\"&gt;\n##lang.ticket.description##&lt;/div&gt;\n&lt;p&gt;&lt;span\nstyle=\"color: #8b8c8f; font-weight: bold; text-decoration: underline;\"&gt;\n##lang.ticket.title##&lt;/span&gt;&#160;:##ticket.title##\n&lt;br /&gt; &lt;span style=\"color: #8b8c8f; font-weight: bold; text-decoration: underline;\"&gt;\n##lang.ticket.authors##&lt;/span&gt;\n##IFticket.authors## ##ticket.authors##\n##ENDIFticket.authors##\n##ELSEticket.authors##--##ENDELSEticket.authors##\n&lt;span style=\"color: #8b8c8f; font-weight: bold; text-decoration: underline;\"&gt;&#160\n;&lt;/span&gt;&lt;br /&gt; &lt;span style=\"color: #8b8c8f; font-weight: bold; text-decoration: underline;\"&gt; &lt;/span&gt;\n##IFticket.category##&lt;span style=\"color: #8b8c8f; font-weight: bold; text-decoration: underline;\"&gt;\n##lang.ticket.category## &lt;/span&gt;&#160;:##ticket.category##\n##ENDIFticket.category## ##ELSEticket.category##\n##lang.ticket.nocategoryassigned## ##ENDELSEticket.category##\n&lt;br /&gt; &lt;span style=\"color: #8b8c8f; font-weight: bold; text-decoration: underline;\"&gt;\n##lang.ticket.content##&lt;/span&gt;&#160;:\n##ticket.content##&lt;br /&gt;##IFticket.itemtype##\n&lt;span style=\"color: #8b8c8f; font-weight: bold; text-decoration: underline;\"&gt;\n##lang.ticket.item.name##&lt;/span&gt;&#160;:\n##ticket.itemtype## - ##ticket.item.name##\n##ENDIFticket.itemtype##&lt;/p&gt;'),(7,7,'','##ticket.action## ##ticket.title##','##FOREACHvalidations##\n\n##IFvalidation.storestatus=2##\n##validation.submission.title##\n##lang.validation.commentsubmission## : ##validation.commentsubmission##\n##ENDIFvalidation.storestatus##\n##ELSEvalidation.storestatus## ##validation.answer.title## ##ENDELSEvalidation.storestatus##\n\n##lang.ticket.url## : ##ticket.urlvalidation##\n\n##IFvalidation.status## ##lang.validation.status## : ##validation.status## ##ENDIFvalidation.status##\n##IFvalidation.commentvalidation##\n##lang.validation.commentvalidation## : ##validation.commentvalidation##\n##ENDIFvalidation.commentvalidation##\n##ENDFOREACHvalidations##','&lt;div&gt;##FOREACHvalidations##&lt;/div&gt;\n&lt;p&gt;##IFvalidation.storestatus=2##&lt;/p&gt;\n&lt;div&gt;##validation.submission.title##&lt;/div&gt;\n&lt;div&gt;##lang.validation.commentsubmission## : ##validation.commentsubmission##&lt;/div&gt;\n&lt;div&gt;##ENDIFvalidation.storestatus##&lt;/div&gt;\n&lt;div&gt;##ELSEvalidation.storestatus## ##validation.answer.title## ##ENDELSEvalidation.storestatus##&lt;/div&gt;\n&lt;div&gt;&lt;/div&gt;\n&lt;div&gt;\n&lt;div&gt;##lang.ticket.url## : &lt;a href=\"##ticket.urlvalidation##\"&gt; ##ticket.urlvalidation## &lt;/a&gt;&lt;/div&gt;\n&lt;/div&gt;\n&lt;p&gt;##IFvalidation.status## ##lang.validation.status## : ##validation.status## ##ENDIFvalidation.status##\n&lt;br /&gt; ##IFvalidation.commentvalidation##&lt;br /&gt; ##lang.validation.commentvalidation## :\n&#160; ##validation.commentvalidation##&lt;br /&gt; ##ENDIFvalidation.commentvalidation##\n&lt;br /&gt;##ENDFOREACHvalidations##&lt;/p&gt;'),(8,6,'','##ticket.action## ##ticket.entity##','##lang.ticket.entity## : ##ticket.entity##\n\n##FOREACHtickets##\n\n##lang.ticket.title## : ##ticket.title##\n ##lang.ticket.status## : ##ticket.status##\n\n ##ticket.url##\n ##ENDFOREACHtickets##','&lt;table class=\"tab_cadre\" border=\"1\" cellspacing=\"2\" cellpadding=\"3\"&gt;\n&lt;tbody&gt;\n&lt;tr&gt;\n&lt;td style=\"text-align: left;\" width=\"auto\" bgcolor=\"#cccccc\"&gt;&lt;span style=\"font-size: 11px; text-align: left;\"&gt;##lang.ticket.authors##&lt;/span&gt;&lt;/td&gt;\n&lt;td style=\"text-align: left;\" width=\"auto\" bgcolor=\"#cccccc\"&gt;&lt;span style=\"font-size: 11px; text-align: left;\"&gt;##lang.ticket.title##&lt;/span&gt;&lt;/td&gt;\n&lt;td style=\"text-align: left;\" width=\"auto\" bgcolor=\"#cccccc\"&gt;&lt;span style=\"font-size: 11px; text-align: left;\"&gt;##lang.ticket.priority##&lt;/span&gt;&lt;/td&gt;\n&lt;td style=\"text-align: left;\" width=\"auto\" bgcolor=\"#cccccc\"&gt;&lt;span style=\"font-size: 11px; text-align: left;\"&gt;##lang.ticket.status##&lt;/span&gt;&lt;/td&gt;\n&lt;td style=\"text-align: left;\" width=\"auto\" bgcolor=\"#cccccc\"&gt;&lt;span style=\"font-size: 11px; text-align: left;\"&gt;##lang.ticket.attribution##&lt;/span&gt;&lt;/td&gt;\n&lt;td style=\"text-align: left;\" width=\"auto\" bgcolor=\"#cccccc\"&gt;&lt;span style=\"font-size: 11px; text-align: left;\"&gt;##lang.ticket.creationdate##&lt;/span&gt;&lt;/td&gt;\n&lt;td style=\"text-align: left;\" width=\"auto\" bgcolor=\"#cccccc\"&gt;&lt;span style=\"font-size: 11px; text-align: left;\"&gt;##lang.ticket.content##&lt;/span&gt;&lt;/td&gt;\n&lt;/tr&gt;\n##FOREACHtickets##\n&lt;tr&gt;\n&lt;td width=\"auto\"&gt;&lt;span style=\"font-size: 11px; text-align: left;\"&gt;##ticket.authors##&lt;/span&gt;&lt;/td&gt;\n&lt;td width=\"auto\"&gt;&lt;span style=\"font-size: 11px; text-align: left;\"&gt;&lt;a href=\"##ticket.url##\"&gt;##ticket.title##&lt;/a&gt;&lt;/span&gt;&lt;/td&gt;\n&lt;td width=\"auto\"&gt;&lt;span style=\"font-size: 11px; text-align: left;\"&gt;##ticket.priority##&lt;/span&gt;&lt;/td&gt;\n&lt;td width=\"auto\"&gt;&lt;span style=\"font-size: 11px; text-align: left;\"&gt;##ticket.status##&lt;/span&gt;&lt;/td&gt;\n&lt;td width=\"auto\"&gt;&lt;span style=\"font-size: 11px; text-align: left;\"&gt;##IFticket.assigntousers####ticket.assigntousers##&lt;br /&gt;##ENDIFticket.assigntousers####IFticket.assigntogroups##&lt;br /&gt;##ticket.assigntogroups## ##ENDIFticket.assigntogroups####IFticket.assigntosupplier##&lt;br /&gt;##ticket.assigntosupplier## ##ENDIFticket.assigntosupplier##&lt;/span&gt;&lt;/td&gt;\n&lt;td width=\"auto\"&gt;&lt;span style=\"font-size: 11px; text-align: left;\"&gt;##ticket.creationdate##&lt;/span&gt;&lt;/td&gt;\n&lt;td width=\"auto\"&gt;&lt;span style=\"font-size: 11px; text-align: left;\"&gt;##ticket.content##&lt;/span&gt;&lt;/td&gt;\n&lt;/tr&gt;\n##ENDFOREACHtickets##\n&lt;/tbody&gt;\n&lt;/table&gt;'),(9,9,'','##consumable.action##  ##consumable.entity##','##lang.consumable.entity## : ##consumable.entity##\n\n\n##FOREACHconsumables##\n##lang.consumable.item## : ##consumable.item##\n\n\n##lang.consumable.reference## : ##consumable.reference##\n\n##lang.consumable.remaining## : ##consumable.remaining##\n\n##consumable.url##\n\n##ENDFOREACHconsumables##','&lt;p&gt;\n##lang.consumable.entity## : ##consumable.entity##\n&lt;br /&gt; &lt;br /&gt;##FOREACHconsumables##\n&lt;br /&gt;##lang.consumable.item## : ##consumable.item##&lt;br /&gt;\n&lt;br /&gt;##lang.consumable.reference## : ##consumable.reference##&lt;br /&gt;\n##lang.consumable.remaining## : ##consumable.remaining##&lt;br /&gt;\n&lt;a href=\"##consumable.url##\"&gt; ##consumable.url##&lt;/a&gt;&lt;br /&gt;\n   ##ENDFOREACHconsumables##&lt;/p&gt;'),(10,8,'','##cartridge.action##  ##cartridge.entity##','##lang.cartridge.entity## : ##cartridge.entity##\n\n\n##FOREACHcartridges##\n##lang.cartridge.item## : ##cartridge.item##\n\n\n##lang.cartridge.reference## : ##cartridge.reference##\n\n##lang.cartridge.remaining## : ##cartridge.remaining##\n\n##cartridge.url##\n ##ENDFOREACHcartridges##','&lt;p&gt;##lang.cartridge.entity## : ##cartridge.entity##\n&lt;br /&gt; &lt;br /&gt;##FOREACHcartridges##\n&lt;br /&gt;##lang.cartridge.item## :\n##cartridge.item##&lt;br /&gt; &lt;br /&gt;\n##lang.cartridge.reference## :\n##cartridge.reference##&lt;br /&gt;\n##lang.cartridge.remaining## :\n##cartridge.remaining##&lt;br /&gt;\n&lt;a href=\"##cartridge.url##\"&gt;\n##cartridge.url##&lt;/a&gt;&lt;br /&gt;\n##ENDFOREACHcartridges##&lt;/p&gt;'),(11,10,'','##infocom.action##  ##infocom.entity##','##lang.infocom.entity## : ##infocom.entity##\n\n\n##FOREACHinfocoms##\n\n##lang.infocom.itemtype## : ##infocom.itemtype##\n\n##lang.infocom.item## : ##infocom.item##\n\n\n##lang.infocom.expirationdate## : ##infocom.expirationdate##\n\n##infocom.url##\n ##ENDFOREACHinfocoms##','&lt;p&gt;##lang.infocom.entity## : ##infocom.entity##\n&lt;br /&gt; &lt;br /&gt;##FOREACHinfocoms##\n&lt;br /&gt;##lang.infocom.itemtype## : ##infocom.itemtype##&lt;br /&gt;\n##lang.infocom.item## : ##infocom.item##&lt;br /&gt; &lt;br /&gt;\n##lang.infocom.expirationdate## : ##infocom.expirationdate##\n&lt;br /&gt; &lt;a href=\"##infocom.url##\"&gt;\n##infocom.url##&lt;/a&gt;&lt;br /&gt;\n##ENDFOREACHinfocoms##&lt;/p&gt;'),(12,11,'','##license.action##  ##license.entity##','##lang.license.entity## : ##license.entity##\n\n##FOREACHlicenses##\n\n##lang.license.item## : ##license.item##\n\n##lang.license.serial## : ##license.serial##\n\n##lang.license.expirationdate## : ##license.expirationdate##\n\n##license.url##\n ##ENDFOREACHlicenses##','&lt;p&gt;\n##lang.license.entity## : ##license.entity##&lt;br /&gt;\n##FOREACHlicenses##\n&lt;br /&gt;##lang.license.item## : ##license.item##&lt;br /&gt;\n##lang.license.serial## : ##license.serial##&lt;br /&gt;\n##lang.license.expirationdate## : ##license.expirationdate##\n&lt;br /&gt; &lt;a href=\"##license.url##\"&gt; ##license.url##\n&lt;/a&gt;&lt;br /&gt; ##ENDFOREACHlicenses##&lt;/p&gt;'),(13,13,'','##user.action##','##user.realname## ##user.firstname##\n\n##lang.passwordforget.information##\n\n##lang.passwordforget.link## ##user.passwordforgeturl##','&lt;p&gt;&lt;strong&gt;##user.realname## ##user.firstname##&lt;/strong&gt;&lt;/p&gt;\n&lt;p&gt;##lang.passwordforget.information##&lt;/p&gt;\n&lt;p&gt;##lang.passwordforget.link## &lt;a title=\"##user.passwordforgeturl##\" href=\"##user.passwordforgeturl##\"&gt;##user.passwordforgeturl##&lt;/a&gt;&lt;/p&gt;'),(14,14,'','##ticket.action## ##ticket.title##','##lang.ticket.title## : ##ticket.title##\n\n##lang.ticket.closedate## : ##ticket.closedate##\n\n##lang.satisfaction.text## ##ticket.urlsatisfaction##','&lt;p&gt;##lang.ticket.title## : ##ticket.title##&lt;/p&gt;\n&lt;p&gt;##lang.ticket.closedate## : ##ticket.closedate##&lt;/p&gt;\n&lt;p&gt;##lang.satisfaction.text## &lt;a href=\"##ticket.urlsatisfaction##\"&gt;##ticket.urlsatisfaction##&lt;/a&gt;&lt;/p&gt;'),(15,15,'','##lang.unicity.action##','##lang.unicity.entity## : ##unicity.entity##\n\n##lang.unicity.itemtype## : ##unicity.itemtype##\n\n##lang.unicity.message## : ##unicity.message##\n\n##lang.unicity.action_user## : ##unicity.action_user##\n\n##lang.unicity.action_type## : ##unicity.action_type##\n\n##lang.unicity.date## : ##unicity.date##','&lt;p&gt;##lang.unicity.entity## : ##unicity.entity##&lt;/p&gt;\n&lt;p&gt;##lang.unicity.itemtype## : ##unicity.itemtype##&lt;/p&gt;\n&lt;p&gt;##lang.unicity.message## : ##unicity.message##&lt;/p&gt;\n&lt;p&gt;##lang.unicity.action_user## : ##unicity.action_user##&lt;/p&gt;\n&lt;p&gt;##lang.unicity.action_type## : ##unicity.action_type##&lt;/p&gt;\n&lt;p&gt;##lang.unicity.date## : ##unicity.date##&lt;/p&gt;'),(16,16,'','##crontask.action##','##lang.crontask.warning##\n\n##FOREACHcrontasks##\n ##crontask.name## : ##crontask.description##\n\n##ENDFOREACHcrontasks##','&lt;p&gt;##lang.crontask.warning##&lt;/p&gt;\n&lt;p&gt;##FOREACHcrontasks## &lt;br /&gt;&lt;a href=\"##crontask.url##\"&gt;##crontask.name##&lt;/a&gt; : ##crontask.description##&lt;br /&gt; &lt;br /&gt;##ENDFOREACHcrontasks##&lt;/p&gt;'),(17,17,'','##problem.action## ##problem.title##','##IFproblem.storestatus=5##\n ##lang.problem.url## : ##problem.urlapprove##\n ##lang.problem.solvedate## : ##problem.solvedate##\n ##lang.problem.solution.type## : ##problem.solution.type##\n ##lang.problem.solution.description## : ##problem.solution.description## ##ENDIFproblem.storestatus##\n ##ELSEproblem.storestatus## ##lang.problem.url## : ##problem.url## ##ENDELSEproblem.storestatus##\n\n ##lang.problem.description##\n\n ##lang.problem.title##  :##problem.title##\n ##lang.problem.authors##  :##IFproblem.authors## ##problem.authors## ##ENDIFproblem.authors## ##ELSEproblem.authors##--##ENDELSEproblem.authors##\n ##lang.problem.creationdate##  :##problem.creationdate##\n ##IFproblem.assigntousers## ##lang.problem.assigntousers##  : ##problem.assigntousers## ##ENDIFproblem.assigntousers##\n ##lang.problem.status##  : ##problem.status##\n ##IFproblem.assigntogroups## ##lang.problem.assigntogroups##  : ##problem.assigntogroups## ##ENDIFproblem.assigntogroups##\n ##lang.problem.urgency##  : ##problem.urgency##\n ##lang.problem.impact##  : ##problem.impact##\n ##lang.problem.priority## : ##problem.priority##\n##IFproblem.category## ##lang.problem.category##  :##problem.category## ##ENDIFproblem.category## ##ELSEproblem.category## ##lang.problem.nocategoryassigned## ##ENDELSEproblem.category##\n ##lang.problem.content##  : ##problem.content##\n\n##IFproblem.storestatus=6##\n ##lang.problem.solvedate## : ##problem.solvedate##\n ##lang.problem.solution.type## : ##problem.solution.type##\n ##lang.problem.solution.description## : ##problem.solution.description##\n##ENDIFproblem.storestatus##\n ##lang.problem.numberoffollowups## : ##problem.numberoffollowups##\n\n##FOREACHfollowups##\n\n [##followup.date##] ##lang.followup.isprivate## : ##followup.isprivate##\n ##lang.followup.author## ##followup.author##\n ##lang.followup.description## ##followup.description##\n ##lang.followup.date## ##followup.date##\n ##lang.followup.requesttype## ##followup.requesttype##\n\n##ENDFOREACHfollowups##\n ##lang.problem.numberoftickets## : ##problem.numberoftickets##\n\n##FOREACHtickets##\n [##ticket.date##] ##lang.problem.title## : ##ticket.title##\n ##lang.problem.content## ##ticket.content##\n\n##ENDFOREACHtickets##\n ##lang.problem.numberoftasks## : ##problem.numberoftasks##\n\n##FOREACHtasks##\n [##task.date##]\n ##lang.task.author## ##task.author##\n ##lang.task.description## ##task.description##\n ##lang.task.time## ##task.time##\n ##lang.task.category## ##task.category##\n\n##ENDFOREACHtasks##\n','&lt;p&gt;##IFproblem.storestatus=5##&lt;/p&gt;\n&lt;div&gt;##lang.problem.url## : &lt;a href=\"##problem.urlapprove##\"&gt;##problem.urlapprove##&lt;/a&gt;&lt;/div&gt;\n&lt;div&gt;&lt;span style=\"color: #888888;\"&gt;&lt;strong&gt;&lt;span style=\"text-decoration: underline;\"&gt;##lang.problem.solvedate##&lt;/span&gt;&lt;/strong&gt;&lt;/span&gt; : ##problem.solvedate##&lt;br /&gt;&lt;span style=\"text-decoration: underline; color: #888888;\"&gt;&lt;strong&gt;##lang.problem.solution.type##&lt;/strong&gt;&lt;/span&gt; : ##problem.solution.type##&lt;br /&gt;&lt;span style=\"text-decoration: underline; color: #888888;\"&gt;&lt;strong&gt;##lang.problem.solution.description##&lt;/strong&gt;&lt;/span&gt; : ##problem.solution.description## ##ENDIFproblem.storestatus##&lt;/div&gt;\n&lt;div&gt;##ELSEproblem.storestatus## ##lang.problem.url## : &lt;a href=\"##problem.url##\"&gt;##problem.url##&lt;/a&gt; ##ENDELSEproblem.storestatus##&lt;/div&gt;\n&lt;p class=\"description b\"&gt;&lt;strong&gt;##lang.problem.description##&lt;/strong&gt;&lt;/p&gt;\n&lt;p&gt;&lt;span style=\"color: #8b8c8f; font-weight: bold; text-decoration: underline;\"&gt; ##lang.problem.title##&lt;/span&gt;&#160;:##problem.title## &lt;br /&gt; &lt;span style=\"color: #8b8c8f; font-weight: bold; text-decoration: underline;\"&gt; ##lang.problem.authors##&lt;/span&gt;&#160;:##IFproblem.authors## ##problem.authors## ##ENDIFproblem.authors##    ##ELSEproblem.authors##--##ENDELSEproblem.authors## &lt;br /&gt; &lt;span style=\"color: #8b8c8f; font-weight: bold; text-decoration: underline;\"&gt; ##lang.problem.creationdate##&lt;/span&gt;&#160;:##problem.creationdate## &lt;br /&gt; ##IFproblem.assigntousers## &lt;span style=\"color: #8b8c8f; font-weight: bold; text-decoration: underline;\"&gt; ##lang.problem.assigntousers##&lt;/span&gt;&#160;: ##problem.assigntousers## ##ENDIFproblem.assigntousers##&lt;br /&gt; &lt;span style=\"color: #8b8c8f; font-weight: bold; text-decoration: underline;\"&gt;##lang.problem.status## &lt;/span&gt;&#160;: ##problem.status##&lt;br /&gt; ##IFproblem.assigntogroups## &lt;span style=\"color: #8b8c8f; font-weight: bold; text-decoration: underline;\"&gt; ##lang.problem.assigntogroups##&lt;/span&gt;&#160;: ##problem.assigntogroups## ##ENDIFproblem.assigntogroups##&lt;br /&gt; &lt;span style=\"color: #8b8c8f; font-weight: bold; text-decoration: underline;\"&gt; ##lang.problem.urgency##&lt;/span&gt;&#160;: ##problem.urgency##&lt;br /&gt; &lt;span style=\"color: #8b8c8f; font-weight: bold; text-decoration: underline;\"&gt; ##lang.problem.impact##&lt;/span&gt;&#160;: ##problem.impact##&lt;br /&gt; &lt;span style=\"color: #8b8c8f; font-weight: bold; text-decoration: underline;\"&gt; ##lang.problem.priority##&lt;/span&gt; : ##problem.priority## &lt;br /&gt;##IFproblem.category##&lt;span style=\"color: #8b8c8f; font-weight: bold; text-decoration: underline;\"&gt;##lang.problem.category## &lt;/span&gt;&#160;:##problem.category##  ##ENDIFproblem.category## ##ELSEproblem.category##  ##lang.problem.nocategoryassigned## ##ENDELSEproblem.category##    &lt;br /&gt; &lt;span style=\"color: #8b8c8f; font-weight: bold; text-decoration: underline;\"&gt; ##lang.problem.content##&lt;/span&gt;&#160;: ##problem.content##&lt;/p&gt;\n&lt;p&gt;##IFproblem.storestatus=6##&lt;br /&gt;&lt;span style=\"text-decoration: underline;\"&gt;&lt;strong&gt;&lt;span style=\"color: #888888;\"&gt;##lang.problem.solvedate##&lt;/span&gt;&lt;/strong&gt;&lt;/span&gt; : ##problem.solvedate##&lt;br /&gt;&lt;span style=\"color: #888888;\"&gt;&lt;strong&gt;&lt;span style=\"text-decoration: underline;\"&gt;##lang.problem.solution.type##&lt;/span&gt;&lt;/strong&gt;&lt;/span&gt; : ##problem.solution.type##&lt;br /&gt;&lt;span style=\"text-decoration: underline; color: #888888;\"&gt;&lt;strong&gt;##lang.problem.solution.description##&lt;/strong&gt;&lt;/span&gt; : ##problem.solution.description##&lt;br /&gt;##ENDIFproblem.storestatus##&lt;/p&gt;\n<div class=\"description b\">##lang.problem.numberoffollowups##&#160;: ##problem.numberoffollowups##</div>\n<p>##FOREACHfollowups##</p>\n<div class=\"description b\"><br /> <strong> [##followup.date##] <em>##lang.followup.isprivate## : ##followup.isprivate## </em></strong><br /> <span style=\"color: #8b8c8f; font-weight: bold; text-decoration: underline;\"> ##lang.followup.author## </span> ##followup.author##<br /> <span style=\"color: #8b8c8f; font-weight: bold; text-decoration: underline;\"> ##lang.followup.description## </span> ##followup.description##<br /> <span style=\"color: #8b8c8f; font-weight: bold; text-decoration: underline;\"> ##lang.followup.date## </span> ##followup.date##<br /> <span style=\"color: #8b8c8f; font-weight: bold; text-decoration: underline;\"> ##lang.followup.requesttype## </span> ##followup.requesttype##</div>\n<p>##ENDFOREACHfollowups##</p>\n&lt;div class=\"description b\"&gt;##lang.problem.numberoftickets##&#160;: ##problem.numberoftickets##&lt;/div&gt;\n&lt;p&gt;##FOREACHtickets##&lt;/p&gt;\n&lt;div&gt;&lt;strong&gt; [##ticket.date##] &lt;em&gt;##lang.problem.title## : &lt;a href=\"##ticket.url##\"&gt;##ticket.title## &lt;/a&gt;&lt;/em&gt;&lt;/strong&gt;&lt;br /&gt; &lt;span style=\"color: #8b8c8f; font-weight: bold; text-decoration: underline;\"&gt; &lt;/span&gt;&lt;span style=\"color: #8b8c8f; font-weight: bold; text-decoration: underline;\"&gt;##lang.problem.content## &lt;/span&gt; ##ticket.content##\n&lt;p&gt;##ENDFOREACHtickets##&lt;/p&gt;\n&lt;div class=\"description b\"&gt;##lang.problem.numberoftasks##&#160;: ##problem.numberoftasks##&lt;/div&gt;\n&lt;p&gt;##FOREACHtasks##&lt;/p&gt;\n&lt;div class=\"description b\"&gt;&lt;strong&gt;[##task.date##] &lt;/strong&gt;&lt;br /&gt; &lt;span style=\"color: #8b8c8f; font-weight: bold; text-decoration: underline;\"&gt; ##lang.task.author##&lt;/span&gt; ##task.author##&lt;br /&gt; &lt;span style=\"color: #8b8c8f; font-weight: bold; text-decoration: underline;\"&gt; ##lang.task.description##&lt;/span&gt; ##task.description##&lt;br /&gt; &lt;span style=\"color: #8b8c8f; font-weight: bold; text-decoration: underline;\"&gt; ##lang.task.time##&lt;/span&gt; ##task.time##&lt;br /&gt; &lt;span style=\"color: #8b8c8f; font-weight: bold; text-decoration: underline;\"&gt; ##lang.task.category##&lt;/span&gt; ##task.category##&lt;/div&gt;\n&lt;p&gt;##ENDFOREACHtasks##&lt;/p&gt;\n&lt;/div&gt;'),(18,18,'','##recall.action##: ##recall.item.name##','##recall.action##: ##recall.item.name##\n\n##recall.item.content##\n\n##lang.recall.planning.begin##: ##recall.planning.begin##\n##lang.recall.planning.end##: ##recall.planning.end##\n##lang.recall.planning.state##: ##recall.planning.state##\n##lang.recall.item.private##: ##recall.item.private##','&lt;p&gt;##recall.action##: &lt;a href=\"##recall.item.url##\"&gt;##recall.item.name##&lt;/a&gt;&lt;/p&gt;\n&lt;p&gt;##recall.item.content##&lt;/p&gt;\n&lt;p&gt;##lang.recall.planning.begin##: ##recall.planning.begin##&lt;br /&gt;##lang.recall.planning.end##: ##recall.planning.end##&lt;br /&gt;##lang.recall.planning.state##: ##recall.planning.state##&lt;br /&gt;##lang.recall.item.private##: ##recall.item.private##&lt;br /&gt;&lt;br /&gt;&lt;/p&gt;\n&lt;p&gt;&lt;br /&gt;&lt;br /&gt;&lt;/p&gt;'),(19,19,'','##change.action## ##change.title##','##IFchange.storestatus=5##\n ##lang.change.url## : ##change.urlapprove##\n ##lang.change.solvedate## : ##change.solvedate##\n ##lang.change.solution.type## : ##change.solution.type##\n ##lang.change.solution.description## : ##change.solution.description## ##ENDIFchange.storestatus##\n ##ELSEchange.storestatus## ##lang.change.url## : ##change.url## ##ENDELSEchange.storestatus##\n\n ##lang.change.description##\n\n ##lang.change.title##  :##change.title##\n ##lang.change.authors##  :##IFchange.authors## ##change.authors## ##ENDIFchange.authors## ##ELSEchange.authors##--##ENDELSEchange.authors##\n ##lang.change.creationdate##  :##change.creationdate##\n ##IFchange.assigntousers## ##lang.change.assigntousers##  : ##change.assigntousers## ##ENDIFchange.assigntousers##\n ##lang.change.status##  : ##change.status##\n ##IFchange.assigntogroups## ##lang.change.assigntogroups##  : ##change.assigntogroups## ##ENDIFchange.assigntogroups##\n ##lang.change.urgency##  : ##change.urgency##\n ##lang.change.impact##  : ##change.impact##\n ##lang.change.priority## : ##change.priority##\n##IFchange.category## ##lang.change.category##  :##change.category## ##ENDIFchange.category## ##ELSEchange.category## ##lang.change.nocategoryassigned## ##ENDELSEchange.category##\n ##lang.change.content##  : ##change.content##\n\n##IFchange.storestatus=6##\n ##lang.change.solvedate## : ##change.solvedate##\n ##lang.change.solution.type## : ##change.solution.type##\n ##lang.change.solution.description## : ##change.solution.description##\n##ENDIFchange.storestatus##\n ##lang.change.numberoffollowups## : ##change.numberoffollowups##\n\n##FOREACHfollowups##\n\n [##followup.date##] ##lang.followup.isprivate## : ##followup.isprivate##\n ##lang.followup.author## ##followup.author##\n ##lang.followup.description## ##followup.description##\n ##lang.followup.date## ##followup.date##\n ##lang.followup.requesttype## ##followup.requesttype##\n\n##ENDFOREACHfollowups##\n ##lang.change.numberofproblems## : ##change.numberofproblems##\n\n##FOREACHproblems##\n [##problem.date##] ##lang.change.title## : ##problem.title##\n ##lang.change.content## ##problem.content##\n\n##ENDFOREACHproblems##\n ##lang.change.numberoftasks## : ##change.numberoftasks##\n\n##FOREACHtasks##\n [##task.date##]\n ##lang.task.author## ##task.author##\n ##lang.task.description## ##task.description##\n ##lang.task.time## ##task.time##\n ##lang.task.category## ##task.category##\n\n##ENDFOREACHtasks##\n','&lt;p&gt;##IFchange.storestatus=5##&lt;/p&gt;\n&lt;div&gt;##lang.change.url## : &lt;a href=\"##change.urlapprove##\"&gt;##change.urlapprove##&lt;/a&gt;&lt;/div&gt;\n&lt;div&gt;&lt;span style=\"color: #888888;\"&gt;&lt;strong&gt;&lt;span style=\"text-decoration: underline;\"&gt;##lang.change.solvedate##&lt;/span&gt;&lt;/strong&gt;&lt;/span&gt; : ##change.solvedate##&lt;br /&gt;&lt;span style=\"text-decoration: underline; color: #888888;\"&gt;&lt;strong&gt;##lang.change.solution.type##&lt;/strong&gt;&lt;/span&gt; : ##change.solution.type##&lt;br /&gt;&lt;span style=\"text-decoration: underline; color: #888888;\"&gt;&lt;strong&gt;##lang.change.solution.description##&lt;/strong&gt;&lt;/span&gt; : ##change.solution.description## ##ENDIFchange.storestatus##&lt;/div&gt;\n&lt;div&gt;##ELSEchange.storestatus## ##lang.change.url## : &lt;a href=\"##change.url##\"&gt;##change.url##&lt;/a&gt; ##ENDELSEchange.storestatus##&lt;/div&gt;\n&lt;p class=\"description b\"&gt;&lt;strong&gt;##lang.change.description##&lt;/strong&gt;&lt;/p&gt;\n&lt;p&gt;&lt;span style=\"color: #8b8c8f; font-weight: bold; text-decoration: underline;\"&gt; ##lang.change.title##&lt;/span&gt;&#160;:##change.title## &lt;br /&gt; &lt;span style=\"color: #8b8c8f; font-weight: bold; text-decoration: underline;\"&gt; ##lang.change.authors##&lt;/span&gt;&#160;:##IFchange.authors## ##change.authors## ##ENDIFchange.authors##    ##ELSEchange.authors##--##ENDELSEchange.authors## &lt;br /&gt; &lt;span style=\"color: #8b8c8f; font-weight: bold; text-decoration: underline;\"&gt; ##lang.change.creationdate##&lt;/span&gt;&#160;:##change.creationdate## &lt;br /&gt; ##IFchange.assigntousers## &lt;span style=\"color: #8b8c8f; font-weight: bold; text-decoration: underline;\"&gt; ##lang.change.assigntousers##&lt;/span&gt;&#160;: ##change.assigntousers## ##ENDIFchange.assigntousers##&lt;br /&gt; &lt;span style=\"color: #8b8c8f; font-weight: bold; text-decoration: underline;\"&gt;##lang.change.status## &lt;/span&gt;&#160;: ##change.status##&lt;br /&gt; ##IFchange.assigntogroups## &lt;span style=\"color: #8b8c8f; font-weight: bold; text-decoration: underline;\"&gt; ##lang.change.assigntogroups##&lt;/span&gt;&#160;: ##change.assigntogroups## ##ENDIFchange.assigntogroups##&lt;br /&gt; &lt;span style=\"color: #8b8c8f; font-weight: bold; text-decoration: underline;\"&gt; ##lang.change.urgency##&lt;/span&gt;&#160;: ##change.urgency##&lt;br /&gt; &lt;span style=\"color: #8b8c8f; font-weight: bold; text-decoration: underline;\"&gt; ##lang.change.impact##&lt;/span&gt;&#160;: ##change.impact##&lt;br /&gt; &lt;span style=\"color: #8b8c8f; font-weight: bold; text-decoration: underline;\"&gt; ##lang.change.priority##&lt;/span&gt; : ##change.priority## &lt;br /&gt;##IFchange.category##&lt;span style=\"color: #8b8c8f; font-weight: bold; text-decoration: underline;\"&gt;##lang.change.category## &lt;/span&gt;&#160;:##change.category##  ##ENDIFchange.category## ##ELSEchange.category##  ##lang.change.nocategoryassigned## ##ENDELSEchange.category##    &lt;br /&gt; &lt;span style=\"color: #8b8c8f; font-weight: bold; text-decoration: underline;\"&gt; ##lang.change.content##&lt;/span&gt;&#160;: ##change.content##&lt;/p&gt;\n&lt;p&gt;##IFchange.storestatus=6##&lt;br /&gt;&lt;span style=\"text-decoration: underline;\"&gt;&lt;strong&gt;&lt;span style=\"color: #888888;\"&gt;##lang.change.solvedate##&lt;/span&gt;&lt;/strong&gt;&lt;/span&gt; : ##change.solvedate##&lt;br /&gt;&lt;span style=\"color: #888888;\"&gt;&lt;strong&gt;&lt;span style=\"text-decoration: underline;\"&gt;##lang.change.solution.type##&lt;/span&gt;&lt;/strong&gt;&lt;/span&gt; : ##change.solution.type##&lt;br /&gt;&lt;span style=\"text-decoration: underline; color: #888888;\"&gt;&lt;strong&gt;##lang.change.solution.description##&lt;/strong&gt;&lt;/span&gt; : ##change.solution.description##&lt;br /&gt;##ENDIFchange.storestatus##&lt;/p&gt;\n<div class=\"description b\">##lang.change.numberoffollowups##&#160;: ##change.numberoffollowups##</div>\n<p>##FOREACHfollowups##</p>\n<div class=\"description b\"><br /> <strong> [##followup.date##] <em>##lang.followup.isprivate## : ##followup.isprivate## </em></strong><br /> <span style=\"color: #8b8c8f; font-weight: bold; text-decoration: underline;\"> ##lang.followup.author## </span> ##followup.author##<br /> <span style=\"color: #8b8c8f; font-weight: bold; text-decoration: underline;\"> ##lang.followup.description## </span> ##followup.description##<br /> <span style=\"color: #8b8c8f; font-weight: bold; text-decoration: underline;\"> ##lang.followup.date## </span> ##followup.date##<br /> <span style=\"color: #8b8c8f; font-weight: bold; text-decoration: underline;\"> ##lang.followup.requesttype## </span> ##followup.requesttype##</div>\n<p>##ENDFOREACHfollowups##</p>\n&lt;div class=\"description b\"&gt;##lang.change.numberofproblems##&#160;: ##change.numberofproblems##&lt;/div&gt;\n&lt;p&gt;##FOREACHproblems##&lt;/p&gt;\n&lt;div&gt;&lt;strong&gt; [##problem.date##] &lt;em&gt;##lang.change.title## : &lt;a href=\"##problem.url##\"&gt;##problem.title## &lt;/a&gt;&lt;/em&gt;&lt;/strong&gt;&lt;br /&gt; &lt;span style=\"color: #8b8c8f; font-weight: bold; text-decoration: underline;\"&gt; &lt;/span&gt;&lt;span style=\"color: #8b8c8f; font-weight: bold; text-decoration: underline;\"&gt;##lang.change.content## &lt;/span&gt; ##problem.content##\n&lt;p&gt;##ENDFOREACHproblems##&lt;/p&gt;\n&lt;div class=\"description b\"&gt;##lang.change.numberoftasks##&#160;: ##change.numberoftasks##&lt;/div&gt;\n&lt;p&gt;##FOREACHtasks##&lt;/p&gt;\n&lt;div class=\"description b\"&gt;&lt;strong&gt;[##task.date##] &lt;/strong&gt;&lt;br /&gt; &lt;span style=\"color: #8b8c8f; font-weight: bold; text-decoration: underline;\"&gt; ##lang.task.author##&lt;/span&gt; ##task.author##&lt;br /&gt; &lt;span style=\"color: #8b8c8f; font-weight: bold; text-decoration: underline;\"&gt; ##lang.task.description##&lt;/span&gt; ##task.description##&lt;br /&gt; &lt;span style=\"color: #8b8c8f; font-weight: bold; text-decoration: underline;\"&gt; ##lang.task.time##&lt;/span&gt; ##task.time##&lt;br /&gt; &lt;span style=\"color: #8b8c8f; font-weight: bold; text-decoration: underline;\"&gt; ##lang.task.category##&lt;/span&gt; ##task.category##&lt;/div&gt;\n&lt;p&gt;##ENDFOREACHtasks##&lt;/p&gt;\n&lt;/div&gt;'),(20,20,'','##mailcollector.action##','##FOREACHmailcollectors##\n##lang.mailcollector.name## : ##mailcollector.name##\n##lang.mailcollector.errors## : ##mailcollector.errors##\n##mailcollector.url##\n##ENDFOREACHmailcollectors##','&lt;p&gt;##FOREACHmailcollectors##&lt;br /&gt;##lang.mailcollector.name## : ##mailcollector.name##&lt;br /&gt; ##lang.mailcollector.errors## : ##mailcollector.errors##&lt;br /&gt;&lt;a href=\"##mailcollector.url##\"&gt;##mailcollector.url##&lt;/a&gt;&lt;br /&gt; ##ENDFOREACHmailcollectors##&lt;/p&gt;\n&lt;p&gt;&lt;/p&gt;'),(21,21,'','##project.action## ##project.name## ##project.code##','##lang.project.url## : ##project.url##\n\n##lang.project.description##\n\n##lang.project.name## : ##project.name##\n##lang.project.code## : ##project.code##\n##lang.project.manager## : ##project.manager##\n##lang.project.managergroup## : ##project.managergroup##\n##lang.project.creationdate## : ##project.creationdate##\n##lang.project.priority## : ##project.priority##\n##lang.project.state## : ##project.state##\n##lang.project.type## : ##project.type##\n##lang.project.description## : ##project.description##\n\n##lang.project.numberoftasks## : ##project.numberoftasks##\n\n\n\n##FOREACHtasks##\n\n[##task.creationdate##]\n##lang.task.name## : ##task.name##\n##lang.task.state## : ##task.state##\n##lang.task.type## : ##task.type##\n##lang.task.percent## : ##task.percent##\n##lang.task.description## : ##task.description##\n\n##ENDFOREACHtasks##','&lt;p&gt;##lang.project.url## : &lt;a href=\"##project.url##\"&gt;##project.url##&lt;/a&gt;&lt;/p&gt;\n&lt;p&gt;&lt;strong&gt;##lang.project.description##&lt;/strong&gt;&lt;/p&gt;\n&lt;p&gt;##lang.project.name## : ##project.name##&lt;br /&gt;##lang.project.code## : ##project.code##&lt;br /&gt; ##lang.project.manager## : ##project.manager##&lt;br /&gt;##lang.project.managergroup## : ##project.managergroup##&lt;br /&gt; ##lang.project.creationdate## : ##project.creationdate##&lt;br /&gt;##lang.project.priority## : ##project.priority## &lt;br /&gt;##lang.project.state## : ##project.state##&lt;br /&gt;##lang.project.type## : ##project.type##&lt;br /&gt;##lang.project.description## : ##project.description##&lt;/p&gt;\n&lt;p&gt;##lang.project.numberoftasks## : ##project.numberoftasks##&lt;/p&gt;\n&lt;div&gt;\n&lt;p&gt;##FOREACHtasks##&lt;/p&gt;\n&lt;div&gt;&lt;strong&gt;[##task.creationdate##] &lt;/strong&gt;&lt;br /&gt; ##lang.task.name## : ##task.name##&lt;br /&gt;##lang.task.state## : ##task.state##&lt;br /&gt;##lang.task.type## : ##task.type##&lt;br /&gt;##lang.task.percent## : ##task.percent##&lt;br /&gt;##lang.task.description## : ##task.description##&lt;/div&gt;\n&lt;p&gt;##ENDFOREACHtasks##&lt;/p&gt;\n&lt;/div&gt;'),(22,22,'','##projecttask.action## ##projecttask.name##','##lang.projecttask.url## : ##projecttask.url##\n\n##lang.projecttask.description##\n\n##lang.projecttask.name## : ##projecttask.name##\n##lang.projecttask.project## : ##projecttask.project##\n##lang.projecttask.creationdate## : ##projecttask.creationdate##\n##lang.projecttask.state## : ##projecttask.state##\n##lang.projecttask.type## : ##projecttask.type##\n##lang.projecttask.description## : ##projecttask.description##\n\n##lang.projecttask.numberoftasks## : ##projecttask.numberoftasks##\n\n\n\n##FOREACHtasks##\n\n[##task.creationdate##]\n##lang.task.name## : ##task.name##\n##lang.task.state## : ##task.state##\n##lang.task.type## : ##task.type##\n##lang.task.percent## : ##task.percent##\n##lang.task.description## : ##task.description##\n\n##ENDFOREACHtasks##','&lt;p&gt;##lang.projecttask.url## : &lt;a href=\"##projecttask.url##\"&gt;##projecttask.url##&lt;/a&gt;&lt;/p&gt;\n&lt;p&gt;&lt;strong&gt;##lang.projecttask.description##&lt;/strong&gt;&lt;/p&gt;\n&lt;p&gt;##lang.projecttask.name## : ##projecttask.name##&lt;br /&gt;##lang.projecttask.project## : &lt;a href=\"##projecttask.projecturl##\"&gt;##projecttask.project##&lt;/a&gt;&lt;br /&gt;##lang.projecttask.creationdate## : ##projecttask.creationdate##&lt;br /&gt;##lang.projecttask.state## : ##projecttask.state##&lt;br /&gt;##lang.projecttask.type## : ##projecttask.type##&lt;br /&gt;##lang.projecttask.description## : ##projecttask.description##&lt;/p&gt;\n&lt;p&gt;##lang.projecttask.numberoftasks## : ##projecttask.numberoftasks##&lt;/p&gt;\n&lt;div&gt;\n&lt;p&gt;##FOREACHtasks##&lt;/p&gt;\n&lt;div&gt;&lt;strong&gt;[##task.creationdate##] &lt;/strong&gt;&lt;br /&gt;##lang.task.name## : ##task.name##&lt;br /&gt;##lang.task.state## : ##task.state##&lt;br /&gt;##lang.task.type## : ##task.type##&lt;br /&gt;##lang.task.percent## : ##task.percent##&lt;br /&gt;##lang.task.description## : ##task.description##&lt;/div&gt;\n&lt;p&gt;##ENDFOREACHtasks##&lt;/p&gt;\n&lt;/div&gt;'),(23,23,'','##objectlock.action##','##objectlock.type## ###objectlock.id## - ##objectlock.name##\n\n      ##lang.objectlock.url##\n      ##objectlock.url##\n\n      ##lang.objectlock.date_mod##\n      ##objectlock.date_mod##\n\n      Hello ##objectlock.lockedby.firstname##,\n      Could go to this item and unlock it for me?\n      Thank you,\n      Regards,\n      ##objectlock.requester.firstname##','&lt;table&gt;\n      &lt;tbody&gt;\n      &lt;tr&gt;&lt;th colspan=\"2\"&gt;&lt;a href=\"##objectlock.url##\"&gt;##objectlock.type## ###objectlock.id## - ##objectlock.name##&lt;/a&gt;&lt;/th&gt;&lt;/tr&gt;\n      &lt;tr&gt;\n      &lt;td&gt;##lang.objectlock.url##&lt;/td&gt;\n      &lt;td&gt;##objectlock.url##&lt;/td&gt;\n      &lt;/tr&gt;\n      &lt;tr&gt;\n      &lt;td&gt;##lang.objectlock.date_mod##&lt;/td&gt;\n      &lt;td&gt;##objectlock.date_mod##&lt;/td&gt;\n      &lt;/tr&gt;\n      &lt;/tbody&gt;\n      &lt;/table&gt;\n      &lt;p&gt;&lt;span style=\"font-size: small;\"&gt;Hello ##objectlock.lockedby.firstname##,&lt;br /&gt;Could go to this item and unlock it for me?&lt;br /&gt;Thank you,&lt;br /&gt;Regards,&lt;br /&gt;##objectlock.requester.firstname## ##objectlock.requester.lastname##&lt;/span&gt;&lt;/p&gt;'),(24,24,'','##savedsearch.action## ##savedsearch.name##','##savedsearch.type## ###savedsearch.id## - ##savedsearch.name##\n\n      ##savedsearch.message##\n\n      ##lang.savedsearch.url##\n      ##savedsearch.url##\n\n      Regards,','&lt;table&gt;\n      &lt;tbody&gt;\n      &lt;tr&gt;&lt;th colspan=\"2\"&gt;&lt;a href=\"##savedsearch.url##\"&gt;##savedsearch.type## ###savedsearch.id## - ##savedsearch.name##&lt;/a&gt;&lt;/th&gt;&lt;/tr&gt;\n      &lt;tr&gt;&lt;td colspan=\"2\"&gt;&lt;a href=\"##savedsearch.url##\"&gt;##savedsearch.message##&lt;/a&gt;&lt;/td&gt;&lt;/tr&gt;\n      &lt;tr&gt;\n      &lt;td&gt;##lang.savedsearch.url##&lt;/td&gt;\n      &lt;td&gt;##savedsearch.url##&lt;/td&gt;\n      &lt;/tr&gt;\n      &lt;/tbody&gt;\n      &lt;/table&gt;\n      &lt;p&gt;&lt;span style=\"font-size: small;\"&gt;Hello &lt;br /&gt;Regards,&lt;/span&gt;&lt;/p&gt;'),(25,25,'','##certificate.action##  ##certificate.entity##','##lang.certificate.entity## : ##certificate.entity##\n\n##FOREACHcertificates##\n\n##lang.certificate.serial## : ##certificate.serial##\n\n##lang.certificate.expirationdate## : ##certificate.expirationdate##\n\n##certificate.url##\n ##ENDFOREACHcertificates##','&lt;p&gt;\n##lang.certificate.entity## : ##certificate.entity##&lt;br /&gt;\n##FOREACHcertificates##\n&lt;br /&gt;##lang.certificate.name## : ##certificate.name##&lt;br /&gt;\n##lang.certificate.serial## : ##certificate.serial##&lt;br /&gt;\n##lang.certificate.expirationdate## : ##certificate.expirationdate##\n&lt;br /&gt; &lt;a href=\"##certificate.url##\"&gt; ##certificate.url##\n&lt;/a&gt;&lt;br /&gt; ##ENDFOREACHcertificates##&lt;/p&gt;'),(26,26,'','##domain.action## : ##domain.entity##','##lang.domain.entity## :##domain.entity##\n   ##FOREACHdomains##\n   ##lang.domain.name## : ##domain.name## - ##lang.domain.dateexpiration## : ##domain.dateexpiration##\n   ##ENDFOREACHdomains##','&lt;p&gt;##lang.domain.entity## :##domain.entity##&lt;br /&gt; &lt;br /&gt;\n                        ##FOREACHdomains##&lt;br /&gt;\n                        ##lang.domain.name##  : ##domain.name## - ##lang.domain.dateexpiration## :  ##domain.dateexpiration##&lt;br /&gt;\n                        ##ENDFOREACHdomains##&lt;/p&gt;'),(27,27,'','##user.action##','##user.realname## ##user.firstname##,\n\n##IFuser.password.has_expired=1##\n##lang.password.has_expired.information##\n##ENDIFuser.password.has_expired##\n##ELSEuser.password.has_expired##\n##lang.password.expires_soon.information##\n##ENDELSEuser.password.has_expired##\n##lang.user.password.expiration.date##: ##user.password.expiration.date##\n##IFuser.account.lock.date##\n##lang.user.account.lock.date##: ##user.account.lock.date##\n##ENDIFuser.account.lock.date##\n\n##password.update.link## ##user.password.update.url##','&lt;p&gt;&lt;strong&gt;##user.realname## ##user.firstname##&lt;/strong&gt;&lt;/p&gt;\n\n##IFuser.password.has_expired=1##\n&lt;p&gt;##lang.password.has_expired.information##&lt;/p&gt;\n##ENDIFuser.password.has_expired##\n##ELSEuser.password.has_expired##\n&lt;p&gt;##lang.password.expires_soon.information##&lt;/p&gt;\n##ENDELSEuser.password.has_expired##\n&lt;p&gt;##lang.user.password.expiration.date##: ##user.password.expiration.date##&lt;/p&gt;\n##IFuser.account.lock.date##\n&lt;p&gt;##lang.user.account.lock.date##: ##user.account.lock.date##&lt;/p&gt;\n##ENDIFuser.account.lock.date##\n\n&lt;p&gt;##lang.password.update.link## &lt;a href=\"##user.password.update.url##\"&gt;##user.password.update.url##&lt;/a&gt;&lt;/p&gt;'),(28,28,'','##lang.plugins_updates_available##','##lang.plugins_updates_available##\n\n##FOREACHplugins##\n##plugin.name## :##plugin.old_version## -&gt; ##plugin.version##\n##ENDFOREACHplugins##','&lt;p&gt;##lang.plugins_updates_available##&lt;/p&gt;\n&lt;ul&gt;##FOREACHplugins##\n&lt;li&gt;##plugin.name## :##plugin.old_version## -&gt; ##plugin.version##&lt;/li&gt;\n##ENDFOREACHplugins##&lt;/ul&gt;');

--
-- Table structure for table `glpi_notimportedemails`
--

CREATE TABLE `glpi_notimportedemails` (
  `id` int(11) NOT NULL AUTO_INCREMENT,
  `from` varchar(255) NOT NULL,
  `to` varchar(255) NOT NULL,
  `mailcollectors_id` int(11) NOT NULL DEFAULT 0,
  `date` timestamp NOT NULL DEFAULT current_timestamp(),
  `subject` text DEFAULT NULL,
  `messageid` varchar(255) NOT NULL,
  `reason` int(11) NOT NULL DEFAULT 0,
  `users_id` int(11) NOT NULL DEFAULT 0,
  PRIMARY KEY (`id`),
  KEY `users_id` (`users_id`),
  KEY `mailcollectors_id` (`mailcollectors_id`)
) ENGINE=InnoDB DEFAULT CHARSET=latin1;

--
-- Dumping data for table `glpi_notimportedemails`
--


--
-- Table structure for table `glpi_objectlocks`
--

CREATE TABLE `glpi_objectlocks` (
  `id` int(11) NOT NULL AUTO_INCREMENT,
  `itemtype` varchar(100) COLLATE utf8_unicode_ci NOT NULL COMMENT 'Type of locked object',
  `items_id` int(11) NOT NULL COMMENT 'RELATION to various tables, according to itemtype (ID)',
  `users_id` int(11) NOT NULL COMMENT 'id of the locker',
  `date_mod` timestamp NOT NULL DEFAULT current_timestamp() ON UPDATE current_timestamp() COMMENT 'Timestamp of the lock',
  PRIMARY KEY (`id`),
  UNIQUE KEY `item` (`itemtype`,`items_id`)
) ENGINE=InnoDB DEFAULT CHARSET=utf8 COLLATE=utf8_unicode_ci;

--
-- Dumping data for table `glpi_objectlocks`
--


--
-- Table structure for table `glpi_olalevelactions`
--

